{"id":10002,"date":"2023-10-12T13:30:32","date_gmt":"2023-10-12T11:30:32","guid":{"rendered":"https:\/\/mama-niemowlaka.pl\/sklep\/?post_type=product&#038;p=10002"},"modified":"2024-07-21T18:26:55","modified_gmt":"2024-07-21T16:26:55","slug":"kombinezon-z-misia-dla-niemowlaka-niebieski","status":"publish","type":"product","link":"https:\/\/mama-niemowlaka.pl\/sklep\/produkt\/ubranka-niemowlece\/kombinezony-dla-niemowlat\/kombinezon-z-misia-dla-niemowlaka-niebieski\/","title":{"rendered":"Kombinezon dla niemowlaka ch\u0142opca &#8211; niebieski mi\u015b"},"content":{"rendered":"<h2 data-pm-slice=\"1 1 []\">Przej\u015bciowy kombinezon niemowl\u0119cy &#8211; mi\u0119kki kombinezon z misia dla niemowlaka<\/h2>\n<p>Wybieraj\u0105c kombinezon dla niemowlaka nale\u017cy dopasowa\u0107 go do odpowiedniej pory roku i temperatury panuj\u0105cej na zewn\u0105trz. Jest to szczeg\u00f3lnie wa\u017cne w aspekcie przegrzania dziecka, czego staramy si\u0119 unika\u0107. Nie wa\u017cne czy wybieramy kombinezon zimowy czy kombinezon przej\u015bciowy niemowl\u0119cy. Jeden i drugi powinien posiada\u0107 pewne elementy, kt\u00f3re zabezpiecz\u0105 Twoje dziecko przed ch\u0142odem. Kombinezon dzieci\u0119cy z kapturem skutecznie chroni g\u0142\u00f3wk\u0119 male\u0144stwa przed ch\u0142odem, wiatrem i opadami. Warto tez wybra\u0107 kombinezon dzieci\u0119cy, kt\u00f3ry ma nogawki wyko\u0144czone st\u00f3pkami, male\u0144stwo wtedy nie potrzebuje bucik\u00f3w.<\/p>\n<p>Kombinezon mi\u015b niebieski to idealny wyb\u00f3r r\u00f3wnie\u017c na prezent! Jeste\u015bmy rodzicami sami i gor\u0105co polecamy ten produkt!<\/p>\n<h2>Kombinezon dla noworodka na wyj\u015bcie ze szpitala<\/h2>\n<p>Jednocz\u0119\u015bciowy kombinezon niemowl\u0119cy to idealne ubranko na wyj\u015bcie ze szpitala dla noworodka. Wybieraj zawsze kombinezon dla noworodka w odpowiednim rozmiarze lub ewentualnie o jeden rozmiar wi\u0119kszy. Noworodki maj\u0105 przewa\u017cnie rozmiar 56 lub 62. Niestety w tym przypadku nie mo\u017cna kupi\u0107 ubrania na zapas. Zar\u00f3wno przej\u015bciowy kombinezon niemowl\u0119cy jak i zimowy kombinezon je\u017celi b\u0119dzie za du\u017cy to mo\u017ce doj\u015b\u0107 do wych\u0142odzenia cia\u0142a maluszka.<\/p>\n<h2>Kombinezony dla niemowl\u0105t w sklepie <a href=\"https:\/\/mama-niemowlaka.pl\">mama-niemowlaka.pl<\/a><\/h2>\n<p>Je\u015bli szukasz ubranek dla swojego niemowlaka, to <a href=\"https:\/\/mama-niemowlaka.pl\">mama-niemowlaka.pl<\/a> jest idealnym miejscem dla Ciebie. Oferujemy szeroki wyb\u00f3r ubranek dla niemowl\u0105t. Nasze produkty s\u0105 starannie wyselekcjonowane, aby zapewni\u0107 maksymalny komfort i bezpiecze\u0144stwo Twojemu dziecku. W naszym sklepie mo\u017cesz znale\u017a\u0107 urocze kombinezony dzieci\u0119ce zar\u00f3wno ciep\u0142y kombinezon na zim\u0119 jak i kombinezon wiosenny czy kombinezony niemowl\u0119ce na ch\u0142odne dni. Dodatkowo, oferujemy szybk\u0105 dostaw\u0119 (w ci\u0105gu 48 godzin), darmow\u0105 wymian\u0119 oraz mo\u017cliwo\u015b\u0107 zwrotu w ci\u0105gu 14 dni. A je\u015bli Tw\u00f3j zakup przekroczy 249 PLN, masz darmow\u0105 dostaw\u0119!<\/p>\n<p>Nie tra\u0107 ju\u017c wi\u0119cej czasu na przeszukiwanie innych sklep\u00f3w &#8211; <a href=\"https:\/\/mama-niemowlaka.pl\">mama-niemowlaka.pl<\/a> ma wszystko, czego potrzebujesz! Skorzystaj teraz z naszych us\u0142ug i sprawd\u017a nasz\u0105 ofert\u0119 ju\u017c dzi\u015b! Kup ju\u017c dzi\u015b idealny ciep\u0142y kombinezon dla niemowlaka.<\/p>\n","protected":false},"excerpt":{"rendered":"<p data-pm-slice=\"1 1 []\">Kombinezon mi\u015b dla niemowlaka w kolorze niebieskim z mi\u0119kkiego materia\u0142u futerkowego. Ten uroczy jednocz\u0119\u015bciowy kombinezon niemowl\u0119cy ma swobodny kr\u00f3j z zabudowanymi st\u00f3pkami, co sprawia, \u017ce jest nie tylko wygodny, ale tak\u017ce funkcjonalny. Mo\u017cna go ca\u0142kowicie rozpi\u0105\u0107 przy szyjce oraz w kroczku, dzi\u0119ki czemu ubranko jest \u0142atwe do za\u0142o\u017cenia i zdejmowania. Kombinezon mi\u015b niebieski posiada obszerny i efektowny kaptur ozdobiony uroczymi uszkami. Zewn\u0119trzna warstwa tego kombinezonu dla ch\u0142opca to wysokiej jako\u015bci futerko w pi\u0119knym niebieskim kolorze. Co wi\u0119cej, futerko jest dwustronne, wi\u0119c zar\u00f3wno na zewn\u0105trz jak i w \u015brodku jest przyjemnie mi\u0119kkie i puszyste.<\/p>\n<p>Mi\u0119kki kombinezon mi\u015b doskonale nadaje si\u0119 na wyj\u015bcia i spacery w ch\u0142odne dni. Zapewni Twojemu dziecku ciep\u0142o i ochron\u0119 przed wiatrem. Doskonale sprawdzi si\u0119 tak\u017ce podczas spacer\u00f3w, poniewa\u017c jego plecki b\u0119d\u0105 przez ca\u0142\u0105 zabaw\u0119 przykryte. A nawet gdy wracasz do domu po wieczornej przechadzce, nasz jesienny kombinezon niemowl\u0119cy zapewni Twojemu maluszkowi mi\u0142e ciep\u0142o.<\/p>\n<p>Mi\u0119kki kombinezon mi\u015b dost\u0119pny jest w trzech rozmiarach: 62,68 i 74.<\/p>\n<p>Sk\u0142ad: 100% poliester<\/p>\n","protected":false},"featured_media":10519,"template":"","meta":[],"product_brand":[],"product_cat":[78,217,57],"product_tag":[145,211,339,242,231,338],"class_list":{"0":"post-10002","1":"product","2":"type-product","3":"status-publish","4":"has-post-thumbnail","6":"product_cat-kombinezony-dla-niemowlat","7":"product_cat-okrycia-wierzchnie","8":"product_cat-ubranka-niemowlece","9":"product_tag-ubranka-dla-niemowlat-chlopca","10":"product_tag-kombinezon","11":"product_tag-kombinezon-dla-noworodka","12":"product_tag-kombinezon-futerkowy","13":"product_tag-kombinezon-niemowlecy-jesienny","14":"product_tag-kombinezon-niemowlecy-wiosenny","15":"product_shipping_class-duza","16":"pa_rozmiar-312","17":"pa_rozmiar-313","18":"pa_rozmiar-314","20":"first","21":"outofstock","22":"taxable","23":"shipping-taxable","24":"product-type-variable","25":"has-default-attributes","26":"wvs-archive-product-wrapper"},"_links":{"self":[{"href":"https:\/\/mama-niemowlaka.pl\/sklep\/wp-json\/wp\/v2\/product\/10002","targetHints":{"allow":["GET"]}}],"collection":[{"href":"https:\/\/mama-niemowlaka.pl\/sklep\/wp-json\/wp\/v2\/product"}],"about":[{"href":"https:\/\/mama-niemowlaka.pl\/sklep\/wp-json\/wp\/v2\/types\/product"}],"wp:featuredmedia":[{"embeddable":true,"href":"https:\/\/mama-niemowlaka.pl\/sklep\/wp-json\/wp\/v2\/media\/10519"}],"wp:attachment":[{"href":"https:\/\/mama-niemowlaka.pl\/sklep\/wp-json\/wp\/v2\/media?parent=10002"}],"wp:term":[{"taxonomy":"product_brand","embeddable":true,"href":"https:\/\/mama-niemowlaka.pl\/sklep\/wp-json\/wp\/v2\/product_brand?post=10002"},{"taxonomy":"product_cat","embeddable":true,"href":"https:\/\/mama-niemowlaka.pl\/sklep\/wp-json\/wp\/v2\/product_cat?post=10002"},{"taxonomy":"product_tag","embeddable":true,"href":"https:\/\/mama-niemowlaka.pl\/sklep\/wp-json\/wp\/v2\/product_tag?post=10002"}],"curies":[{"name":"wp","href":"https:\/\/api.w.org\/{rel}","templated":true}]}}