{"id":10218,"date":"2023-12-29T18:05:46","date_gmt":"2023-12-29T17:05:46","guid":{"rendered":"https:\/\/mama-niemowlaka.pl\/sklep\/?post_type=product&#038;p=10218"},"modified":"2024-07-26T21:24:39","modified_gmt":"2024-07-26T19:24:39","slug":"polspiochy-bez-stopek-niebieskie","status":"publish","type":"product","link":"https:\/\/mama-niemowlaka.pl\/sklep\/produkt\/ubranka-niemowlece\/polspiochy\/polspiochy-bez-stopek-niebieskie\/","title":{"rendered":"P\u00f3\u0142\u015bpiochy bez st\u00f3pek z bawe\u0142ny organicznej &#8211; niebieskie"},"content":{"rendered":"<h2 data-pm-slice=\"1 1 []\"><strong>Bezuciskowe p\u00f3\u0142spiochy dla niemowlaka bez st\u00f3pek z bawe\u0142ny organicznej<\/strong><\/h2>\n<p data-pm-slice=\"1 1 []\">Wygodne <a href=\"https:\/\/mama-niemowlaka.pl\/sklep\/produkt\/ubranka-niemowlece\/polspiochy\/polspiochy-bez-stopek-niebieskie\/\" target=\"_blank\" rel=\"noopener\"><strong>p\u00f3\u0142\u015bpiochy bez st\u00f3pek<\/strong><\/a> to jedne z najpopularniejszych, komfortowych ubranek dla noworodka i niemowlaka. Odpowiednie p\u00f3\u0142\u015bpiochy dla dziewczynki powinny zapewnia\u0107 komfort termiczny oraz nie uciska\u0107 brzuszka niemowlaka.<\/p>\n<p>Bezuciskowe <a href=\"https:\/\/mama-niemowlaka.pl\/sklep\/produkt\/ubranka-niemowlece\/polspiochy\/polspiochy-bez-stopek-niebieskie\/\" target=\"_blank\" rel=\"noopener\"><strong>p\u00f3\u0142\u015bpiochy bez st\u00f3pek<\/strong><\/a> uszyte z mi\u0119kkiej bawe\u0142ny organicznej w kolorze niebieskim w groszki. Te przewiewne i wygodne p\u00f3\u0142\u015bpiochy dla dziewczynki bez st\u00f3pek posiadaj\u0105 szeroki \u015bci\u0105gacz na brzuszku, kt\u00f3ry nie uciska brzuszka niemowlaka dzi\u0119ki temu Twoje dziecko ma komfort noszenia. Bawe\u0142na organiczna, z kt\u00f3rej zosta\u0142y uszyte p\u00f3\u0142\u015bpiochy niemowl\u0119ce bez st\u00f3pek jest odpowiednia dla delikatnej sk\u00f3ry niemowlaka. P\u00f3\u0142\u015bpiochy dla dziewczynek to obowi\u0105zkowy element ka\u017cdej wyprawki dla noworodka ma\u0142ej dziewczynki.<\/p>\n<p>Nasze p\u00f3\u0142\u015bpiochy bezuciskowe wyko\u0144czone delikatnym \u015bci\u0105gaczem to idealne p\u00f3\u0142\u015bpiochy dla niemowl\u0105t.\u00a0To r\u00f3wnie\u017c idealne p\u00f3\u0142\u015bpiochy jako prezent dla maluszka. Do tych p\u00f3\u0142\u015bpioszk\u00f3w niemowl\u0119cych wyst\u0119puje <a href=\"https:\/\/mama-niemowlaka.pl\/sklep\/c\/ubranka-niemowlece\/sukienki-dla-niemowlat\/\" target=\"_blank\" rel=\"noopener\"><strong>sukienka niemowl\u0119ca<\/strong><\/a> w tym samym wzorze. Sukienk\u0119 niemowl\u0119c\u0105 z bawe\u0142ny organicznej znajdziesz tutaj -&gt; <a href=\"https:\/\/mama-niemowlaka.pl\/sklep\/produkt\/ubranka-niemowlece\/sukienki\/sukienka-dla-niemowlaka-z-bawelniany-organicznej-niebieska\/\" target=\"_blank\" rel=\"noopener\"><strong>Sukienka dla niemowlaka z bawe\u0142ny organicznej \u2013 niebieska.<\/strong><\/a><\/p>\n<h2 data-pm-slice=\"1 1 []\"><strong>P\u00f3\u0142\u015bpiochy niemowl\u0119ce dost\u0119pne w sklepie <\/strong><a href=\"https:\/\/mama-niemowlaka.pl\"><strong>mama-niemowlaka.pl<\/strong><\/a><\/h2>\n<p data-pm-slice=\"1 1 []\">Nasz sklep oferuje szeroki wyb\u00f3r p\u00f3\u0142\u015bpioch\u00f3w, dost\u0119pnych w r\u00f3\u017cnych rozmiarach, kolorach i wzorach. W naszym sklepie kupisz <a href=\"https:\/\/mama-niemowlaka.pl\/sklep\/c\/ubranka-niemowlece\/polspiochy\/\" target=\"_blank\" rel=\"noopener\"><strong>p\u00f3\u0142\u015bpiochy niemowl\u0119ce<\/strong><\/a> wygodne i ca\u0142kowicie bezpieczne dla Twojego dziecka. Mo\u017cesz znale\u017a\u0107 tu p\u00f3\u0142\u015bpiochy dzieci\u0119ce idealne dla dziecka w jednolitym kolorze, ale tak\u017ce p\u00f3\u0142\u015bpiochy niemowl\u0119ce wzorzyste czy te\u017c p\u00f3\u0142\u015bpiochy niemowl\u0119ce pr\u0105\u017ckowane. Kupisz u nas wysokiej jako\u015bci <a href=\"https:\/\/mama-niemowlaka.pl\/sklep\/c\/ubranka-niemowlece\/polspiochy\/\" target=\"_blank\" rel=\"noopener\"><strong>p\u00f3\u0142\u015bpiochy dla niemowl\u0105t<\/strong><\/a> m.in. p\u00f3\u0142\u015bpiochy z bawe\u0142ny organicznej, p\u00f3\u0142\u015bpiochy bez st\u00f3pek, p\u00f3\u0142\u015bpiochy dla ch\u0142opca oraz p\u00f3\u0142\u015bpiochy dla dziewczynki. Kupisz p\u00f3\u0142\u015bpiochy dla noworodka ale tak\u017ce p\u00f3\u0142\u015bpiochy dla starszego maluszka.<\/p>\n<p data-pm-slice=\"1 1 []\">Kupuj\u0105c p\u00f3\u0142\u015bpiochy dzieci\u0119ce dobierz koniecznie <a href=\"https:\/\/mama-niemowlaka.pl\/sklep\/c\/ubranka-niemowlece\/body-niemowlece\/\" target=\"_blank\" rel=\"noopener\"><strong>body niemowl\u0119ce<\/strong><\/a> lub kaftaniki niemowl\u0119ce. Body niemowl\u0119ce w sklepie <a href=\"https:\/\/mama-niemowlaka.pl\"><strong>mama-niemowlaka.pl<\/strong><\/a> znajdziesz w kategorii <a href=\"https:\/\/mama-niemowlaka.pl\/sklep\/c\/ubranka-niemowlece\/body-niemowlece\/\" target=\"_blank\" rel=\"noopener\"><strong>body dla niemowl\u0105t<\/strong><\/a>.<\/p>\n<p>Odwied\u017a nasz sklep internetowy <a href=\"https:\/\/mama-niemowlaka.pl\"><strong>mama-niemowlaka.pl<\/strong><\/a>, gdzie znajdziesz szeroki wyb\u00f3r najwy\u017cszej jako\u015bci <a href=\"https:\/\/mama-niemowlaka.pl\/sklep\/ubranka-niemowlece\/\" target=\"_blank\" rel=\"noopener\"><strong>ubranek dla niemowl\u0105t<\/strong><\/a>. Gwarantujemy wysy\u0142k\u0119 zam\u00f3wienia w ci\u0105gu 48 godzin oraz darmow\u0105 wymian\u0119 towaru lub mo\u017cliwo\u015b\u0107 zwrotu w ci\u0105gu 14 dni. Co wi\u0119cej, je\u015bli zam\u00f3wisz za minimum 249 PLN, dostawa b\u0119dzie ca\u0142kowicie darmowa.<\/p>\n<p>Skorzystaj teraz z naszych us\u0142ug i sprawd\u017a nasz\u0105 ofert\u0119 <a href=\"https:\/\/mama-niemowlaka.pl\/sklep\/ubranka-niemowlece\/\" target=\"_blank\" rel=\"noopener\"><strong>ubranek dla niemowl\u0105t<\/strong><\/a> ju\u017c dzi\u015b! Wybierz wygodne p\u00f3\u0142\u015bpiochy dla niemowlaka. W sklepie <a href=\"https:\/\/mama-niemowlaka.pl\"><strong>mama-niemowlaka.pl<\/strong><\/a> kupisz p\u00f3\u0142\u015bpiochy w rozmiarze 56 i wi\u0119ksze idealne do wyprawki dla noworodka.<\/p>\n","protected":false},"excerpt":{"rendered":"<p data-pm-slice=\"1 1 []\"><a href=\"https:\/\/mama-niemowlaka.pl\/sklep\/produkt\/ubranka-niemowlece\/polspiochy\/polspiochy-bez-stopek-niebieskie\/\" target=\"_blank\" rel=\"noopener\"><strong>P\u00f3\u0142\u015bpiochy niemowl\u0119ce bez st\u00f3pek<\/strong><\/a> z bawe\u0142ny organicznej w kolorze niebieskim z dezuciskow\u0105 gumk\u0105 w pasie. P\u00f3\u0142\u015bpiochy niemowl\u0119ce wygodne i ca\u0142kowicie bezpieczne dla Twojego dziecka. Do p\u00f3\u0142\u015bpioch\u00f3w niemowl\u0119cych bez st\u00f3pek mo\u017cesz dokupi\u0107 <a href=\"https:\/\/mama-niemowlaka.pl\/sklep\/c\/ubranka-niemowlece\/sukienki-dla-niemowlat\/\" target=\"_blank\" rel=\"noopener\"><strong>sukienk\u0119 niemowl\u0119c\u0105<\/strong><\/a> w tym samym wzorze. Sukienk\u0119 niemowl\u0119c\u0105 z bawe\u0142ny organicznej znajdziesz tutaj -&gt; <a href=\"https:\/\/mama-niemowlaka.pl\/sklep\/produkt\/ubranka-niemowlece\/sukienki\/sukienka-dla-niemowlaka-z-bawelniany-organicznej-niebieska\/\" target=\"_blank\" rel=\"noopener\"><strong>Sukienka dla niemowlaka z bawe\u0142ny organicznej \u2013 niebieska. <\/strong><\/a>P\u00f3\u0142\u015bpiochy niemowl\u0119ce bez st\u00f3pek i sukienka niemowl\u0119ca to uroczy komplet ubranek dla niemowl\u0105t.<\/p>\n<p>Niebieskie <a href=\"https:\/\/mama-niemowlaka.pl\/sklep\/produkt\/ubranka-niemowlece\/polspiochy\/polspiochy-bez-stopek-niebieskie\/\" target=\"_blank\" rel=\"noopener\"><strong>p\u00f3\u0142\u015bpiochy bez st\u00f3pek<\/strong><\/a> dla niemowlaka wyst\u0119puj\u0105 w czterech rozmiarach 56, 62, 68 i 74.<\/p>\n<p>Sk\u0142ad: 100% bawe\u0142na<\/p>\n","protected":false},"featured_media":10210,"template":"","meta":[],"product_brand":[],"product_cat":[223,57],"product_tag":[94,152,220],"class_list":{"0":"post-10218","1":"product","2":"type-product","3":"status-publish","4":"has-post-thumbnail","6":"product_cat-polspiochy","7":"product_cat-ubranka-niemowlece","8":"product_tag-bawelna-organiczna","9":"product_tag-ubranka-dla-niemowlat-dziewczynek","10":"product_tag-ubranka-dla-noworodkow","11":"product_shipping_class-lekka","12":"pa_rozmiar-311","13":"pa_rozmiar-312","14":"pa_rozmiar-313","15":"pa_rozmiar-314","17":"first","18":"instock","19":"taxable","20":"shipping-taxable","21":"purchasable","22":"product-type-variable","23":"has-default-attributes","24":"wvs-archive-product-wrapper"},"_links":{"self":[{"href":"https:\/\/mama-niemowlaka.pl\/sklep\/wp-json\/wp\/v2\/product\/10218","targetHints":{"allow":["GET"]}}],"collection":[{"href":"https:\/\/mama-niemowlaka.pl\/sklep\/wp-json\/wp\/v2\/product"}],"about":[{"href":"https:\/\/mama-niemowlaka.pl\/sklep\/wp-json\/wp\/v2\/types\/product"}],"wp:featuredmedia":[{"embeddable":true,"href":"https:\/\/mama-niemowlaka.pl\/sklep\/wp-json\/wp\/v2\/media\/10210"}],"wp:attachment":[{"href":"https:\/\/mama-niemowlaka.pl\/sklep\/wp-json\/wp\/v2\/media?parent=10218"}],"wp:term":[{"taxonomy":"product_brand","embeddable":true,"href":"https:\/\/mama-niemowlaka.pl\/sklep\/wp-json\/wp\/v2\/product_brand?post=10218"},{"taxonomy":"product_cat","embeddable":true,"href":"https:\/\/mama-niemowlaka.pl\/sklep\/wp-json\/wp\/v2\/product_cat?post=10218"},{"taxonomy":"product_tag","embeddable":true,"href":"https:\/\/mama-niemowlaka.pl\/sklep\/wp-json\/wp\/v2\/product_tag?post=10218"}],"curies":[{"name":"wp","href":"https:\/\/api.w.org\/{rel}","templated":true}]}}