{"id":11180,"date":"2025-11-14T01:36:22","date_gmt":"2025-11-14T00:36:22","guid":{"rendered":"https:\/\/mama-niemowlaka.pl\/sklep\/?post_type=product&#038;p=11180"},"modified":"2026-03-30T13:59:49","modified_gmt":"2026-03-30T11:59:49","slug":"kombinezon-ocieplany-dla-dziewczynki-rozowy","status":"publish","type":"product","link":"https:\/\/mama-niemowlaka.pl\/sklep\/produkt\/ubranka-niemowlece\/kombinezony-dla-niemowlat\/kombinezon-ocieplany-dla-dziewczynki-rozowy\/","title":{"rendered":"Kombinezon welurowy dla dziewczynki &#8211; r\u00f3\u017cowy"},"content":{"rendered":"<h2 data-pm-slice=\"1 1 []\"><strong>Wygodny kombinezon dziewcz\u0119cy &#8211; kombinezon ocieplany z kapturem<\/strong><\/h2>\n<p>Wyb\u00f3r kombinezonu niemowl\u0119cego mo\u017ce by\u0107 kluczowy dla komfortu i bezpiecze\u0144stwa Twojego dziecka. Jak ubra\u0107 Maluszka na jesienny, a jak na zimowy spacer? Nasz r\u00f3\u017cowy kombinezon ocieplany dla dziewczynki to doskona\u0142e rozwi\u0105zanie na ch\u0142odniejsze dni. Wykonany z 100% bawe\u0142ny, nasz ciep\u0142y kombinezon jest r\u00f3wnie\u017c \u0142atwy w piel\u0119gnacji &#8211; mo\u017cna go pra\u0107 w pralce, co jest niezwykle wygodne. Dzi\u0119ki delikatnej bawe\u0142nie to bardzo bezpieczny kombinezon dla dzieci. Jest on odpowiedni dla delikatnej sk\u00f3ry maluszka.<\/p>\n<p>Taki kombinezon przej\u015bciowy jesie\u0144 \u2013 zima \u2013 wiosna to doskona\u0142a odzie\u017c, daj\u0105ca komfort oraz ciep\u0142o malutkiemu dziecku. To idealny kombinezon dla noworodka.<\/p>\n<h2><strong>Kombinezony dla dziewczynek w sklepie <a href=\"https:\/\/mama-niemowlaka.pl\">mama-niemowlaka.pl<\/a><\/strong><\/h2>\n<p>W naszym sklepie mo\u017cesz znale\u017a\u0107 uroczy kombinezon na zim\u0119, kombinezon jesienny na ch\u0142odne dni a tak\u017ce kombinezony wiosenne. Oferujemy kombinezony dla dziewczynek oraz kombinezony niemowl\u0119ce dla ch\u0142opca. Pozosta\u0142e kombinezony dla dzieci znajdziesz w kategorii <a href=\"https:\/\/mama-niemowlaka.pl\/sklep\/c\/ubranka\/kombinezony\/\" target=\"_blank\" rel=\"noopener\"><strong>kombinezony dla niemowl\u0105t<\/strong><\/a>. W naszej ofercie posiadamy r\u00f3wnie\u017c kombinezony dla noworodka.<\/p>\n<p><a href=\"https:\/\/mama-niemowlaka.pl\"><strong>Mama-niemowlaka.pl<\/strong><\/a> to sklep oferuj\u0105cy odzie\u017c niemowl\u0119c\u0105. Nasze produkty wysy\u0142amy w ci\u0105gu 48 godzin. Oferujemy bezp\u0142atn\u0105 wymian\u0119 produkt\u00f3w oraz 14-dniow\u0105 polityk\u0119 zwrotu. Dodatkowo, je\u015bli zam\u00f3wisz za minimum 249 z\u0142, wysy\u0142ka b\u0119dzie ca\u0142kowicie bezp\u0142atna. Nasze produkty s\u0105 starannie dobierane tak, aby zapewni\u0107 Twojemu dziecku maksymalny komfort i bezpiecze\u0144stwo. Nie musisz ju\u017c traci\u0107 czasu na przeszukiwanie innych sklep\u00f3w. <a href=\"https:\/\/mama-niemowlaka.pl\"><strong>Mama-niemowlaka.pl<\/strong><\/a> ma wszystko, czego potrzebujesz! Wybierz nasz\u0105 odzie\u017c niemowl\u0119c\u0105. Skorzystaj z naszych us\u0142ug ju\u017c teraz i sprawd\u017a nasz\u0105 ofert\u0119 ju\u017c dzi\u015b!<\/p>\n<p>Kup ju\u017c dzi\u015b ten uroczy kombinezon ocieplany dla dziewczynki i zapewnij jej ciep\u0142o i komfort podczas spacer\u00f3w. Wybierz kombinezon zimowy dla dziewczynki w sklepie www.mama-niemowlaka.pl<\/p>\n","protected":false},"excerpt":{"rendered":"<p data-pm-slice=\"1 1 []\">Wysokiej jako\u015bci r\u00f3\u017cowy kombinezon ocieplany dla dziewczynki. Kombinezon dziewcz\u0119cy wykonany jest z mi\u0119kkiego, welurowego materia\u0142u, dzi\u0119ki czemu stanowi doskona\u0142e rozwi\u0105zanie na ch\u0142odniejsze dni. Wykonany z 100% bawe\u0142ny, gwarantuje delikatno\u015b\u0107 i wygod\u0119 od pierwszych dni dla maluszka. Kombinezon przej\u015bciowy niemowl\u0119cy posiada zabudowane st\u00f3pki oraz kaptur, kt\u00f3ry dodatkowo chroni g\u0142\u00f3wk\u0119 dziecka przed wiatrem i zimnem. Kombinezon dla dziewczynek zapinany jest na suwak, dzi\u0119ki czemu \u0142atwo i wygodnie ubierzesz i rozbierzesz dziecko. Ten ciep\u0142y kombinezon to obowi\u0105zkowy element wyprawki ka\u017cdej dziewczynki. To idealny kombinezon dla noworodka.<\/p>\n<p>R\u00f3\u017cowy kombinezon ocieplany dla dziewczynki wyst\u0119puje w czterech rozmiarach: 62, 68, 74 i 80.<\/p>\n<p>Sk\u0142ad: 100% bawe\u0142na<\/p>\n","protected":false},"featured_media":11185,"template":"","meta":[],"product_brand":[],"product_cat":[78,57],"product_tag":[214,152,211,339,242,231,229,338,230],"class_list":{"0":"post-11180","1":"product","2":"type-product","3":"status-publish","4":"has-post-thumbnail","6":"product_cat-kombinezony-dla-niemowlat","7":"product_cat-ubranka-niemowlece","8":"product_tag-bestseller","9":"product_tag-ubranka-dla-niemowlat-dziewczynek","10":"product_tag-kombinezon","11":"product_tag-kombinezon-dla-noworodka","12":"product_tag-kombinezon-futerkowy","13":"product_tag-kombinezon-niemowlecy-jesienny","14":"product_tag-kombinezon-niemowlecy-zimowy","15":"product_tag-kombinezon-niemowlecy-wiosenny","16":"product_tag-kombinezon-zimowy-dla-dziewczynki","17":"product_shipping_class-duza","18":"pa_rozmiar-312","19":"pa_rozmiar-313","20":"pa_rozmiar-314","21":"pa_rozmiar-315","23":"first","24":"instock","25":"taxable","26":"shipping-taxable","27":"purchasable","28":"product-type-variable","29":"has-default-attributes","30":"wvs-archive-product-wrapper"},"_links":{"self":[{"href":"https:\/\/mama-niemowlaka.pl\/sklep\/wp-json\/wp\/v2\/product\/11180","targetHints":{"allow":["GET"]}}],"collection":[{"href":"https:\/\/mama-niemowlaka.pl\/sklep\/wp-json\/wp\/v2\/product"}],"about":[{"href":"https:\/\/mama-niemowlaka.pl\/sklep\/wp-json\/wp\/v2\/types\/product"}],"wp:featuredmedia":[{"embeddable":true,"href":"https:\/\/mama-niemowlaka.pl\/sklep\/wp-json\/wp\/v2\/media\/11185"}],"wp:attachment":[{"href":"https:\/\/mama-niemowlaka.pl\/sklep\/wp-json\/wp\/v2\/media?parent=11180"}],"wp:term":[{"taxonomy":"product_brand","embeddable":true,"href":"https:\/\/mama-niemowlaka.pl\/sklep\/wp-json\/wp\/v2\/product_brand?post=11180"},{"taxonomy":"product_cat","embeddable":true,"href":"https:\/\/mama-niemowlaka.pl\/sklep\/wp-json\/wp\/v2\/product_cat?post=11180"},{"taxonomy":"product_tag","embeddable":true,"href":"https:\/\/mama-niemowlaka.pl\/sklep\/wp-json\/wp\/v2\/product_tag?post=11180"}],"curies":[{"name":"wp","href":"https:\/\/api.w.org\/{rel}","templated":true}]}}