{"id":13426,"date":"2024-04-05T21:17:12","date_gmt":"2024-04-05T19:17:12","guid":{"rendered":"https:\/\/mama-niemowlaka.pl\/sklep\/?post_type=product&#038;p=13426"},"modified":"2026-02-27T11:24:03","modified_gmt":"2026-02-27T10:24:03","slug":"granatowy-pajacyk-bawelniany-z-czapeczka","status":"publish","type":"product","link":"https:\/\/mama-niemowlaka.pl\/sklep\/produkt\/ubranka-niemowlece\/pajacyki-dla-niemowlat\/granatowy-pajacyk-bawelniany-z-czapeczka\/","title":{"rendered":"Granatowy pajacyk niemowl\u0119cy z czapeczk\u0105"},"content":{"rendered":"<h2 data-pm-slice=\"1 1 []\"><strong>Bawe\u0142niany pajac niemowl\u0119cy z urocz\u0105 czapeczk\u0105<\/strong><\/h2>\n<p data-pm-slice=\"1 1 []\">Prosty <a href=\"https:\/\/mama-niemowlaka.pl\/sklep\/c\/ubranka-niemowlece\/pajacyki-dla-niemowlat\/\" target=\"_blank\" rel=\"noopener\"><strong>pajacyk dla niemowl\u0105t<\/strong><\/a> w kolorze granatowym w komplecie z czapeczk\u0105 w kolorze czerwonym. <a href=\"https:\/\/mama-niemowlaka.pl\/sklep\/produkt\/ubranka-niemowlece\/pajacyki-dla-niemowlat\/granatowy-pajacyk-bawelniany-z-czapeczka\/\" target=\"_blank\" rel=\"noopener\"><strong>Pajacyk bawe\u0142niany<\/strong><\/a> ca\u0142y zapinany na bezniklowe napki dzi\u0119ki czemu jest \u0142atwy w ubieraniu. R\u0119kawki pajacyka dla niemowl\u0105t zako\u0144czone s\u0105 bezuciskowym mankiecikiem. Pajacyk niemowl\u0119cy zosta\u0142 uszyty z mi\u0119kkiej 100% bawe\u0142ny bezpiecznej dla noworodk\u00f3w i niemowl\u0105t. Wygodne \u015bpioszki s\u0105 idealne do spania jako pi\u017camka niemowl\u0119ca oraz jako ubranko niemowl\u0119ce na co dzie\u0144. Bawe\u0142niany pajac niemowl\u0119cy chroni przed zimnem, zapewniaj\u0105c ciep\u0142o oraz komfort ma\u0142ych st\u00f3pek maluszka.<\/p>\n<p data-pm-slice=\"1 1 []\">Nasz <a href=\"https:\/\/mama-niemowlaka.pl\/sklep\/produkt\/ubranka-niemowlece\/pajacyki-dla-niemowlat\/granatowy-pajacyk-bawelniany-z-czapeczka\/\" target=\"_blank\" rel=\"noopener\"><strong>pajacyk bawe\u0142niany<\/strong><\/a> dla niemowlaka to doskona\u0142e ubranko niemowl\u0119ce dla Twojego maluszka.<\/p>\n<h2 data-pm-slice=\"1 1 []\">Bawe\u0142niane pajacyki dla niemowl\u0105t w sklepie <a href=\"http:\/\/mama-niemowlaka.pl\">mama-niemowlaka.pl<\/a><\/h2>\n<p data-pm-slice=\"1 1 []\">Odwied\u017a nasz sklep internetowy <a href=\"https:\/\/mama-niemowlaka.pl\/sklep\/\" target=\"_blank\" rel=\"noopener\"><strong>www.mama-niemowlaka.pl<\/strong><\/a>, gdzie znajdziesz r\u00f3\u017cne rodzaje pajacyk\u00f3w niemowl\u0119cych oraz <a href=\"https:\/\/mama-niemowlaka.pl\/sklep\/ubranka-niemowlece\/\" target=\"_blank\" rel=\"noopener\"><strong>ubranka dla niemowl\u0105t<\/strong><\/a> najwy\u017cszej jako\u015bci. Znajdziesz tu \u015bliczne <a href=\"https:\/\/mama-niemowlaka.pl\/sklep\/c\/ubranka-niemowlece\/pajacyki-dla-niemowlat\/\" target=\"_blank\" rel=\"noopener\"><strong>pajacyki niemowl\u0119ce<\/strong><\/a> zar\u00f3wno pajacyki dla ch\u0142opc\u00f3w jak i pajacyki dla dziewczynek. Sprawd\u017a r\u00f3\u017cne rodzaje pajacyk\u00f3w niemowl\u0119cych dost\u0119pne w naszym sklepie i wybierz idealny pajac niemowl\u0119cy dla swojego Malucha. W naszym sklepie kupisz <a href=\"https:\/\/mama-niemowlaka.pl\/sklep\/t\/pajacyk-do-spania\/\" target=\"_blank\" rel=\"noopener\"><strong>pajace niemowl\u0119ce do spania<\/strong><\/a>, <a href=\"https:\/\/mama-niemowlaka.pl\/sklep\/t\/pajacyki-na-zamek\/\" target=\"_blank\" rel=\"noopener\"><strong>pajacyki niemowl\u0119ce na suwak<\/strong><\/a>, pajacyki bez st\u00f3pek czy te\u017c <a href=\"https:\/\/mama-niemowlaka.pl\/sklep\/t\/pajacyki-dla-noworodka\/\" target=\"_blank\" rel=\"noopener\"><strong>pajace dla noworodka<\/strong><\/a>.<\/p>\n<p data-pm-slice=\"1 1 []\">Sprawd\u017a pozosta\u0142e <a href=\"https:\/\/mama-niemowlaka.pl\/sklep\/c\/ubranka-niemowlece\/pajacyki-dla-niemowlat\/\" target=\"_blank\" rel=\"noopener\"><strong>pajacyki niemowl\u0119ce<\/strong><\/a> i kup wygodny <a href=\"https:\/\/mama-niemowlaka.pl\/sklep\/c\/ubranka-niemowlece\/pajacyki-dla-niemowlat\/\" target=\"_blank\" rel=\"noopener\"><strong>pajac niemowl\u0119cy<\/strong><\/a> do swojej wyprawki dla noworodka. <a href=\"https:\/\/mama-niemowlaka.pl\/sklep\/t\/pajacyki-dla-noworodka\/\" target=\"_blank\" rel=\"noopener\"><strong>Pajacyki dla noworodk\u00f3w<\/strong><\/a> i niemowl\u0105t znajdziesz tutaj -&gt; <a href=\"https:\/\/mama-niemowlaka.pl\/sklep\/c\/ubranka-niemowlece\/pajacyki-dla-niemowlat\/\" target=\"_blank\" rel=\"noopener\"><strong>pajacyki dla niemowlaka<\/strong><\/a>.<\/p>\n","protected":false},"excerpt":{"rendered":"<p data-pm-slice=\"1 1 []\"><a href=\"https:\/\/mama-niemowlaka.pl\/sklep\/produkt\/ubranka-niemowlece\/pajacyki-dla-niemowlat\/granatowy-pajacyk-bawelniany-z-czapeczka\/\" target=\"_blank\" rel=\"noopener\"><strong>Bawe\u0142niany pajacyk<\/strong><\/a> niemowl\u0119cy w kolorze granatowy zapinany na bezniklowe napki w komplecie z urocz\u0105 czapeczk\u0105. <a href=\"https:\/\/mama-niemowlaka.pl\/sklep\/c\/ubranka-niemowlece\/pajacyki-dla-niemowlat\/\" target=\"_blank\" rel=\"noopener\"><strong>Pajacyk dla niemowl\u0105t<\/strong><\/a> \u0142atwy do ubierania dzi\u0119ki bezniklowym napkom po ca\u0142ej d\u0142ugo\u015bci ubranka niemowl\u0119cego. Pajacyk posiada zabudowane st\u00f3pki dzi\u0119ki czemu jest idealny do spania lub noszenia na co dzie\u0144. Ten wygodny pajac niemowl\u0119cy zapewnia Twojemu dziecku ciep\u0142o i wygod\u0119. Zapewniamy, \u017ce nasze ubranka s\u0105 bezpieczne dla noworodk\u00f3w i niemowl\u0105t, dzi\u0119ki materia\u0142om najwy\u017cszej jako\u015bci.<\/p>\n<p><a href=\"https:\/\/mama-niemowlaka.pl\/sklep\/produkt\/ubranka-niemowlece\/pajacyki-dla-niemowlat\/granatowy-pajacyk-bawelniany-z-czapeczka\/\" target=\"_blank\" rel=\"noopener\"><strong>Pajacyk bawe\u0142niany<\/strong><\/a> w kolorze granatowym wyst\u0119puje w czterech rozmiarach: 62, 68, 74 i 80.<\/p>\n<p>Sk\u0142ad: 100% bawe\u0142na<\/p>\n","protected":false},"featured_media":13433,"template":"","meta":[],"product_brand":[],"product_cat":[59,122,57],"product_tag":[118,214,145,220,277,270,272,273,275,268,269],"class_list":{"0":"post-13426","1":"product","2":"type-product","3":"status-publish","4":"has-post-thumbnail","6":"product_cat-pajacyki-dla-niemowlat","7":"product_cat-komplet-niemowlecy","8":"product_cat-ubranka-niemowlece","9":"product_tag-bawelna","10":"product_tag-bestseller","11":"product_tag-ubranka-dla-niemowlat-chlopca","12":"product_tag-ubranka-dla-noworodkow","13":"product_tag-pajacyk-80","14":"product_tag-pajacyk-do-spania","15":"product_tag-pajacyk-niemowlecy-62","16":"product_tag-pajacyki-68","17":"product_tag-pajacyki-74","18":"product_tag-pajacyki-dla-noworodka","19":"product_tag-pajacyki-niemowlece-dla-chlopca","20":"product_shipping_class-lekka","21":"pa_rozmiar-312","22":"pa_rozmiar-313","23":"pa_rozmiar-314","24":"pa_rozmiar-315","26":"first","27":"instock","28":"taxable","29":"shipping-taxable","30":"purchasable","31":"product-type-variable","32":"has-default-attributes","33":"wvs-archive-product-wrapper"},"_links":{"self":[{"href":"https:\/\/mama-niemowlaka.pl\/sklep\/wp-json\/wp\/v2\/product\/13426","targetHints":{"allow":["GET"]}}],"collection":[{"href":"https:\/\/mama-niemowlaka.pl\/sklep\/wp-json\/wp\/v2\/product"}],"about":[{"href":"https:\/\/mama-niemowlaka.pl\/sklep\/wp-json\/wp\/v2\/types\/product"}],"wp:featuredmedia":[{"embeddable":true,"href":"https:\/\/mama-niemowlaka.pl\/sklep\/wp-json\/wp\/v2\/media\/13433"}],"wp:attachment":[{"href":"https:\/\/mama-niemowlaka.pl\/sklep\/wp-json\/wp\/v2\/media?parent=13426"}],"wp:term":[{"taxonomy":"product_brand","embeddable":true,"href":"https:\/\/mama-niemowlaka.pl\/sklep\/wp-json\/wp\/v2\/product_brand?post=13426"},{"taxonomy":"product_cat","embeddable":true,"href":"https:\/\/mama-niemowlaka.pl\/sklep\/wp-json\/wp\/v2\/product_cat?post=13426"},{"taxonomy":"product_tag","embeddable":true,"href":"https:\/\/mama-niemowlaka.pl\/sklep\/wp-json\/wp\/v2\/product_tag?post=13426"}],"curies":[{"name":"wp","href":"https:\/\/api.w.org\/{rel}","templated":true}]}}