{"id":13966,"date":"2024-04-04T23:55:30","date_gmt":"2024-04-04T21:55:30","guid":{"rendered":"https:\/\/mama-niemowlaka.pl\/sklep\/?post_type=product&#038;p=13966"},"modified":"2025-03-03T19:18:55","modified_gmt":"2025-03-03T18:18:55","slug":"komplet-body-i-polspiochy-dla-chlopca-niebieski","status":"publish","type":"product","link":"https:\/\/mama-niemowlaka.pl\/sklep\/produkt\/ubranka-niemowlece\/komplet-niemowlecy\/komplet-body-i-polspiochy-dla-chlopca-niebieski\/","title":{"rendered":"Komplet niemowl\u0119cy body i p\u00f3\u0142\u015bpiochy dla ch\u0142opca &#8211; niebieski"},"content":{"rendered":"<h2 data-pm-slice=\"1 1 []\"><strong>Komplet body i p\u00f3\u0142\u015bpiochy dla ch\u0142opca &#8211; wygodne ubranko dla niemowlaka<\/strong><\/h2>\n<p data-pm-slice=\"1 1 []\">Pi\u0119kny i wygodny <a href=\"https:\/\/mama-niemowlaka.pl\/sklep\/produkt\/ubranka-niemowlece\/komplet-niemowlecy\/komplet-body-i-polspiochy-dla-chlopca-niebieski\/\" target=\"_blank\" rel=\"noopener\"><strong>komplet body i p\u00f3\u0142\u015bpiochy dla ch\u0142opca<\/strong><\/a>, zestaw idealny na ka\u017cd\u0105 por\u0119 i okazj\u0119. Zestaw sk\u0142ada si\u0119 z wygodnego <a href=\"https:\/\/mama-niemowlaka.pl\/sklep\/t\/body-z-dlugim-rekawem\/\" target=\"_blank\" rel=\"noopener\"><strong>body z d\u0142ugim r\u0119kawem<\/strong><\/a> w kolorze be\u017cowym w kolorowe wzory, <a href=\"https:\/\/mama-niemowlaka.pl\/sklep\/c\/ubranka-niemowlece\/polspiochy\/\" target=\"_blank\" rel=\"noopener\"><strong>p\u00f3\u0142\u015bpioch\u00f3w niemowl\u0119cych<\/strong><\/a> bez stopek oraz czapeczki. Wygodne <a href=\"https:\/\/mama-niemowlaka.pl\/sklep\/t\/body-z-dlugim-rekawem\/\" target=\"_blank\" rel=\"noopener\"><strong>body z d\u0142ugim r\u0119kawem<\/strong><\/a> zapinane s\u0105 w kroczku na bezniklowe napki co zapewnia \u0142atwe rozpinanie ubranka. Niebieskie <a href=\"https:\/\/mama-niemowlaka.pl\/sklep\/c\/ubranka-niemowlece\/polspiochy\/\" target=\"_blank\" rel=\"noopener\"><strong>p\u00f3\u0142\u015bpiochy bez stopek<\/strong><\/a> posiadaj\u0105 w pasie elestyczn\u0105 gumk\u0119, kt\u00f3ra nie uciska brzuszka. W zestawie znajduje si\u0119 r\u00f3wnie\u017c urocza czapeczka dla niemowlaka w kolorze niebieskim.<\/p>\n<p data-pm-slice=\"1 1 []\">Komplet ubranek uszyty zosta\u0142 z bawe\u0142ny 100% dzi\u0119ki czemu jest to bezpieczne ubrano dla maluszka ju\u017c od pierwszych dni.. W dotyku <a href=\"https:\/\/mama-niemowlaka.pl\/sklep\/ubranka-niemowlece\/\" target=\"_blank\" rel=\"noopener\"><strong>ubranko niemowl\u0119ce<\/strong><\/a> jest mi\u0119ciutkie, przyjemne i idealne dla wra\u017cliwej sk\u00f3ry noworodka.<\/p>\n<p data-pm-slice=\"1 1 []\"><a href=\"https:\/\/mama-niemowlaka.pl\/sklep\/produkt\/ubranka-niemowlece\/komplet-niemowlecy\/komplet-body-i-polspiochy-dla-chlopca-niebieski\/\" target=\"_blank\" rel=\"noopener\"><strong>Komplet body i p\u00f3\u0142\u015bpiochy dla ch\u0142opca<\/strong><\/a> to idealne ubrano niemowl\u0119ce na prezent.<\/p>\n<h2 data-pm-slice=\"1 1 []\"><strong>Jaki komplet niemowl\u0119cy warto kupi\u0107? Wybierz zestaw ubranek w sklepie <\/strong><a href=\"https:\/\/mama-niemowlaka.pl\"><strong>mama-niemowlaka.pl<\/strong><\/a><\/h2>\n<p data-pm-slice=\"1 1 []\">W sklepie <a href=\"https:\/\/mama-niemowlaka.pl\/sklep\/\" target=\"_blank\" rel=\"noopener\"><strong>mama-niemowlaka.pl<\/strong><\/a> znajdziesz komfortowe i wygodne ubranka dla maluszka. Szukaj\u0105c <a href=\"https:\/\/mama-niemowlaka.pl\/sklep\/\" target=\"_blank\" rel=\"noopener\"><strong>ubranek dla niemowlaka<\/strong><\/a>, mamy mo\u017cliwo\u015b\u0107 zakupu zar\u00f3wno pojedynczych element\u00f3w, jak i gotowych zestaw\u00f3w. W kategorii <a href=\"https:\/\/mama-niemowlaka.pl\/sklep\/c\/ubranka-niemowlece\/komplet-niemowlecy\/\" target=\"_blank\" rel=\"noopener\"><strong>Komplety niemowl\u0119ce<\/strong><\/a> znajdziesz <a href=\"https:\/\/mama-niemowlaka.pl\/sklep\/t\/ubranka-dla-niemowlat-dziewczynek\/\" target=\"_blank\" rel=\"noopener\"><strong>ubranka dla niemowl\u0105t dziewczynek<\/strong><\/a> oraz <a href=\"https:\/\/mama-niemowlaka.pl\/sklep\/t\/komplety-niemowlece-dla-chlopca\/\" target=\"_blank\" rel=\"noopener\"><strong>komplety niemowl\u0119ce ch\u0142opi\u0119ce<\/strong><\/a> a tak\u017ce <a href=\"https:\/\/mama-niemowlaka.pl\/sklep\/c\/ubranka-niemowlece\/eleganckie-ubranka-dla-niemowlaka\/\" target=\"_blank\" rel=\"noopener\"><strong>eleganckie ubranka niemowl\u0119ce<\/strong><\/a>. Odwied\u017a nasz sklep internetowy <a href=\"https:\/\/mama-niemowlaka.pl\/sklep\/\" target=\"_blank\" rel=\"noopener\"><strong>mama-niemowlaka.pl<\/strong><\/a>, gdzie znajdziesz szeroki wyb\u00f3r najwy\u017cszej jako\u015bci <a href=\"https:\/\/mama-niemowlaka.pl\/sklep\/ubranka-niemowlece\/\" target=\"_blank\" rel=\"noopener\"><strong>ubranek niemowl\u0119cych<\/strong><\/a>. Gwarantujemy wysy\u0142k\u0119 zam\u00f3wienia w ci\u0105gu 48 godzin oraz darmow\u0105 wymian\u0119 towaru lub mo\u017cliwo\u015b\u0107 zwrotu w ci\u0105gu 14 dni. Co wi\u0119cej, je\u015bli zam\u00f3wisz za minimum 249 PLN, dostawa b\u0119dzie ca\u0142kowicie darmowa.<\/p>\n<p data-pm-slice=\"1 1 []\">Skorzystaj teraz z naszych us\u0142ug i sprawd\u017a nasz\u0105 ofert\u0119 <a href=\"https:\/\/mama-niemowlaka.pl\/sklep\/\" target=\"_blank\" rel=\"noopener\"><strong>ubranek dla niemowlaka<\/strong><\/a> ju\u017c dzi\u015b! Wybierz wygodne, bezpieczne ubranka odpowiednie dla delikatnej sk\u00f3ry dziecka. Sprawd\u017a nasze <a href=\"https:\/\/mama-niemowlaka.pl\/sklep\/c\/ubranka-niemowlece\/komplet-niemowlecy\/\" target=\"_blank\" rel=\"noopener\"><strong>gotowe ubranka dla niemowl\u0105t<\/strong><\/a> i kup urocze <a href=\"https:\/\/mama-niemowlaka.pl\/sklep\/c\/ubranka-niemowlece\/komplet-niemowlecy\/\" target=\"_blank\" rel=\"noopener\"><strong>komplety niemowl\u0119ce<\/strong><\/a> dla swojego maluszka.<\/p>\n","protected":false},"excerpt":{"rendered":"<p data-pm-slice=\"1 1 []\">Komplet bawe\u0142nianych ubranek dla niemowlaka w sk\u0142ad kt\u00f3rego wchodz\u0105 wygodne body z d\u0142ugim r\u0119kawem i komfortowe <a href=\"https:\/\/mama-niemowlaka.pl\/sklep\/c\/ubranka-niemowlece\/polspiochy\/\" target=\"_blank\" rel=\"noopener\"><strong>p\u00f3\u0142\u015bpiochy bez stopek<\/strong><\/a> oraz czapeczka. <a href=\"https:\/\/mama-niemowlaka.pl\/sklep\/c\/ubranka-niemowlece\/body-niemowlece\/\" target=\"_blank\" rel=\"noopener\"><strong>Body niemowl\u0119ce<\/strong><\/a> zapinane s\u0105 na bezniklowe napki w kroku, dzi\u0119ki czemu s\u0105 bezpieczne dla maluszka. <a href=\"https:\/\/mama-niemowlaka.pl\/sklep\/c\/ubranka-niemowlece\/polspiochy\/\" target=\"_blank\" rel=\"noopener\"><strong>P\u00f3\u0142\u015bpiochy niemowl\u0119ce<\/strong><\/a> w jednolitym kolorze b\u0119d\u0105 pasowa\u0107 do innych body lub kaftanik\u00f3w. Dzi\u0119ki naszym ubrankom Tw\u00f3j niemowlak b\u0119dzie czu\u0142 si\u0119 wygodnie i bezpiecznie. Nasze <a href=\"https:\/\/mama-niemowlaka.pl\/sklep\/ubranka-niemowlece\/\" target=\"_blank\" rel=\"noopener\"><strong>ubranko niemowl\u0119ce<\/strong><\/a> wykonane jest z wysokiej jako\u015bci materia\u0142\u00f3w, a uniwersalne kolory sprawi\u0105, \u017ce b\u0119d\u0105 pasowa\u0107 do innych element\u00f3w garderoby Twojego dziecka.<\/p>\n<p><a href=\"https:\/\/mama-niemowlaka.pl\/sklep\/produkt\/ubranka-niemowlece\/komplet-niemowlecy\/komplet-body-i-polspiochy-dla-chlopca-niebieski\/\" target=\"_blank\" rel=\"noopener\"><strong>Komplet body i p\u00f3\u0142\u015bpiochy dla ch\u0142opca<\/strong><\/a> wyst\u0119puje w dw\u00f3ch rozmiarach: 62 i 68.<\/p>\n<p>Sk\u0142ad: 100% bawe\u0142na<\/p>\n","protected":false},"featured_media":13965,"template":"","meta":[],"product_brand":[],"product_cat":[122,57],"product_tag":[118,161,145,220,180,165],"class_list":{"0":"post-13966","1":"product","2":"type-product","3":"status-publish","4":"has-post-thumbnail","6":"product_cat-komplet-niemowlecy","7":"product_cat-ubranka-niemowlece","8":"product_tag-bawelna","9":"product_tag-body-dla-niemowlat","10":"product_tag-ubranka-dla-niemowlat-chlopca","11":"product_tag-ubranka-dla-noworodkow","12":"product_tag-nowosc","13":"product_tag-polspiochy","14":"product_shipping_class-lekka","15":"pa_rozmiar-312","16":"pa_rozmiar-313","17":"pa_rozmiar-314","19":"first","20":"instock","21":"taxable","22":"shipping-taxable","23":"purchasable","24":"product-type-variable","25":"has-default-attributes","26":"wvs-archive-product-wrapper"},"_links":{"self":[{"href":"https:\/\/mama-niemowlaka.pl\/sklep\/wp-json\/wp\/v2\/product\/13966","targetHints":{"allow":["GET"]}}],"collection":[{"href":"https:\/\/mama-niemowlaka.pl\/sklep\/wp-json\/wp\/v2\/product"}],"about":[{"href":"https:\/\/mama-niemowlaka.pl\/sklep\/wp-json\/wp\/v2\/types\/product"}],"wp:featuredmedia":[{"embeddable":true,"href":"https:\/\/mama-niemowlaka.pl\/sklep\/wp-json\/wp\/v2\/media\/13965"}],"wp:attachment":[{"href":"https:\/\/mama-niemowlaka.pl\/sklep\/wp-json\/wp\/v2\/media?parent=13966"}],"wp:term":[{"taxonomy":"product_brand","embeddable":true,"href":"https:\/\/mama-niemowlaka.pl\/sklep\/wp-json\/wp\/v2\/product_brand?post=13966"},{"taxonomy":"product_cat","embeddable":true,"href":"https:\/\/mama-niemowlaka.pl\/sklep\/wp-json\/wp\/v2\/product_cat?post=13966"},{"taxonomy":"product_tag","embeddable":true,"href":"https:\/\/mama-niemowlaka.pl\/sklep\/wp-json\/wp\/v2\/product_tag?post=13966"}],"curies":[{"name":"wp","href":"https:\/\/api.w.org\/{rel}","templated":true}]}}