{"id":14298,"date":"2025-05-02T11:11:59","date_gmt":"2025-05-02T09:11:59","guid":{"rendered":"https:\/\/mama-niemowlaka.pl\/sklep\/?post_type=product&#038;p=14298"},"modified":"2025-05-10T20:19:00","modified_gmt":"2025-05-10T18:19:00","slug":"body-i-bloomersy-z-opaska-roz","status":"publish","type":"product","link":"https:\/\/mama-niemowlaka.pl\/sklep\/produkt\/ubranka-niemowlece\/komplet-niemowlecy\/body-i-bloomersy-z-opaska-roz\/","title":{"rendered":"Komplet body bloomersy z opask\u0105 &#8211; r\u00f3\u017c"},"content":{"rendered":"<h2 data-pm-slice=\"1 1 []\"><strong>Letni komplet body, bloomersy z opask\u0105 dla dziewczynki<\/strong><\/h2>\n<p data-pm-slice=\"1 1 []\"><a href=\"https:\/\/mama-niemowlaka.pl\/sklep\/produkt\/ubranka-niemowlece\/komplet-niemowlecy\/body-i-bloomersy-z-opaska-roz\/\" target=\"_blank\" rel=\"noopener\"><strong>Komplet body i bloomersy z opask\u0105<\/strong><\/a> wyr\u00f3\u017cnia si\u0119 nie tylko pi\u0119knym designem, ale tak\u017ce wysok\u0105 jako\u015bci\u0105 wykonania. Letni komplet bloomersy niemowl\u0119ce i body zosta\u0142 uszyty z mi\u0119kkiej bawe\u0142ny. <a href=\"https:\/\/mama-niemowlaka.pl\/sklep\/t\/body-z-dlugim-rekawem\/\" target=\"_blank\" rel=\"noopener\"><strong>Body z d\u0142ugim r\u0119kawem<\/strong><\/a> zapewniaj\u0105 komfort, a delikatny materia\u0142 jest przyjazny dla wra\u017cliwej sk\u00f3ry dziecka. Body na ramionach ma urocze falbanki, a napki w kroku gwarantuj\u0105 \u017ce <a href=\"https:\/\/mama-niemowlaka.pl\/sklep\/ubranka-niemowlece\/\" target=\"_blank\" rel=\"noopener\"><strong>ubranko niemowl\u0119ce<\/strong><\/a> nie tylko wygl\u0105da \u015bwietnie ale te\u017c jest wygodne w u\u017cyciu.<\/p>\n<p data-pm-slice=\"1 1 []\">Bawe\u0142niane bloomersy w kolorze r\u00f3\u017cowym w delikatne kwiatki to idealne <a href=\"https:\/\/mama-niemowlaka.pl\/sklep\/t\/letnie-ubranka-dla-niemowlat\/\" target=\"_blank\" rel=\"noopener\"><strong>ubranko dla niemowlaka na lato<\/strong><\/a>. Modne bloomersy majtki maj\u0105 swobodny kr\u00f3j, na pupie ozdobione s\u0105 trzema rz\u0119dami falbanek. Dziewcz\u0119ce bloomersy dodaj\u0105 ca\u0142o\u015bci elegancji, a jednocze\u015bnie s\u0105 bardzo wygodne i nie kr\u0119puj\u0105 ruch\u00f3w maluszka. W gor\u0105ce dni mamy cz\u0119sto wybieraj\u0105 <a href=\"https:\/\/mama-niemowlaka.pl\/sklep\/t\/bloomersy\/\" target=\"_blank\" rel=\"noopener\"><strong>bloomersy majtki<\/strong><\/a> zamiast spodenek poniewa\u017c s\u0105 wygodniejsze. Dope\u0142nieniem zestawu jest urocza opaska dla dzieci, kt\u00f3ra dodaje stylu ka\u017cdej ma\u0142ej damie.<\/p>\n<p data-pm-slice=\"1 1 []\"><a href=\"https:\/\/mama-niemowlaka.pl\/sklep\/produkt\/ubranka-niemowlece\/komplet-niemowlecy\/body-i-bloomersy-z-opaska-roz\/\" target=\"_blank\" rel=\"noopener\"><strong>Komplet body bloomersy z opask\u0105<\/strong><\/a> sprawdzi si\u0119 zar\u00f3wno na co dzie\u0144, jak i na specjalne okazje. To praktyczny wyb\u00f3r dla ka\u017cdej mamy, kt\u00f3ra chce, aby jej dziecko wygl\u0105da\u0142o stylowo w ka\u017cdej sytuacji. Nie zwlekaj i wybierz wysokiej jako\u015bci <a href=\"https:\/\/mama-niemowlaka.pl\/sklep\/t\/bloomersy\/\" target=\"_blank\" rel=\"noopener\"><strong>bloomersy<\/strong><\/a> i body dla swojej ma\u0142ej ksi\u0119\u017cniczki. Zapewnij jej wygod\u0119, styl i u\u015bmiech ka\u017cdego dnia!<\/p>\n<h2 data-pm-slice=\"1 1 []\"><strong>Wyj\u0105tkowe bloomersy niemowl\u0119ce w sklepie <\/strong><a href=\"https:\/\/mama-niemowlaka.pl\"><strong>mama-niemowlaka.pl<\/strong><\/a><\/h2>\n<p data-pm-slice=\"1 1 []\">Bloomersy spodenki to urocze, lu\u017ane szorty dla dziewczynek lub ch\u0142opc\u00f3w. Nie kr\u0119puj\u0105 ruch\u00f3w i mieszcz\u0105 pieluszk\u0119. S\u0105 one praktyczne i bardzo modne.<\/p>\n<p data-pm-slice=\"1 1 []\">W sklepie <a href=\"https:\/\/mama-niemowlaka.pl\">mama-niemowlaka.pl<\/a> znajdziesz urocze bloomersy niemowl\u0119ce sprzedawane osobno oraz w uroczych zestawach. Sprawd\u017a pozosta\u0142e wysokiej jako\u015bci bloomersy bawe\u0142niane dost\u0119pne w sklepie <a href=\"https:\/\/mama-niemowlaka.pl\">mama-niemowlaka.pl<\/a> w kategorii <a href=\"https:\/\/mama-niemowlaka.pl\/sklep\/t\/bloomersy\/\" target=\"_blank\" rel=\"noopener\"><strong>bloomersy<\/strong><\/a>. Znajdziesz tu <a href=\"https:\/\/mama-niemowlaka.pl\/sklep\/t\/bloomersy\/\" target=\"_blank\" rel=\"noopener\"><strong>bloomersy spodenki<\/strong><\/a>, <a href=\"https:\/\/mama-niemowlaka.pl\/sklep\/t\/bloomersy\/\" target=\"_blank\" rel=\"noopener\"><strong>bloomersy dla dziewczynki<\/strong><\/a> w zestawie z body, <a href=\"https:\/\/mama-niemowlaka.pl\/sklep\/t\/bloomersy\/\" target=\"_blank\" rel=\"noopener\"><strong>bloomersy majtki<\/strong><\/a> dla dziewczynki w komplecie z sukienkami i wiele innych.<\/p>\n<p data-pm-slice=\"1 1 []\">Odkryj bloomersy dzieci\u0119ce dost\u0119pne w naszym sklepie i wybierz wygodne <a href=\"https:\/\/mama-niemowlaka.pl\/sklep\/t\/letnie-ubranka-dla-niemowlat\/\" target=\"_blank\" rel=\"noopener\"><strong>letnie ubranka dla niemowlaka<\/strong><\/a>.<\/p>\n","protected":false},"excerpt":{"rendered":"<p data-pm-slice=\"1 1 []\">Body i bloomersy z opask\u0105 to wyj\u0105tkowy zestaw ubranek dla dziewczynki, kt\u00f3ry \u0142\u0105czy styl, wygod\u0119 i funkcjonalno\u015b\u0107. W sk\u0142ad zestawu wchodz\u0105: z bia\u0142e <a href=\"https:\/\/mama-niemowlaka.pl\/sklep\/t\/body-z-dlugim-rekawem\/\" target=\"_blank\" rel=\"noopener\"><strong>body z d\u0142ugim r\u0119kawem<\/strong><\/a>, bloomersy dla dziewczynki w kolorze r\u00f3\u017cowym oraz urocza opaska na g\u0142ow\u0119. Ten letni komplet bloomers i body jest idealny na ka\u017cd\u0105 okazj\u0119, od codziennych zabaw po rodzinne uroczysto\u015bci.<\/p>\n<p><a href=\"https:\/\/mama-niemowlaka.pl\/sklep\/produkt\/ubranka-niemowlece\/komplet-niemowlecy\/body-i-bloomersy-z-opaska-roz\/\" target=\"_blank\" rel=\"noopener\"><strong>Komplet body i bloomersy z opask\u0105<\/strong><\/a> dost\u0119pny jest w trzech rozmiarach 68, 74 i 80. Body niemowl\u0119ce i bloomersy dla dziewczynki wyst\u0119puj\u0105 r\u00f3wnie\u017c w kolorze bia\u0142o-be\u017cowym: <a href=\"https:\/\/mama-niemowlaka.pl\/sklep\/produkt\/ubranka-niemowlece\/komplet-niemowlecy\/body-i-bloomersy-komplet-bez\/\" target=\"_blank\" rel=\"noopener\"><strong>Komplet body bloomersy i opaska &#8211; be\u017c<\/strong><\/a>.<\/p>\n<p>Sk\u0142ad: 100% bawe\u0142na<\/p>\n","protected":false},"featured_media":14302,"template":"","meta":[],"product_brand":[],"product_cat":[122,57],"product_tag":[118,175,161,249,247,152,153,351,358,355,180,172],"class_list":{"0":"post-14298","1":"product","2":"type-product","3":"status-publish","4":"has-post-thumbnail","6":"product_cat-komplet-niemowlecy","7":"product_cat-ubranka-niemowlece","8":"product_tag-bawelna","9":"product_tag-bloomersy-niemowlece","10":"product_tag-body-dla-niemowlat","11":"product_tag-body-dla-dziewczynek","12":"product_tag-body-z-dlugim-rekawem","13":"product_tag-ubranka-dla-niemowlat-dziewczynek","14":"product_tag-komplet","15":"product_tag-komplety-niemowlece-dla-dziewczynki","16":"product_tag-ubranka-letnie-dla-dziewczynki","17":"product_tag-letnie-ubranka-dla-niemowlat","18":"product_tag-nowosc","19":"product_tag-opaski-dla-niemowlat","20":"product_shipping_class-lekka","21":"pa_rozmiar-313","22":"pa_rozmiar-314","23":"pa_rozmiar-315","25":"first","26":"instock","27":"taxable","28":"shipping-taxable","29":"purchasable","30":"product-type-variable","31":"has-default-attributes","32":"wvs-archive-product-wrapper"},"_links":{"self":[{"href":"https:\/\/mama-niemowlaka.pl\/sklep\/wp-json\/wp\/v2\/product\/14298","targetHints":{"allow":["GET"]}}],"collection":[{"href":"https:\/\/mama-niemowlaka.pl\/sklep\/wp-json\/wp\/v2\/product"}],"about":[{"href":"https:\/\/mama-niemowlaka.pl\/sklep\/wp-json\/wp\/v2\/types\/product"}],"wp:featuredmedia":[{"embeddable":true,"href":"https:\/\/mama-niemowlaka.pl\/sklep\/wp-json\/wp\/v2\/media\/14302"}],"wp:attachment":[{"href":"https:\/\/mama-niemowlaka.pl\/sklep\/wp-json\/wp\/v2\/media?parent=14298"}],"wp:term":[{"taxonomy":"product_brand","embeddable":true,"href":"https:\/\/mama-niemowlaka.pl\/sklep\/wp-json\/wp\/v2\/product_brand?post=14298"},{"taxonomy":"product_cat","embeddable":true,"href":"https:\/\/mama-niemowlaka.pl\/sklep\/wp-json\/wp\/v2\/product_cat?post=14298"},{"taxonomy":"product_tag","embeddable":true,"href":"https:\/\/mama-niemowlaka.pl\/sklep\/wp-json\/wp\/v2\/product_tag?post=14298"}],"curies":[{"name":"wp","href":"https:\/\/api.w.org\/{rel}","templated":true}]}}