{"id":14405,"date":"2024-05-17T22:30:35","date_gmt":"2024-05-17T20:30:35","guid":{"rendered":"https:\/\/mama-niemowlaka.pl\/sklep\/?post_type=product&#038;p=14405"},"modified":"2024-06-19T10:48:45","modified_gmt":"2024-06-19T08:48:45","slug":"rampers-z-krotkim-rekawem-bezowy","status":"publish","type":"product","link":"https:\/\/mama-niemowlaka.pl\/sklep\/produkt\/ubranka-niemowlece\/pajacyki-dla-niemowlat\/rampers-z-krotkim-rekawem-bezowy\/","title":{"rendered":"Rampers niemowl\u0119cy z kr\u00f3tkim r\u0119kawem &#8211; be\u017cowy"},"content":{"rendered":"<h2 data-pm-slice=\"1 1 []\"><strong>Rampersy z kr\u00f3tkim r\u0119kawem &#8211; idealne letnie ubranko dla niemowlaka<\/strong><\/h2>\n<p data-pm-slice=\"1 1 []\">Rampersy z kr\u00f3tkim r\u0119kawem to wygodne ubranko, kt\u00f3re jest bardzo cz\u0119sto wybierane przez rodzic\u00f3w latem. <a href=\"https:\/\/mama-niemowlaka.pl\/sklep\/produkt\/ubranka-niemowlece\/pajacyki-dla-niemowlat\/rampers-z-krotkim-rekawem-bezowy\/\" target=\"_blank\" rel=\"noopener\"><strong>Rampers z kr\u00f3tkim r\u0119kawem<\/strong><\/a> to doskona\u0142y wyb\u00f3r na letnie dni. Kr\u00f3tkie r\u0119kawy i kr\u00f3tkie nogawki zapewniaj\u0105 odpowiedni\u0105 wentylacj\u0119, a oddychaj\u0105cy materia\u0142 zapobiega przegrzewaniu si\u0119 dziecka. Wysokiej jako\u015bci bawe\u0142na, z kt\u00f3rej wykonany jest rampers niemowl\u0119cy, zachowa sw\u00f3j kszta\u0142t i kolor nawet po wielu praniach, co czyni go trwa\u0142ym elementem garderoby Twojego malucha.<\/p>\n<p data-pm-slice=\"1 1 []\"><a href=\"https:\/\/mama-niemowlaka.pl\/sklep\/produkt\/ubranka-niemowlece\/pajacyki-dla-niemowlat\/rampers-z-krotkim-rekawem-bezowy\/\" target=\"_blank\" rel=\"noopener\"><strong>Rampers z kr\u00f3tkim r\u0119kawem<\/strong><\/a> zapinany na bezniklowe napki to synonim bezpiecze\u0144stwa i wygody. Bezniklowe napki eliminuj\u0105 ryzyko podra\u017cnie\u0144 i alergii, co jest szczeg\u00f3lnie wa\u017cne dla delikatnej sk\u00f3ry niemowl\u0105t. Praktyczne zapi\u0119cie na ca\u0142ej d\u0142ugo\u015bci u\u0142atwia szybkie i bezproblemowe przewijanie oraz przebieranie malucha, co jest niezwykle istotne w codziennej piel\u0119gnacji.<\/p>\n<p data-pm-slice=\"1 1 []\">Rampersy z kr\u00f3tkim r\u0119kawem s\u0105 szczeg\u00f3lne popularne latem. Doskonale si\u0119 sprawdz\u0105 jako <a href=\"https:\/\/mama-niemowlaka.pl\/sklep\/t\/letnie-ubranka-dla-niemowlat\/\" target=\"_blank\" rel=\"noopener\"><strong>letnie ubranka niemowl\u0119ce<\/strong><\/a>. Sprawd\u017a nasze pozosta\u0142e propozycje <a href=\"https:\/\/mama-niemowlaka.pl\/sklep\/t\/letnie-ubranka-dla-niemowlat\/\" target=\"_blank\" rel=\"noopener\"><strong>letnich ubranek niemowl\u0119cych<\/strong><\/a> i kup wygodny rampers dzieci\u0119cy.<\/p>\n<h2 data-pm-slice=\"1 1 []\"><strong>Przewiewne ubranka niemowl\u0119ce w sklepie <\/strong><a href=\"http:\/\/mama-niemowlaka.pl\"><strong>mama-niemowlaka.pl<\/strong><\/a><\/h2>\n<p data-pm-slice=\"1 1 []\">Odwied\u017a nasz sklep internetowy <a href=\"http:\/\/www.mama-niemowlaka.pl\"><strong>www.mama-niemowlaka.pl<\/strong><\/a>, gdzie znajdziesz szeroki wyb\u00f3r pajacyk\u00f3w oraz <a href=\"https:\/\/mama-niemowlaka.pl\/sklep\/ubranka-niemowlece\/\" target=\"_blank\" rel=\"noopener\"><strong>ubranek niemowl\u0119cych<\/strong><\/a> najwy\u017cszej jako\u015bci. Znajdziesz tu \u015bliczne <a href=\"https:\/\/mama-niemowlaka.pl\/sklep\/c\/ubranka-niemowlece\/pajacyki-dla-niemowlat\/\" target=\"_blank\" rel=\"noopener\"><strong>pajace dla niemowlaka<\/strong><\/a> zar\u00f3wno rampersy ch\u0142opi\u0119ce jak i rampersy dziewcz\u0119ce. Sprawd\u017a <a href=\"https:\/\/mama-niemowlaka.pl\/sklep\/t\/rampersy\/\" target=\"_blank\" rel=\"noopener\"><strong>rampersy niemowl\u0119ce<\/strong><\/a> dost\u0119pne w naszym sklepie i wybierz idealne <a href=\"https:\/\/mama-niemowlaka.pl\/sklep\/ubranka-niemowlece\/\" target=\"_blank\" rel=\"noopener\"><strong>ubranka dla niemowl\u0105t<\/strong><\/a> dla swojego Malucha. W naszym sklepie kupisz urocze rampersy niemowl\u0119ce z kr\u00f3tkim r\u0119kawem, rampersy z kapturem oraz wygodny rampers d\u0142ugi r\u0119kaw.<\/p>\n<p data-pm-slice=\"1 1 []\">Sprawd\u017a pozosta\u0142e \u015bliczne rampersy dla niemowlaka i kup wygodny wielofunkcyjny pajacyk dresowy do swojej <a href=\"https:\/\/mama-niemowlaka.pl\/sklep\/c\/ubranka-niemowlece\/wyprawka-dla-noworodka\/\" target=\"_blank\" rel=\"noopener\"><strong>wyprawki niemowl\u0119cej<\/strong><\/a>. Pozosta\u0142e bawe\u0142niane pajace dla niemowlaka i rampersy niemowl\u0119ce znajdziesz w kategorii <a href=\"https:\/\/mama-niemowlaka.pl\/sklep\/c\/ubranka\/pajacyki-dla-niemowlat\/\" target=\"_blank\" rel=\"noopener\"><strong>pajacyki dla niemowlaka.<\/strong><\/a><\/p>\n","protected":false},"excerpt":{"rendered":"<p data-pm-slice=\"1 1 []\">Uroczy rampers niemowl\u0119cy z kr\u00f3tkim r\u0119kawem i nogawkami w kolorze be\u017cowym. To doskona\u0142e letnie ubranko, kt\u00f3re zapewni Twojemu maluchowi wygod\u0119 i swobod\u0119 ruch\u00f3w w cieplejsze dni. Wykonany z mi\u0119kkiej, przewiewnej bawe\u0142ny, rampers z kr\u00f3tkim r\u0119kawem gwarantuje komfort i ochron\u0119 delikatnej sk\u00f3ry dziecka. Delikatny wz\u00f3r z drzewkami i aplikacja wiewi\u00f3rki dodaj\u0105 mu wyj\u0105tkowego uroku, kt\u00f3ry zachwyci zar\u00f3wno dzieci, jak i rodzic\u00f3w.<\/p>\n<p><a href=\"https:\/\/mama-niemowlaka.pl\/sklep\/produkt\/ubranka-niemowlece\/pajacyki-dla-niemowlat\/rampers-z-krotkim-rekawem-bezowy\/\" target=\"_blank\" rel=\"noopener\"><strong>Rampers z kr\u00f3tkim r\u0119kawem<\/strong><\/a> wyst\u0119puje w trzech rozmiarach: 62, 68 i 74.<\/p>\n<p>Sk\u0142ad: 100% bawe\u0142na<\/p>\n","protected":false},"featured_media":14410,"template":"","meta":[],"product_brand":[],"product_cat":[59,57],"product_tag":[118,145,152,355,220,180,277,270,272,273,275,276,274,269,235],"class_list":{"0":"post-14405","1":"product","2":"type-product","3":"status-publish","4":"has-post-thumbnail","6":"product_cat-pajacyki-dla-niemowlat","7":"product_cat-ubranka-niemowlece","8":"product_tag-bawelna","9":"product_tag-ubranka-dla-niemowlat-chlopca","10":"product_tag-ubranka-dla-niemowlat-dziewczynek","11":"product_tag-letnie-ubranka-dla-niemowlat","12":"product_tag-ubranka-dla-noworodkow","13":"product_tag-nowosc","14":"product_tag-pajacyk-80","15":"product_tag-pajacyk-do-spania","16":"product_tag-pajacyk-niemowlecy-62","17":"product_tag-pajacyki-68","18":"product_tag-pajacyki-74","19":"product_tag-pajacyki-bez-stopek","20":"product_tag-pajacyki-dla-dziewczynek","21":"product_tag-pajacyki-niemowlece-dla-chlopca","22":"product_tag-rampersy","23":"product_shipping_class-lekka","24":"pa_rozmiar-312","25":"pa_rozmiar-313","26":"pa_rozmiar-314","28":"first","29":"instock","30":"taxable","31":"shipping-taxable","32":"purchasable","33":"product-type-variable","34":"has-default-attributes","35":"wvs-archive-product-wrapper"},"_links":{"self":[{"href":"https:\/\/mama-niemowlaka.pl\/sklep\/wp-json\/wp\/v2\/product\/14405","targetHints":{"allow":["GET"]}}],"collection":[{"href":"https:\/\/mama-niemowlaka.pl\/sklep\/wp-json\/wp\/v2\/product"}],"about":[{"href":"https:\/\/mama-niemowlaka.pl\/sklep\/wp-json\/wp\/v2\/types\/product"}],"wp:featuredmedia":[{"embeddable":true,"href":"https:\/\/mama-niemowlaka.pl\/sklep\/wp-json\/wp\/v2\/media\/14410"}],"wp:attachment":[{"href":"https:\/\/mama-niemowlaka.pl\/sklep\/wp-json\/wp\/v2\/media?parent=14405"}],"wp:term":[{"taxonomy":"product_brand","embeddable":true,"href":"https:\/\/mama-niemowlaka.pl\/sklep\/wp-json\/wp\/v2\/product_brand?post=14405"},{"taxonomy":"product_cat","embeddable":true,"href":"https:\/\/mama-niemowlaka.pl\/sklep\/wp-json\/wp\/v2\/product_cat?post=14405"},{"taxonomy":"product_tag","embeddable":true,"href":"https:\/\/mama-niemowlaka.pl\/sklep\/wp-json\/wp\/v2\/product_tag?post=14405"}],"curies":[{"name":"wp","href":"https:\/\/api.w.org\/{rel}","templated":true}]}}