{"id":14490,"date":"2025-04-21T14:32:19","date_gmt":"2025-04-21T12:32:19","guid":{"rendered":"https:\/\/mama-niemowlaka.pl\/sklep\/?post_type=product&#038;p=14490"},"modified":"2025-11-25T22:48:46","modified_gmt":"2025-11-25T21:48:46","slug":"eleganckie-koszulobody-jeansowe","status":"publish","type":"product","link":"https:\/\/mama-niemowlaka.pl\/sklep\/produkt\/ubranka-niemowlece\/body-niemowlece\/eleganckie-koszulobody-jeansowe\/","title":{"rendered":"Eleganckie koszulobody w kolorze jeansowym"},"content":{"rendered":"<h2><strong>Eleganckie koszulobody jeansowe s\u0105 wykonane z cienkiej bawe\u0142ny.\u00a0<\/strong><\/h2>\n<p>Eleganckie koszulobody jeansowe to koszulobody z cienkiej bawe\u0142ny z ko\u0142nierzykiem i mankietami, zapinanymi na guziki. Koszulobody ch\u0142opi\u0119ce doskonale sprawdz\u0105 si\u0119 jako eleganckie ubranko dla ch\u0142opca do Chrztu, na Roczek, na wesele i inne uroczysto\u015bci.<\/p>\n<p><span style=\"font-weight: 400\">jeansowe koszulobody z d\u0142ugim r\u0119kawem wykonane s\u0105 z mi\u0119kkiej bawe\u0142ny, wysokiej jako\u015bci. Body s\u0105 bardzo przyjemne dla sk\u00f3ry oraz bardzo \u0142atwe w prasowaniu. Koszulobody s\u0105 zapiane na guziki, ale tylko do pasa. Dzi\u0119ki czemu, gdy dziecko siedzi koszula nie rozchodzi si\u0119 na brzuszku. Na dole, w kroku koszulobody s\u0105 zapinane jak klasyczne body na napki, kt\u00f3re nie zawieraj\u0105 niklu.\u00a0<\/span><\/p>\n<h2 data-pm-slice=\"1 1 []\"><strong>Eleganckie koszulobody dla ch\u0142opca w sklepie <\/strong><a href=\"https:\/\/mama-niemowlaka.pl\/sklep\/\" target=\"_blank\" rel=\"noopener\"><strong>mama-niemowlaka.pl<\/strong><\/a><\/h2>\n<p data-pm-slice=\"1 1 []\">Znajd\u017a idealny elegancki <a href=\"https:\/\/mama-niemowlaka.pl\/sklep\/c\/ubranka-niemowlece\/komplet-niemowlecy\/\" target=\"_blank\" rel=\"noopener\">komplet dla ch\u0142opca<\/a> w sklepie <a href=\"https:\/\/mama-niemowlaka.pl\/sklep\/\" target=\"_blank\" rel=\"noopener\"><strong>mama-niemowlaka.pl<\/strong><\/a>. Oferujemy szeroki wyb\u00f3r <a href=\"https:\/\/mama-niemowlaka.pl\/sklep\/c\/ubranka-niemowlece\/eleganckie-ubranka-dla-chlopca\/\" target=\"_blank\" rel=\"noopener\"><strong>eleganckich ubranek dla ch\u0142opc\u00f3w<\/strong><\/a>, w tym wygodne <a href=\"https:\/\/mama-niemowlaka.pl\/sklep\/c\/ubranka-niemowlece\/komplet-niemowlecy\/\" target=\"_blank\" rel=\"noopener\"><strong>komplety niemowl\u0119ce<\/strong><\/a>, <a href=\"https:\/\/mama-niemowlaka.pl\/sklep\/t\/ubranka-do-chrztu\/\" target=\"_blank\" rel=\"noopener\"><strong>ubranka do Chrztu<\/strong><\/a> oraz <a href=\"https:\/\/mama-niemowlaka.pl\/sklep\/c\/ubranka-niemowlece\/szelki-i-mucha-dla-niemowlaka\/\" target=\"_blank\" rel=\"noopener\"><strong>szelki i muchy dla niemowlaka<\/strong><\/a>. Nasze <a href=\"https:\/\/mama-niemowlaka.pl\/sklep\/c\/ubranka-niemowlece\/komplet-niemowlecy\/\" target=\"_blank\" rel=\"noopener\"><strong>eleganckie komplety niemowl\u0119ce<\/strong><\/a> s\u0105 wykonane z wysokiej jako\u015bci materia\u0142\u00f3w, zapewniaj\u0105c wygod\u0119 i modny wygl\u0105d Twojemu maluchowi. Zapoznaj si\u0119 z nasz\u0105 kolekcj\u0105 ubranek na specjalne okazje dla ch\u0142opca i wybierz najlepszy <a href=\"https:\/\/mama-niemowlaka.pl\/sklep\/c\/ubranka-niemowlece\/komplet-niemowlecy\/\" target=\"_blank\" rel=\"noopener\"><strong>eleganckie komplety ch\u0142opi\u0119ce<\/strong><\/a> dla ma\u0142ych d\u017centelmen\u00f3w ju\u017c dzi\u015b!<\/p>\n<p><span style=\"font-weight: 400\">Koszulobody jest mi\u0119ciutkie bawe\u0142niane, szaro-niebieskie. <\/span><\/p>\n<p><span style=\"font-weight: 400\">Sk\u0142ad:<\/span><\/p>\n<p><span style=\"font-weight: 400\">80% bawe\u0142na, 20% poliester<\/span><\/p>\n<p><span style=\"font-weight: 400\">Wymiary rozmiar\u00f3w :<\/span><\/p>\n<table>\n<tbody>\n<tr>\n<td><b>Koszulobody<\/b><\/td>\n<td><b>68<\/b><\/td>\n<td><b>74<\/b><\/td>\n<td><b>80<\/b><\/td>\n<td><b>86<\/b><\/td>\n<td><b>92<\/b><\/td>\n<\/tr>\n<tr>\n<td><span style=\"font-weight: 400\">D\u0142ugo\u015b\u0107 ca\u0142kowita<\/span><\/td>\n<td><span style=\"font-weight: 400\">39cm<\/span><\/td>\n<td><span style=\"font-weight: 400\">41cm<\/span><\/td>\n<td><span style=\"font-weight: 400\">43cm<\/span><\/td>\n<td><span style=\"font-weight: 400\">45cm<\/span><\/td>\n<td><span style=\"font-weight: 400\">47cm<\/span><\/td>\n<\/tr>\n<tr>\n<td><span style=\"font-weight: 400\">D\u0142. od pachy do pachy<\/span><\/td>\n<td><span style=\"font-weight: 400\">30cm<\/span><\/td>\n<td><span style=\"font-weight: 400\">30cm<\/span><\/td>\n<td><span style=\"font-weight: 400\">31cm<\/span><\/td>\n<td><span style=\"font-weight: 400\">30cm<\/span><\/td>\n<td><span style=\"font-weight: 400\">32cm<\/span><\/td>\n<\/tr>\n<tr>\n<td><span style=\"font-weight: 400\">D\u0142ugo\u015b\u0107 r\u0119kawa<\/span><\/td>\n<td><span style=\"font-weight: 400\">25cm<\/span><\/td>\n<td><span style=\"font-weight: 400\">25cm<\/span><\/td>\n<td><span style=\"font-weight: 400\">27,5cm<\/span><\/td>\n<td><span style=\"font-weight: 400\">27,5cm<\/span><\/td>\n<td><span style=\"font-weight: 400\">30cm<\/span><\/td>\n<\/tr>\n<\/tbody>\n<\/table>\n","protected":false},"excerpt":{"rendered":"<p><span style=\"font-weight: 400\">Eleganckie koszulobody w kolorze jeansowym wykonane z cienkiej bawe\u0142ny.\u00a0<\/span><\/p>\n<p>Casualowe, eleganckie koszulobody bawe\u0142niane. Koszulobody ch\u0142opi\u0119ce doskonale sprawdz\u0105 si\u0119 jako eleganckie ubranko dla ch\u0142opca.<\/p>\n<p><span style=\"font-weight: 400\">Jeansowe eleganckie koszulobody z d\u0142ugim r\u0119kawem wykonane s\u0105 z cienkiej mi\u0119kkiej wysokiej jako\u015bci bawe\u0142ny. Body s\u0105 bardzo przyjemne dla sk\u00f3ry oraz bardzo \u0142atwe w prasowaniu. Koszulobody s\u0105 zapiane na guziki, ale tylko do pasa. Dzi\u0119ki czemu, gdy dziecko siedzi koszula nie rozchodzi si\u0119 na brzuszku. Na dole, w kroku koszulobody s\u0105 zapinane jak klasyczne body na napki, kt\u00f3re nie zawieraj\u0105 niklu.\u00a0<\/span><\/p>\n<p><span style=\"font-weight: 400\">Koszulobody jest mi\u0119ciutkie bawe\u0142niane,\u00a0<\/span><\/p>\n<p><span style=\"font-weight: 400\">Eleganckie koszulobody \u015bwietnie skomponuj\u0105 si\u0119 z spodniami lub zwyk\u0142ymi jeansami. Mucha i szelki dodadz\u0105 ca\u0142e stylizacji elegancji.<\/span><\/p>\n<p><span style=\"font-weight: 400\">Sk\u0142ad:<\/span><\/p>\n<p><span style=\"font-weight: 400\">80% bawe\u0142na, 20% poliester<\/span><\/p>\n<p><span style=\"font-weight: 400\">Wymiary rozmiar\u00f3w :<\/span><\/p>\n<table>\n<tbody>\n<tr>\n<td><b>Koszulobody<\/b><\/td>\n<td><b>74<\/b><\/td>\n<td><b>80<\/b><\/td>\n<td><b>92<\/b><\/td>\n<\/tr>\n<tr>\n<td><span style=\"font-weight: 400\">D\u0142ugo\u015b\u0107 ca\u0142kowita<\/span><\/td>\n<td><span style=\"font-weight: 400\">44,5cm<\/span><\/td>\n<td><span style=\"font-weight: 400\">48cm<\/span><\/td>\n<td><span style=\"font-weight: 400\">51cm<\/span><\/td>\n<\/tr>\n<tr>\n<td><span style=\"font-weight: 400\">D\u0142. od pachy do pachy<\/span><\/td>\n<td><span style=\"font-weight: 400\">30cm<\/span><\/td>\n<td><span style=\"font-weight: 400\">31cm<\/span><\/td>\n<td><span style=\"font-weight: 400\">32cm<\/span><\/td>\n<\/tr>\n<tr>\n<td><span style=\"font-weight: 400\">D\u0142ugo\u015b\u0107 r\u0119kawa<\/span><\/td>\n<td><span style=\"font-weight: 400\">25cm<\/span><\/td>\n<td><span style=\"font-weight: 400\">27,5cm<\/span><\/td>\n<td><span style=\"font-weight: 400\">30cm<\/span><\/td>\n<\/tr>\n<\/tbody>\n<\/table>\n<p><span style=\"font-weight: 400\">\u00a0<\/span><\/p>\n","protected":false},"featured_media":14494,"template":"","meta":[],"product_brand":[],"product_cat":[137,57],"product_tag":[118,243,161,250,238,145,155,248,342,180,228],"class_list":{"0":"post-14490","1":"product","2":"type-product","3":"status-publish","4":"has-post-thumbnail","6":"product_cat-body-niemowlece","7":"product_cat-ubranka-niemowlece","8":"product_tag-bawelna","9":"product_tag-black-friday","10":"product_tag-body-dla-niemowlat","11":"product_tag-body-dla-chlopca","12":"product_tag-ubranka-swiateczne-dla-niemowlaka","13":"product_tag-ubranka-dla-niemowlat-chlopca","14":"product_tag-eleganckie","15":"product_tag-eleganckie-body","16":"product_tag-koszulobody","17":"product_tag-nowosc","18":"product_tag-promocje","19":"product_shipping_class-lekka","20":"pa_rozmiar-313","21":"pa_rozmiar-314","22":"pa_rozmiar-315","23":"pa_rozmiar-316","24":"pa_rozmiar-317","26":"first","27":"instock","28":"sale","29":"taxable","30":"shipping-taxable","31":"purchasable","32":"product-type-variable","33":"has-default-attributes","34":"wvs-archive-product-wrapper"},"_links":{"self":[{"href":"https:\/\/mama-niemowlaka.pl\/sklep\/wp-json\/wp\/v2\/product\/14490","targetHints":{"allow":["GET"]}}],"collection":[{"href":"https:\/\/mama-niemowlaka.pl\/sklep\/wp-json\/wp\/v2\/product"}],"about":[{"href":"https:\/\/mama-niemowlaka.pl\/sklep\/wp-json\/wp\/v2\/types\/product"}],"wp:featuredmedia":[{"embeddable":true,"href":"https:\/\/mama-niemowlaka.pl\/sklep\/wp-json\/wp\/v2\/media\/14494"}],"wp:attachment":[{"href":"https:\/\/mama-niemowlaka.pl\/sklep\/wp-json\/wp\/v2\/media?parent=14490"}],"wp:term":[{"taxonomy":"product_brand","embeddable":true,"href":"https:\/\/mama-niemowlaka.pl\/sklep\/wp-json\/wp\/v2\/product_brand?post=14490"},{"taxonomy":"product_cat","embeddable":true,"href":"https:\/\/mama-niemowlaka.pl\/sklep\/wp-json\/wp\/v2\/product_cat?post=14490"},{"taxonomy":"product_tag","embeddable":true,"href":"https:\/\/mama-niemowlaka.pl\/sklep\/wp-json\/wp\/v2\/product_tag?post=14490"}],"curies":[{"name":"wp","href":"https:\/\/api.w.org\/{rel}","templated":true}]}}