{"id":14505,"date":"2024-04-03T15:05:42","date_gmt":"2024-04-03T13:05:42","guid":{"rendered":"https:\/\/mama-niemowlaka.pl\/sklep\/?post_type=product&#038;p=14505"},"modified":"2026-03-02T23:11:11","modified_gmt":"2026-03-02T22:11:11","slug":"body-kopertowe-z-krotkim-rekawem-biale-misie","status":"publish","type":"product","link":"https:\/\/mama-niemowlaka.pl\/sklep\/produkt\/ubranka-niemowlece\/body-niemowlece\/body-kopertowe-z-krotkim-rekawem-biale-misie\/","title":{"rendered":"Body kopertowe z kr\u00f3tkim r\u0119kawem &#8211; ecru w misie"},"content":{"rendered":"<h2 data-pm-slice=\"1 1 []\"><strong>Body kopertowe niemowl\u0119ce z kr\u00f3tkim r\u0119kawem<\/strong><\/h2>\n<p data-pm-slice=\"1 1 []\"><strong><a href=\"https:\/\/mama-niemowlaka.pl\/sklep\/produkt\/ubranka-niemowlece\/body-niemowlece\/body-kopertowe-z-krotkim-rekawem-biale-misie\/\" target=\"_blank\" rel=\"noopener\">Body kopertowe z kr\u00f3tkim r\u0119kawem<\/a><\/strong> w kolorze ecru pokryte uroczym nadrukiem w misie. To wyj\u0105tkowa propozycja dla rodzic\u00f3w, kt\u00f3rzy szukaj\u0105 idealnego pierwszego ubranka dla swojego male\u0144stwa. Te uniwersalne body kopertowe zar\u00f3wno dla ch\u0142opca jak i dziewczynki, zosta\u0142y stworzone z my\u015bl\u0105 o bezpiecze\u0144stwie i wygodzie najm\u0142odszych, wykonane z 100% bawe\u0142ny. To niezast\u0105piony element wyprawki dla noworodka.<\/p>\n<p data-pm-slice=\"1 1 []\">Ubranko posiada wygodne zapi\u0119cie: na dwie zak\u0142adki, jedn\u0105 (zewn\u0119trzn\u0105) zapinan\u0105 na dwie napki z boku ubranka oraz drug\u0105 (wewn\u0119trzn\u0105) zapinan\u0105 po drugiej stronie. Dzi\u0119ki zapi\u0119ciu kopertowemu ubranko u\u0142atwia codzienn\u0105 piel\u0119gnacj\u0119 przez wygodne ubieranie i rozbieranie malucha. Napki zastosowane w tym <strong><a href=\"https:\/\/mama-niemowlaka.pl\/sklep\/produkt\/ubranka-niemowlece\/body-niemowlece\/body-kopertowe-z-krotkim-rekawem-biale-misie\/\" target=\"_blank\" rel=\"noopener\">body kopertowe z kr\u00f3tkim r\u0119kawem<\/a><\/strong> s\u0105 bezniklowe, co oznacza, \u017ce s\u0105 przyjazne dla delikatnej sk\u00f3ry niemowl\u0105t i nie wywo\u0142uj\u0105 alergii. Dzi\u0119ki temu rodzice mog\u0105 mie\u0107 pewno\u015b\u0107, \u017ce ubieraj\u0105c swoje dziecko w to ubranko dla niemowlaka, dostarczaj\u0105 jej wyj\u0105tkowego komfortu i bezpiecze\u0144stwa.<\/p>\n<p data-pm-slice=\"1 1 []\"><strong><a href=\"https:\/\/mama-niemowlaka.pl\/sklep\/produkt\/ubranka-niemowlece\/body-niemowlece\/body-kopertowe-z-krotkim-rekawem-biale-misie\/\" target=\"_blank\" rel=\"noopener\">Body kopertowe z kr\u00f3tkim r\u0119kawem<\/a><\/strong> to doskona\u0142y model dla noworodk\u00f3w.<\/p>\n<h2 data-pm-slice=\"1 1 []\"><strong>Ubranka niemowl\u0119ce &#8211; body niemowl\u0119ce w sklepie <a href=\"https:\/\/mama-niemowlaka.pl\">mama-niemowlaka.pl<\/a><\/strong><\/h2>\n<p data-pm-slice=\"1 1 []\">Odwied\u017a nasz sklep internetowy <strong><a href=\"https:\/\/mama-niemowlaka.pl\">mama-niemowlaka.pl<\/a><\/strong>, gdzie znajdziesz szeroki wyb\u00f3r najwy\u017cszej jako\u015bci <strong><a href=\"https:\/\/mama-niemowlaka.pl\/sklep\/ubranka-niemowlece\/\" target=\"_blank\" rel=\"noopener\">ubranek niemowl\u0119cych<\/a><\/strong>. Gwarantujemy wysy\u0142k\u0119 zam\u00f3wienia w ci\u0105gu 48 godzin oraz darmow\u0105 wymian\u0119 towaru lub mo\u017cliwo\u015b\u0107 zwrotu w ci\u0105gu 14 dni. Co wi\u0119cej, je\u015bli zam\u00f3wisz za minimum 249 PLN, dostawa b\u0119dzie ca\u0142kowicie darmowa.<\/p>\n<p data-pm-slice=\"1 1 []\">Skorzystaj teraz z naszych us\u0142ug i sprawd\u017a nasz\u0105 ofert\u0119 <strong><a href=\"https:\/\/mama-niemowlaka.pl\/sklep\/ubranka-niemowlece\/\" target=\"_blank\" rel=\"noopener\">ubranek niemowl\u0119cych<\/a><\/strong> ju\u017c dzi\u015b! Z nami skompletujesz wyprawk\u0119 dla noworodka oraz kupisz wygodne, bezpieczne ubranka dla niemowl\u0105t.<\/p>\n","protected":false},"excerpt":{"rendered":"<p data-pm-slice=\"1 1 []\"><strong><a href=\"https:\/\/mama-niemowlaka.pl\/sklep\/c\/ubranka-niemowlece\/body-niemowlece\/\" target=\"_blank\" rel=\"noopener\">Body niemowl\u0119ce<\/a><\/strong> w kolorze ecru w urocze misie. Nadruk jest trwa\u0142y i bezpieczny dla dziecka. Bawe\u0142niane body posiadaj\u0105 kr\u00f3tkie r\u0119kawki i s\u0105 niezwykle wygodne dla najm\u0142odszych. Ubranko rozpinane jest na dwie zak\u0142adki, obie zapinane na bezniklowe napki. W <strong><a href=\"https:\/\/mama-niemowlaka.pl\/sklep\/t\/body-kopertowe\/\" target=\"_blank\" rel=\"noopener\">body kopertowe<\/a><\/strong> bardzo dobrze ubiera si\u0119 malutkie dziecko, zw\u0142aszcza na pocz\u0105tku pierwszych miesi\u0119cy. Zmiana pieluszki w takim ubranku dla noworodka jest du\u017co prostsza i wygodniejsza.<\/p>\n<p><strong><a href=\"https:\/\/mama-niemowlaka.pl\/sklep\/produkt\/ubranka-niemowlece\/body-niemowlece\/body-kopertowe-z-krotkim-rekawem-biale-misie\/\" target=\"_blank\" rel=\"noopener\">Body kopertowe z kr\u00f3tkim r\u0119kawem<\/a><\/strong> w kolorze ecru w misie dost\u0119pne jest w pi\u0119ciu rozmiarach: 56, 62, 68, 74 i 80.<\/p>\n<p>Sk\u0142ad: 100% bawe\u0142na<\/p>\n","protected":false},"featured_media":14510,"template":"","meta":[],"product_brand":[],"product_cat":[137,57],"product_tag":[118,161,250,249,252,253,251,145,152,359,358,355,220,180],"class_list":{"0":"post-14505","1":"product","2":"type-product","3":"status-publish","4":"has-post-thumbnail","6":"product_cat-body-niemowlece","7":"product_cat-ubranka-niemowlece","8":"product_tag-bawelna","9":"product_tag-body-dla-niemowlat","10":"product_tag-body-dla-chlopca","11":"product_tag-body-dla-dziewczynek","12":"product_tag-body-dla-noworodka","13":"product_tag-body-kopertowe","14":"product_tag-body-z-krotkim-rekawem","15":"product_tag-ubranka-dla-niemowlat-chlopca","16":"product_tag-ubranka-dla-niemowlat-dziewczynek","17":"product_tag-ubranka-dla-niemowlaka-chlopca-na-lato","18":"product_tag-ubranka-letnie-dla-dziewczynki","19":"product_tag-letnie-ubranka-dla-niemowlat","20":"product_tag-ubranka-dla-noworodkow","21":"product_tag-nowosc","22":"product_shipping_class-lekka","23":"pa_rozmiar-311","24":"pa_rozmiar-312","25":"pa_rozmiar-313","26":"pa_rozmiar-314","27":"pa_rozmiar-315","29":"first","30":"instock","31":"taxable","32":"shipping-taxable","33":"purchasable","34":"product-type-variable","35":"has-default-attributes","36":"wvs-archive-product-wrapper"},"_links":{"self":[{"href":"https:\/\/mama-niemowlaka.pl\/sklep\/wp-json\/wp\/v2\/product\/14505","targetHints":{"allow":["GET"]}}],"collection":[{"href":"https:\/\/mama-niemowlaka.pl\/sklep\/wp-json\/wp\/v2\/product"}],"about":[{"href":"https:\/\/mama-niemowlaka.pl\/sklep\/wp-json\/wp\/v2\/types\/product"}],"wp:featuredmedia":[{"embeddable":true,"href":"https:\/\/mama-niemowlaka.pl\/sklep\/wp-json\/wp\/v2\/media\/14510"}],"wp:attachment":[{"href":"https:\/\/mama-niemowlaka.pl\/sklep\/wp-json\/wp\/v2\/media?parent=14505"}],"wp:term":[{"taxonomy":"product_brand","embeddable":true,"href":"https:\/\/mama-niemowlaka.pl\/sklep\/wp-json\/wp\/v2\/product_brand?post=14505"},{"taxonomy":"product_cat","embeddable":true,"href":"https:\/\/mama-niemowlaka.pl\/sklep\/wp-json\/wp\/v2\/product_cat?post=14505"},{"taxonomy":"product_tag","embeddable":true,"href":"https:\/\/mama-niemowlaka.pl\/sklep\/wp-json\/wp\/v2\/product_tag?post=14505"}],"curies":[{"name":"wp","href":"https:\/\/api.w.org\/{rel}","templated":true}]}}