{"id":14515,"date":"2024-05-02T15:18:48","date_gmt":"2024-05-02T13:18:48","guid":{"rendered":"https:\/\/mama-niemowlaka.pl\/sklep\/?post_type=product&#038;p=14515"},"modified":"2025-12-17T00:31:52","modified_gmt":"2025-12-16T23:31:52","slug":"leginsy-niemowlece","status":"publish","type":"product","link":"https:\/\/mama-niemowlaka.pl\/sklep\/produkt\/ubranka-niemowlece\/polspiochy\/leginsy-niemowlece\/","title":{"rendered":"Leginsy niemowl\u0119ce bawe\u0142niane &#8211; fioletowe"},"content":{"rendered":"<h2 data-pm-slice=\"1 1 []\"><strong>Leginsy to produkt, kt\u00f3rego potrzebuje ka\u017cda dziewczynka<\/strong><\/h2>\n<p>Leginsy niemowl\u0119ce to produkt, kt\u00f3ry przyda Ci si\u0119 przez d\u0142ugi czas. Modny, r\u00f3\u017cowy kolor przypadnie do gustu wielu rodzicom, a wraz z <a href=\"https:\/\/mama-niemowlaka.pl\/sklep\/c\/ubranka\/body\/\" rel=\" \"><strong>body<\/strong><\/a> lub <a href=\"https:\/\/mama-niemowlaka.pl\/sklep\/produkt\/ubranka\/sweterki\/sweterek-dziewczecy\/\" rel=\" \"><strong>sweterkiem<\/strong><\/a> stworz\u0105 ubranko idealne. Leginsy wykonane s\u0105 z mi\u0119kkiej i przyjemnej w dotyku bawe\u0142ny z dodatkiem elastycznych w\u0142\u00f3kien, bardzo delikatnej dla wra\u017cliwej sk\u00f3ry niemowl\u0105t. Wysoka jako\u015b\u0107 materia\u0142u sprawia, \u017ce leginsy zawsze wygl\u0105daj\u0105 idealnie.<\/p>\n<h2>Dlaczego warto wybra\u0107 leginsy niemowl\u0119ce?<\/h2>\n<p>Z pewno\u015bci\u0105 zastanawiasz si\u0119, dlaczego leginsy niemowl\u0119ce s\u0105 dla Ciebie i Twojego dziecka najlepszym wyborem. Nasz produkt jest wygodny, mi\u0119kki i przede wszystkim praktyczny. Dzi\u0119ki temu, \u017ce leginsy posiadaj\u0105 w pasie mi\u0119kk\u0105 gum\u0119, \u0142atwo si\u0119 je zak\u0142ada i zdejmuje, co u\u0142atwia codzienne czynno\u015bci zwi\u0105zane z piel\u0119gnacj\u0105 dziecka. Twoje dziecko w tych leginsach b\u0119dzie czu\u0142o si\u0119 wygodnie i swobodnie, co jest szczeg\u00f3lnie wa\u017cne w pierwszych miesi\u0105cach \u017cycia. Dodatkowo, nasz produkt jest bardzo praktyczny i \u0142atwy w piel\u0119gnacji. Fioletowy kolor legins\u00f3w niemowl\u0119cych to idealny wyb\u00f3r dla dziewczynek, kt\u00f3re uwielbiaj\u0105 ciep\u0142e kolory. Leginsy idealne na spacer jak i na co dzie\u0144.<\/p>\n<h2>Leginsy niemowl\u0119ce dziewcz\u0119ce<\/h2>\n<p>Je\u015bli szukasz legins\u00f3w dla swojego dziecka, kt\u00f3re b\u0119d\u0105 zar\u00f3wno wygodne, jak i praktyczne, to nie wahaj si\u0119 i ju\u017c dzi\u015b zam\u00f3w nasz produkt!<\/p>\n<h3>Leginsy niemowl\u0119ce dost\u0119pne s\u0105 r\u00f3wnie\u017c w innych kolorach. Sprawd\u017a dost\u0119pne opcje w sklepie <a href=\"http:\/\/mama-niemowlaka.pl\">mama-niemowlaka.pl<\/a> w kategorii <a href=\"https:\/\/mama-niemowlaka.pl\/sklep\/c\/ubranka\/spodnie\/\" rel=\" \">spodnie niemowl\u0119ce<\/a>. Ju\u017c dzi\u015b zam\u00f3w nasze ubranka niemowl\u0119ce.<\/h3>\n<p>Sk\u0142ad: 92% bawe\u0142na 8%elastan<br \/>\nKraj produkcji : Turcja<\/p>\n","protected":false},"excerpt":{"rendered":"<p data-pm-slice=\"1 1 []\">Fioletowe leginsy niemowl\u0119ce z niezwykle mi\u0119kkiej bawe\u0142ny z dodatkiem elastycznych w\u0142\u00f3kien dla dziewczynki.<br \/>\nInne kolory legins\u00f3w s\u0105 w kategorii <a href=\"https:\/\/mama-niemowlaka.pl\/sklep\/c\/ubranka\/spodnie\/\" rel=\" \">spodnie niemowl\u0119ce<\/a>.<\/p>\n<p>&nbsp;<\/p>\n<p data-pm-slice=\"1 1 []\">Sk\u0142ad: 92 % bawe\u0142na 8% elastan<\/p>\n<p data-pm-slice=\"1 1 []\">Kraj produkcji : Turcja<\/p>\n","protected":false},"featured_media":14521,"template":"","meta":[],"product_brand":[],"product_cat":[223,79,57],"product_tag":[118,152,180,228],"class_list":{"0":"post-14515","1":"product","2":"type-product","3":"status-publish","4":"has-post-thumbnail","6":"product_cat-polspiochy","7":"product_cat-spodnie-niemowlece","8":"product_cat-ubranka-niemowlece","9":"product_tag-bawelna","10":"product_tag-ubranka-dla-niemowlat-dziewczynek","11":"product_tag-nowosc","12":"product_tag-promocje","13":"product_shipping_class-lekka","14":"pa_rozmiar-313","15":"pa_rozmiar-314","16":"pa_rozmiar-315","17":"pa_rozmiar-316","19":"first","20":"instock","21":"sale","22":"taxable","23":"shipping-taxable","24":"purchasable","25":"product-type-variable","26":"has-default-attributes","27":"wvs-archive-product-wrapper"},"_links":{"self":[{"href":"https:\/\/mama-niemowlaka.pl\/sklep\/wp-json\/wp\/v2\/product\/14515","targetHints":{"allow":["GET"]}}],"collection":[{"href":"https:\/\/mama-niemowlaka.pl\/sklep\/wp-json\/wp\/v2\/product"}],"about":[{"href":"https:\/\/mama-niemowlaka.pl\/sklep\/wp-json\/wp\/v2\/types\/product"}],"wp:featuredmedia":[{"embeddable":true,"href":"https:\/\/mama-niemowlaka.pl\/sklep\/wp-json\/wp\/v2\/media\/14521"}],"wp:attachment":[{"href":"https:\/\/mama-niemowlaka.pl\/sklep\/wp-json\/wp\/v2\/media?parent=14515"}],"wp:term":[{"taxonomy":"product_brand","embeddable":true,"href":"https:\/\/mama-niemowlaka.pl\/sklep\/wp-json\/wp\/v2\/product_brand?post=14515"},{"taxonomy":"product_cat","embeddable":true,"href":"https:\/\/mama-niemowlaka.pl\/sklep\/wp-json\/wp\/v2\/product_cat?post=14515"},{"taxonomy":"product_tag","embeddable":true,"href":"https:\/\/mama-niemowlaka.pl\/sklep\/wp-json\/wp\/v2\/product_tag?post=14515"}],"curies":[{"name":"wp","href":"https:\/\/api.w.org\/{rel}","templated":true}]}}