{"id":15543,"date":"2024-04-30T08:51:11","date_gmt":"2024-04-30T06:51:11","guid":{"rendered":"https:\/\/mama-niemowlaka.pl\/sklep\/?post_type=product&#038;p=15543"},"modified":"2026-03-15T21:13:52","modified_gmt":"2026-03-15T20:13:52","slug":"opaska-na-glowe-dla-niemowlaka-pastelowa-z-kokarda","status":"publish","type":"product","link":"https:\/\/mama-niemowlaka.pl\/sklep\/produkt\/ubranka-niemowlece\/czapki-dla-niemowlat\/opaska-na-glowe-dla-niemowlaka-pastelowa-z-kokarda\/","title":{"rendered":"Opaska dla niemowlaka dziewczynki 5 kolor\u00f3w"},"content":{"rendered":"<h2 data-pm-slice=\"1 1 []\"><strong>Mi\u0119kkie delikatne opaski niemowl\u0119ce z kokard\u0105<\/strong><\/h2>\n<p data-pm-slice=\"1 1 []\"><a href=\"https:\/\/mama-niemowlaka.pl\/sklep\/produkt\/ubranka-niemowlece\/czapki-dla-niemowlat\/opaska-na-glowe-dla-niemowlaka-pastelowa-z-kokarda\/\" target=\"_blank\" rel=\"noopener\"><strong>Opaska na g\u0142ow\u0119 dla niemowlaka<\/strong><\/a> dziewczynki to cz\u0119sto wybierane akcesoria dzieci\u0119ce. Doskonale si\u0119 si\u0119 sprawdz\u0105 w r\u00f3\u017cnych stylizacjach &#8211; zar\u00f3wno do <a href=\"https:\/\/mama-niemowlaka.pl\/sklep\/c\/ubranka-niemowlece\/sukienki-dla-niemowlat\/\" target=\"_blank\" rel=\"noopener\"><strong>sukienek dla niemowl\u0105t<\/strong><\/a> jak i <a href=\"https:\/\/mama-niemowlaka.pl\/sklep\/c\/ubranka-niemowlece\/pajacyki-dla-niemowlat\/\" target=\"_blank\" rel=\"noopener\"><strong>pajacyk\u00f3w dla niemowl\u0105t<\/strong><\/a> czy <a href=\"https:\/\/mama-niemowlaka.pl\/sklep\/c\/ubranka-niemowlece\/body-niemowlece\/\" target=\"_blank\" rel=\"noopener\"><strong>body niemowl\u0119ce<\/strong><\/a>. <a href=\"https:\/\/mama-niemowlaka.pl\/sklep\/t\/opaski-dla-niemowlat\/\" target=\"_blank\" rel=\"noopener\"><strong>Opaski dla niemowl\u0105t<\/strong><\/a> to dobra alternatywa dla czapeczek \u2013 grubszych zim\u0105 i cie\u0144szych latem. Nasza <a href=\"https:\/\/mama-niemowlaka.pl\/sklep\/produkt\/ubranka-niemowlece\/czapki-dla-niemowlat\/opaska-na-glowe-dla-niemowlaka-pastelowa-z-kokarda\/\" target=\"_blank\" rel=\"noopener\"><strong>opaska na g\u0142ow\u0119 dla niemowlaka<\/strong><\/a> to uniwersalna opaska niemowl\u0119ca, kt\u00f3ra sprawdzi si\u0119 podczas wielu okazji.<\/p>\n<p data-pm-slice=\"1 1 []\">Opaska niemowl\u0119ca chroni g\u0142ow\u0119 w wieku od 0 do 12 miesi\u0119cy, kiedy to sk\u00f3ra dziecka jest najbardziej wra\u017cliwa i potrzebuje specjalnej ochrony. Opaski dla ma\u0142ych dziewczynek maj\u0105 pi\u0119kne kolory, kt\u00f3re b\u0119d\u0105 pasowa\u0142y do wielu <a href=\"https:\/\/mama-niemowlaka.pl\/sklep\/t\/ubranka-dla-niemowlat-dziewczynek\/\" target=\"_blank\" rel=\"noopener\"><strong>ubranek dla niemowl\u0105t dziewczynek<\/strong><\/a>.<\/p>\n<p data-pm-slice=\"1 1 []\">Kup ju\u017c dzi\u015b pi\u0119kne opaski niemowl\u0119ce, kt\u00f3re nie tylko chroni\u0105 g\u0142ow\u0119 malucha ale tak\u017ce pi\u0119knie wygl\u0105daj\u0105. Sprawd\u017a nasze pozosta\u0142e <a href=\"https:\/\/mama-niemowlaka.pl\/sklep\/t\/opaski-dla-niemowlat\/\" target=\"_blank\" rel=\"noopener\"><strong>opaski dla niemowl\u0105t<\/strong><\/a>.<\/p>\n<h2 data-pm-slice=\"1 1 []\"><strong>Komfortowe opaski dla niemowl\u0105t w sklepie <\/strong><a href=\"https:\/\/mama-niemowlaka.pl\" target=\"_blank\" rel=\"noopener\"><strong>mama-niemowlaka.pl<\/strong><\/a><\/h2>\n<p data-pm-slice=\"1 1 []\">W sklepie <a href=\"https:\/\/mama-niemowlaka.pl\" target=\"_blank\" rel=\"noopener\"><strong>mama-niemowlaka.pl<\/strong><\/a> oferujemy modele opasek dla niemowl\u0105t dziewczynki wysokiej jako\u015bci, bezpieczne i wygodne. Opaski dla dziewczynek niemowl\u0105t wykonane s\u0105 z mi\u0119kkiego materia\u0142u, kt\u00f3ry nie podra\u017cnia sk\u00f3ry delikatnej sk\u00f3ry dziecka, a jednocze\u015bnie s\u0105 trwa\u0142e i odporne na pranie. Eleganckie i praktyczne opaski dla maluszk\u00f3w dost\u0119pne w naszym sklepie znajdziesz w kategorii <a href=\"https:\/\/mama-niemowlaka.pl\/sklep\/c\/ubranka-niemowlece\/czapki-dla-niemowlat\/\" target=\"_blank\" rel=\"noopener\"><strong>Czapki i opaski<\/strong><\/a>. Nasza kolekcja opasek niemowl\u0119cych zadowoli nie jedn\u0105 ma\u0142a dam\u0119.<\/p>\n<p data-pm-slice=\"1 1 []\">Przygotuj swoje dziecko na spacery w w\u00f3zku lub inne okazje i zam\u00f3w ozdobne <a href=\"https:\/\/mama-niemowlaka.pl\/sklep\/t\/opaski-dla-niemowlat\/\" target=\"_blank\" rel=\"noopener\"><strong>opaski niemowl\u0119ce<\/strong><\/a> dla dziewczynki w sklepie <a href=\"https:\/\/mama-niemowlaka.pl\/sklep\/\" target=\"_blank\" rel=\"noopener\"><strong>mama-niemowlaka.pl<\/strong><\/a><\/p>\n","protected":false},"excerpt":{"rendered":"<p data-pm-slice=\"1 1 []\">Opaska niemowl\u0119ca z kokard\u0105 dla dziewczynki. Uszyta z wyj\u0105tkowo mi\u0119kkiej i delikatnej bawe\u0142ny. Opaska dla niemowlaka jest wi\u0105zana, dzi\u0119ki czemu rozmiar mo\u017cna idealnie dopasowa\u0107 do g\u0142owy dziecka. <a href=\"https:\/\/mama-niemowlaka.pl\/sklep\/t\/opaski-dla-niemowlat\/\" target=\"_blank\" rel=\"noopener\"><strong>Opaski dla niemowl\u0105t<\/strong><\/a> to nie tylko praktyczne, ale tak\u017ce stylowe akcesoria, kt\u00f3re dope\u0142ni\u0105 ka\u017cd\u0105 dzieci\u0119c\u0105 stylizacj\u0119.<\/p>\n<p><a href=\"https:\/\/mama-niemowlaka.pl\/sklep\/produkt\/ubranka-niemowlece\/czapki-dla-niemowlat\/opaska-na-glowe-dla-niemowlaka-pastelowa-z-kokarda\/\" target=\"_blank\" rel=\"noopener\"><strong>Opaska na g\u0142ow\u0119 dla niemowlaka dziewczynki<\/strong><\/a> wyst\u0119puje w 5 pastelowych kolorach: mi\u0119towy, \u017c\u00f3\u0142ty, \u0142ososiowy, r\u00f3\u017cowy i pudrowy r\u00f3\u017c.<\/p>\n<p>Sk\u0142ad: 60% bawe\u0142na, 30% poliester, 10% lycra<\/p>\n","protected":false},"featured_media":15548,"template":"","meta":[],"product_brand":[],"product_cat":[189,57],"product_tag":[152,355,220,180,172],"class_list":{"0":"post-15543","1":"product","2":"type-product","3":"status-publish","4":"has-post-thumbnail","6":"product_cat-czapki-dla-niemowlat","7":"product_cat-ubranka-niemowlece","8":"product_tag-ubranka-dla-niemowlat-dziewczynek","9":"product_tag-letnie-ubranka-dla-niemowlat","10":"product_tag-ubranka-dla-noworodkow","11":"product_tag-nowosc","12":"product_tag-opaski-dla-niemowlat","14":"first","15":"instock","16":"taxable","17":"shipping-taxable","18":"purchasable","19":"product-type-variable","20":"has-default-attributes","21":"wvs-archive-product-wrapper"},"_links":{"self":[{"href":"https:\/\/mama-niemowlaka.pl\/sklep\/wp-json\/wp\/v2\/product\/15543","targetHints":{"allow":["GET"]}}],"collection":[{"href":"https:\/\/mama-niemowlaka.pl\/sklep\/wp-json\/wp\/v2\/product"}],"about":[{"href":"https:\/\/mama-niemowlaka.pl\/sklep\/wp-json\/wp\/v2\/types\/product"}],"wp:featuredmedia":[{"embeddable":true,"href":"https:\/\/mama-niemowlaka.pl\/sklep\/wp-json\/wp\/v2\/media\/15548"}],"wp:attachment":[{"href":"https:\/\/mama-niemowlaka.pl\/sklep\/wp-json\/wp\/v2\/media?parent=15543"}],"wp:term":[{"taxonomy":"product_brand","embeddable":true,"href":"https:\/\/mama-niemowlaka.pl\/sklep\/wp-json\/wp\/v2\/product_brand?post=15543"},{"taxonomy":"product_cat","embeddable":true,"href":"https:\/\/mama-niemowlaka.pl\/sklep\/wp-json\/wp\/v2\/product_cat?post=15543"},{"taxonomy":"product_tag","embeddable":true,"href":"https:\/\/mama-niemowlaka.pl\/sklep\/wp-json\/wp\/v2\/product_tag?post=15543"}],"curies":[{"name":"wp","href":"https:\/\/api.w.org\/{rel}","templated":true}]}}