{"id":15883,"date":"2025-04-29T18:52:34","date_gmt":"2025-04-29T16:52:34","guid":{"rendered":"https:\/\/mama-niemowlaka.pl\/sklep\/?post_type=product&#038;p=15883"},"modified":"2025-07-29T10:41:53","modified_gmt":"2025-07-29T08:41:53","slug":"skarpetki-niemowlece-dla-chlopca-3szt","status":"publish","type":"product","link":"https:\/\/mama-niemowlaka.pl\/sklep\/produkt\/ubranka-niemowlece\/bielizna-dla-niemowlaka\/skarpetki-niemowlece-dla-chlopca-3szt\/","title":{"rendered":"Skarpetki niemowl\u0119ce dla ch\u0142opca 3szt."},"content":{"rendered":"<h2 data-pm-slice=\"1 1 []\"><strong>Skarpetki niemowl\u0119ce dla ch\u0142opca<\/strong><\/h2>\n<p data-pm-slice=\"1 1 []\">Skarpetki dla niemowlaka powinny jednocze\u015bnie w\u0142a\u015bciwie utrzymywa\u0107 si\u0119 na miejscu i nie pozostawia\u0107 na sk\u00f3rze dziecka widocznych odcisk\u00f3w. Wybieraj\u0105c skarpetki dla niemowlaka wybierz mi\u0119kkie skarpetki dla niemowl\u0105t.<\/p>\n<p data-pm-slice=\"1 1 []\">Nasze skarpety dla niemowlaka posiadaj\u0105 \u015bci\u0105gacz, kt\u00f3ry stabilnie trzyma si\u0119 na stopie dziecka, zapewniaj\u0105c mu pe\u0142n\u0105 swobod\u0119 ruch\u00f3w.\u00a0 Nasze skarpetki dla niemowl\u0105t zosta\u0142y uszyte z bawe\u0142ny z domieszk\u0105 elastycznych materia\u0142\u00f3w.<\/p>\n<p data-pm-slice=\"1 1 []\">Oferujemy trzy rozmiary skarpetek dla niemowlaka, dla niemowl\u0105t do rozmiaru 20\/22. Skarpetki dla dzieci to niezb\u0119dny element ka\u017cdego malucha. Kup ju\u017c dzi\u015b skarpety dla niemowlaka dla swojego malucha.<\/p>\n<h2 data-pm-slice=\"1 1 []\"><strong>Bielizna dla niemowl\u0105t w sklepie <a href=\"https:\/\/mama-niemowlaka.pl\">mama-niemowlaka.pl<\/a>. Wyb\u00f3r skarpetek niemowl\u0119cych i nie tylko<\/strong><\/h2>\n<p data-pm-slice=\"1 1 []\">W sklepie <a href=\"https:\/\/mama-niemowlaka.pl\"><strong>mama-niemowlaka.pl<\/strong><\/a> znajdziesz komfortowe skarpetki niemowl\u0119ce ale tak\u017ce pozosta\u0142e elementy bielizny dla niemowlaka. Sprawd\u017a nasze pozosta\u0142e produkty m.in. skarpetki dzieci\u0119ce, bloomersy niemowl\u0119ce w kategorii <a href=\"https:\/\/mama-niemowlaka.pl\/sklep\/c\/ubranka-niemowlece\/bielizna-dla-niemowlaka\/\" target=\"_blank\" rel=\"noopener\"><strong>Bielizna dla niemowlaka<\/strong><\/a>.<\/p>\n<p data-pm-slice=\"1 1 []\">Odwied\u017a nasz sklep internetowy <a href=\"http:\/\/www.mama-niemowlaka.pl\"><strong>mama-niemowlaka.pl<\/strong><\/a>, gdzie znajdziesz szeroki wyb\u00f3r najwy\u017cszej jako\u015bci ubranek niemowl\u0119cych. Gwarantujemy wysy\u0142k\u0119 zam\u00f3wienia w ci\u0105gu 48 godzin oraz darmow\u0105 wymian\u0119 towaru lub mo\u017cliwo\u015b\u0107 zwrotu w ci\u0105gu 14 dni. Co wi\u0119cej, je\u015bli zam\u00f3wisz za minimum 249 PLN, dostawa b\u0119dzie ca\u0142kowicie darmowa.<\/p>\n<p data-pm-slice=\"1 1 []\">Skorzystaj teraz z naszych us\u0142ug i sprawd\u017a nasz\u0105 ofert\u0119 ubranek dla niemowlaka ju\u017c dzi\u015b! Wybierz wygodne dzieci\u0119ce ubrania.<\/p>\n","protected":false},"excerpt":{"rendered":"<p data-pm-slice=\"1 1 []\">Skarpetki niemowl\u0119ce dla ch\u0142opca &#8211; komplet w 3 wariantach kolorystycznych: niebiesko-bia\u0142ym, be\u017cowo-\u017c\u00f3\u0142tym i bia\u0142o-zielonym.<\/p>\n<p>Skarpetki ch\u0142opi\u0119ce dla niemowl\u0105t s\u0105 oferowane w 3 rozmiarach :<br \/>\n14\/16 &#8211; odpowiednie dla dzieci w wieku 6-9 miesi\u0105ca.<br \/>\n17\/19 &#8211; odpowiednie dla dzieci w wieku 9-12 miesi\u0105ca.<br \/>\n20\/22 &#8211; odpowiednie dla dzieci w wieku ok 12 miesi\u0105ca.<\/p>\n<p>Sk\u0142ad: 80% bawe\u0142na, 15% poliamid, 5% elastan<\/p>\n<p>Kraj produkcji : Turcja<\/p>\n","protected":false},"featured_media":15884,"template":"","meta":[],"product_brand":[],"product_cat":[190,57],"product_tag":[145,220,180,341],"class_list":{"0":"post-15883","1":"product","2":"type-product","3":"status-publish","4":"has-post-thumbnail","6":"product_cat-bielizna-dla-niemowlaka","7":"product_cat-ubranka-niemowlece","8":"product_tag-ubranka-dla-niemowlat-chlopca","9":"product_tag-ubranka-dla-noworodkow","10":"product_tag-nowosc","11":"product_tag-skarpetki-niemowlece","13":"first","14":"instock","15":"taxable","16":"shipping-taxable","17":"purchasable","18":"product-type-variable","19":"has-default-attributes","20":"wvs-archive-product-wrapper"},"_links":{"self":[{"href":"https:\/\/mama-niemowlaka.pl\/sklep\/wp-json\/wp\/v2\/product\/15883","targetHints":{"allow":["GET"]}}],"collection":[{"href":"https:\/\/mama-niemowlaka.pl\/sklep\/wp-json\/wp\/v2\/product"}],"about":[{"href":"https:\/\/mama-niemowlaka.pl\/sklep\/wp-json\/wp\/v2\/types\/product"}],"wp:featuredmedia":[{"embeddable":true,"href":"https:\/\/mama-niemowlaka.pl\/sklep\/wp-json\/wp\/v2\/media\/15884"}],"wp:attachment":[{"href":"https:\/\/mama-niemowlaka.pl\/sklep\/wp-json\/wp\/v2\/media?parent=15883"}],"wp:term":[{"taxonomy":"product_brand","embeddable":true,"href":"https:\/\/mama-niemowlaka.pl\/sklep\/wp-json\/wp\/v2\/product_brand?post=15883"},{"taxonomy":"product_cat","embeddable":true,"href":"https:\/\/mama-niemowlaka.pl\/sklep\/wp-json\/wp\/v2\/product_cat?post=15883"},{"taxonomy":"product_tag","embeddable":true,"href":"https:\/\/mama-niemowlaka.pl\/sklep\/wp-json\/wp\/v2\/product_tag?post=15883"}],"curies":[{"name":"wp","href":"https:\/\/api.w.org\/{rel}","templated":true}]}}