{"id":17990,"date":"2025-10-01T15:07:21","date_gmt":"2025-10-01T13:07:21","guid":{"rendered":"https:\/\/mama-niemowlaka.pl\/sklep\/?post_type=product&#038;p=17990"},"modified":"2025-11-30T17:25:08","modified_gmt":"2025-11-30T16:25:08","slug":"komplet-dzianinowy-dla-niemowlaka-kremowy","status":"publish","type":"product","link":"https:\/\/mama-niemowlaka.pl\/sklep\/produkt\/ubranka-niemowlece\/komplet-niemowlecy\/komplet-dzianinowy-dla-niemowlaka-kremowy\/","title":{"rendered":"Komplet dzianinowy dla niemowlaka &#8211; kremowy"},"content":{"rendered":"<h2>Komplet dzianinowy dla niemowlaka 2-cz\u0119\u015bciowy<\/h2>\n<p>Komplet dzianinowy 2-cz\u0119\u015bciowy to idealny wyb\u00f3r dla rodzic\u00f3w poszukuj\u0105cych wygodnych, funkcjonalnych i stylowych ubranek dla swojego dziecka. Komplet sk\u0142ada si\u0119 z trzech element\u00f3w: sweterka, spodni oraz body, wykonanych z mi\u0119kkiej, przyjemnej w dotyku dzianiny.<\/p>\n<p>Przede wszystkim warto zwr\u00f3ci\u0107 uwag\u0119 na jako\u015b\u0107 materia\u0142\u00f3w, z kt\u00f3rych wykonany jest komplet. Dzianina jest nie tylko mi\u0119kka, ale r\u00f3wnie\u017c bezpieczna dla sk\u00f3ry delikatnej sk\u00f3ry dziecka, a jednocze\u015bnie wystarczaj\u0105co wytrzyma\u0142a, aby wytrzyma\u0107 codzienne u\u017cytkowanie i pranie. Dzi\u0119ki temu rodzice mog\u0105 mie\u0107 pewno\u015b\u0107, \u017ce ich dziecko b\u0119dzie czu\u0142o si\u0119 komfortowo i wygodnie w ubrankach, a jednocze\u015bnie ubrania b\u0119d\u0105 s\u0142u\u017cy\u0107 na d\u0142u\u017cej.<\/p>\n<p>Kolejnym atutem tego kompletnego niemowl\u0119cego jest jego uniwersalny design. Prosty, ale jednocze\u015bnie stylowy fason oraz neutralne kolory (be\u017cowy i bia\u0142y) pozwalaj\u0105 na swobodne \u0142\u0105czenie z innymi elementami garderoby i dodatkami, co umo\u017cliwia tworzenie r\u00f3\u017cnorodnych stylizacji dla dziecka. Odpowiedni dla ch\u0142opc\u00f3w i dziewczynek.<\/p>\n<h3>Kompletny dzianinowy niemowl\u0119cy to idealna propozycja dla rodzic\u00f3w<\/h3>\n<p>Podsumowuj\u0105c, ten kompletny niemowl\u0119cy to idealna propozycja dla rodzic\u00f3w, kt\u00f3rzy poszukuj\u0105 praktycznych, wygodnych i stylowych ubranek dla swojego dziecka. Wysoka jako\u015b\u0107 materia\u0142\u00f3w i wykonania, uniwersalny design oraz funkcjonalno\u015b\u0107 to atuty, kt\u00f3re zadowol\u0105 zar\u00f3wno rodzic\u00f3w jak i Maluszka.<\/p>\n<p>Uroczy komplet niemowl\u0119cy w kolorze be\u017cowym wykonany ze 100% bawe\u0142ny. Zestaw jest odpowiedni zar\u00f3wno dla dziewczynek jak i ch\u0142opc\u00f3w.<\/p>\n<p>W sk\u0142ad zestawu niemowl\u0119cego wchodz\u0105:<\/p>\n<ul>\n<li>sweterek,<\/li>\n<li>wygodne dzianinowe spodenki na gumk\u0119.<\/li>\n<\/ul>\n<h3>Komplet niemowl\u0119cy dzianinowy dost\u0119pny jest w trzech rozmiarach.<\/h3>\n<h3><span style=\"font-weight: 400;\">Sk\u0142ad: <\/span><span style=\"font-weight: 400;\">100% akryl<\/span><\/h3>\n","protected":false},"excerpt":{"rendered":"<h2>Komplet dzianinowy dla niemowlaka 2-cz\u0119\u015bciowy<\/h2>\n<p>Komplet dzianinowy 2-cz\u0119\u015bciowy to idealny wyb\u00f3r dla rodzic\u00f3w poszukuj\u0105cych wygodnych, funkcjonalnych i stylowych ubranek dla swojego dziecka. Komplet sk\u0142ada si\u0119 z trzech element\u00f3w: sweterka, spodni oraz body, wykonanych z mi\u0119kkiej, przyjemnej w dotyku dzianiny.<\/p>\n<p>Przede wszystkim warto zwr\u00f3ci\u0107 uwag\u0119 na jako\u015b\u0107 materia\u0142\u00f3w, z kt\u00f3rych wykonany jest komplet. Dzianina jest nie tylko mi\u0119kka, ale r\u00f3wnie\u017c bezpieczna dla sk\u00f3ry delikatnej sk\u00f3ry dziecka, a jednocze\u015bnie wystarczaj\u0105co wytrzyma\u0142a, aby wytrzyma\u0107 codzienne u\u017cytkowanie i pranie. Dzi\u0119ki temu rodzice mog\u0105 mie\u0107 pewno\u015b\u0107, \u017ce ich dziecko b\u0119dzie czu\u0142o si\u0119 komfortowo i wygodnie w ubrankach, a jednocze\u015bnie ubrania b\u0119d\u0105 s\u0142u\u017cy\u0107 na d\u0142u\u017cej.<\/p>\n<p>Kolejnym atutem tego kompletnego niemowl\u0119cego jest jego uniwersalny design. Prosty, ale jednocze\u015bnie stylowy fason oraz neutralne kolory (be\u017cowy i bia\u0142y) pozwalaj\u0105 na swobodne \u0142\u0105czenie z innymi elementami garderoby i dodatkami, co umo\u017cliwia tworzenie r\u00f3\u017cnorodnych stylizacji dla dziecka. Odpowiedni dla ch\u0142opc\u00f3w i dziewczynek.<\/p>\n<h3>Kompletny dzianinowy niemowl\u0119cy to idealna propozycja dla rodzic\u00f3w<\/h3>\n<p>Podsumowuj\u0105c, ten kompletny niemowl\u0119cy to idealna propozycja dla rodzic\u00f3w, kt\u00f3rzy poszukuj\u0105 praktycznych, wygodnych i stylowych ubranek dla swojego dziecka. Wysoka jako\u015b\u0107 materia\u0142\u00f3w i wykonania, uniwersalny design oraz funkcjonalno\u015b\u0107 to atuty, kt\u00f3re zadowol\u0105 zar\u00f3wno rodzic\u00f3w jak i Maluszka.<\/p>\n<p>Uroczy komplet niemowl\u0119cy w kolorze be\u017cowym wykonany ze 100% bawe\u0142ny. Zestaw jest odpowiedni zar\u00f3wno dla dziewczynek jak i ch\u0142opc\u00f3w.<\/p>\n<p>W sk\u0142ad zestawu niemowl\u0119cego wchodz\u0105:<\/p>\n<ul>\n<li>sweterek,<\/li>\n<li>wygodne dzianinowe spodenki na gumk\u0119.<\/li>\n<\/ul>\n<h3>Komplet niemowl\u0119cy dzianinowy dost\u0119pny jest w trzech rozmiarach: 68, 74, 80<\/h3>\n<h3><span style=\"font-weight: 400;\">Sk\u0142ad: <\/span><span style=\"font-weight: 400;\">100% akryl<\/span><\/h3>\n<p>Kraj produkcji : Turcja<\/p>\n","protected":false},"featured_media":18730,"template":"","meta":[],"product_brand":[],"product_cat":[122,57],"product_tag":[238,125,152,351,180],"class_list":{"0":"post-17990","1":"product","2":"type-product","3":"status-publish","4":"has-post-thumbnail","6":"product_cat-komplet-niemowlecy","7":"product_cat-ubranka-niemowlece","8":"product_tag-ubranka-swiateczne-dla-niemowlaka","9":"product_tag-ubranka-do-chrztu","10":"product_tag-ubranka-dla-niemowlat-dziewczynek","11":"product_tag-komplety-niemowlece-dla-dziewczynki","12":"product_tag-nowosc","13":"product_shipping_class-duza","14":"pa_rozmiar-312","15":"pa_rozmiar-313","16":"pa_rozmiar-314","17":"pa_rozmiar-315","19":"first","20":"instock","21":"taxable","22":"shipping-taxable","23":"purchasable","24":"product-type-variable","25":"has-default-attributes","26":"wvs-archive-product-wrapper"},"_links":{"self":[{"href":"https:\/\/mama-niemowlaka.pl\/sklep\/wp-json\/wp\/v2\/product\/17990","targetHints":{"allow":["GET"]}}],"collection":[{"href":"https:\/\/mama-niemowlaka.pl\/sklep\/wp-json\/wp\/v2\/product"}],"about":[{"href":"https:\/\/mama-niemowlaka.pl\/sklep\/wp-json\/wp\/v2\/types\/product"}],"wp:featuredmedia":[{"embeddable":true,"href":"https:\/\/mama-niemowlaka.pl\/sklep\/wp-json\/wp\/v2\/media\/18730"}],"wp:attachment":[{"href":"https:\/\/mama-niemowlaka.pl\/sklep\/wp-json\/wp\/v2\/media?parent=17990"}],"wp:term":[{"taxonomy":"product_brand","embeddable":true,"href":"https:\/\/mama-niemowlaka.pl\/sklep\/wp-json\/wp\/v2\/product_brand?post=17990"},{"taxonomy":"product_cat","embeddable":true,"href":"https:\/\/mama-niemowlaka.pl\/sklep\/wp-json\/wp\/v2\/product_cat?post=17990"},{"taxonomy":"product_tag","embeddable":true,"href":"https:\/\/mama-niemowlaka.pl\/sklep\/wp-json\/wp\/v2\/product_tag?post=17990"}],"curies":[{"name":"wp","href":"https:\/\/api.w.org\/{rel}","templated":true}]}}