{"id":18293,"date":"2025-10-05T20:54:32","date_gmt":"2025-10-05T18:54:32","guid":{"rendered":"https:\/\/mama-niemowlaka.pl\/sklep\/?post_type=product&#038;p=18293"},"modified":"2026-03-16T09:28:06","modified_gmt":"2026-03-16T08:28:06","slug":"czapka-z-kominem-dla-niemowlaka","status":"publish","type":"product","link":"https:\/\/mama-niemowlaka.pl\/sklep\/produkt\/ubranka-niemowlece\/czapki-dla-niemowlat\/czapka-z-kominem-dla-niemowlaka\/","title":{"rendered":"Czapka z kominem dla niemowlaka"},"content":{"rendered":"<h2 data-pm-slice=\"1 1 []\">Czapka z kominem dla niemowlaka<\/h2>\n<p>Czapka z kominem dla niemowlaka to niezb\u0119dny element zimowej garderoby niemowlaka. Jesienne spacery z dzieckiem mog\u0105 sprawi\u0107 mu niema\u0142\u0105 przyjemno\u015b\u0107 pod warunkiem, \u017ce odpowiednio zabezpieczysz je przed ch\u0142odem. Czapki dla niemowl\u0105t to nieod\u0142\u0105czny element zapewniaj\u0105cy ochron\u0119 przed zimnem. Pozwalaj\u0105 r\u00f3wnie\u017c stworzy\u0107 modn\u0105, zimow\u0105 stylizacj\u0119. Wyb\u00f3r odpowiedniego modelu czapeczki zimowej niemowl\u0119cej nie jest jednak tak prosty, jak nam si\u0119 wydaje. Idealna czapka zimowa musi bowiem spe\u0142nia\u0107 kilka kluczowych kryteri\u00f3w.<\/p>\n<p>Nasza czapka zimowa dla niemowlaka ch\u0142opca to idealna ciep\u0142a zimowa czapka. Czapka dla ch\u0142opca zosta\u0142a wykonana z materia\u0142u, kt\u00f3ry jest odpowiedni dla delikatnej sk\u00f3ry dziecka a jednocze\u015bnie zapewnia mu komfort i ciep\u0142o.<\/p>\n<h2>Wygodna czapka zimowa dla niemowlaka &#8211; jak chroni\u0107 g\u0142\u00f3wk\u0119 dziecka w mro\u017ane dni<\/h2>\n<p>Szukasz odpowiedniej czapki niemowl\u0119cej? Jak\u0105 czapk\u0119 niemowl\u0119c\u0105 wybra\u0107? Martwisz si\u0119, \u017ce nakrycie g\u0142owy zsunie si\u0119 w trakcie spaceru, a w rezultacie maluch zmarznie? Dla Maluszka wybierz koniecznie wi\u0105zana czapk\u0119 pod szyj\u0105, co zapobiega zsuwaniu si\u0119 i przesuwaniu na bok w trakcie spaceru. Do kurtek lub kombinezon\u00f3w zimowych z kapturem wybierz nieco cie\u0144sze czapki, kt\u00f3re ochroni\u0105 g\u0142\u00f3wk\u0119 dziecka przed przepoceniem. Natomiast, aby zapewni\u0107 komfort w mro\u017ane dni wybierz dwuwarstwowe czapki z nausznikami. Zadbaj r\u00f3wnie\u017c o odpowiedni rozmiar czapki dla niemowlaka. Zimowe czapki dla niemowl\u0105t nie mog\u0105 by\u0107 ani za du\u017ce, ani za ciasne.<\/p>\n<h2>Czapki i szaliki niemowl\u0119ce w sklepie <a href=\"https:\/\/mama-niemowlaka.pl\">mama-niemowlaka.pl<\/a><\/h2>\n<p>Czapki dla niemowl\u0105t na zim\u0119 w naszym sklepie to doskona\u0142y wyb\u00f3r. W sklepie <a href=\"https:\/\/mama-niemowlaka.pl\"><strong>mama-niemowlaka.pl<\/strong><\/a> znajdziesz czapki zimowe dla niemowl\u0105t ale tak\u017ce <a href=\"https:\/\/mama-niemowlaka.pl\/sklep\/c\/ubranka\/kombinezony\/\" target=\"_blank\" rel=\"noopener\"><strong>kombinezony zimowe<\/strong><\/a> dla niemowl\u0105t. W naszym sklepie oferujemy zar\u00f3wno czapki dla niemowl\u0105t ch\u0142opc\u00f3w jak i czapki dla niemowl\u0105t dziewczynek. Ale tak\u017ce znajdziesz cie\u0144sze czapeczki dla niemowl\u0105t na wiosn\u0119 lub jesie\u0144 z wysokiej jako\u015bci materia\u0142\u00f3w. W naszym sklepie znajdziesz doskona\u0142e czapki zimowe niemowl\u0119ce &#8211; nie czekaj i kup ju\u017c dzi\u015b idealn\u0105 czapk\u0119 na zim\u0119 dla ch\u0142opca.<\/p>\n<p>Doskonale wiemy, \u017ce Twoje dziecko potrzebuje wygodnych ubra\u0144 na ka\u017cd\u0105 okazj\u0119. Odwied\u017a nasz sklep internetowy <a href=\"https:\/\/mama-niemowlaka.pl\"><strong>mama-niemowlaka.pl<\/strong><\/a>, gdzie znajdziesz szeroki wyb\u00f3r najwy\u017cszej jako\u015bci ubranek niemowl\u0119cych. Gwarantujemy wysy\u0142k\u0119 zam\u00f3wienia w ci\u0105gu 48 godzin oraz darmow\u0105 wymian\u0119 towaru lub mo\u017cliwo\u015b\u0107 zwrotu w ci\u0105gu 14 dni. Co wi\u0119cej, je\u015bli zam\u00f3wisz za minimum 249 PLN, dostawa b\u0119dzie ca\u0142kowicie darmowa.<\/p>\n<p>Przygotuj swoje dziecko na zimowy spacer w w\u00f3zku i zam\u00f3w czapk\u0119 zimow\u0105 dla niemowlaka ch\u0142opca w sklepie <a href=\"https:\/\/mama-niemowlaka.pl\"><strong>mama-niemowlaka.pl<\/strong><\/a><\/p>\n","protected":false},"excerpt":{"rendered":"<p>Bawe\u0142niana czapka z kominem dla niemowlaka to idealny produkt dla twojego dziecka. Komplet jest ci\u0105gliwy ,wi\u0119c idealnie nada si\u0119 dla niemowlaka lub ju\u017c starszego dziecka. Zestaw jest elastyczny i ci\u0105gliwy ,wi\u0119c daje spor\u0105 tolerancj\u0119 rozmiaru. Doskonale chroni przed ch\u0142odem i wiatrem.<\/p>\n<ul>\n<li>Czapka i komin posiada naszywk\u0119 misia na czapce<\/li>\n<li>Komplet jest idealny na ch\u0142odne wiosenno-jesienne pory.<\/li>\n<li>Ciep\u0142a, oddychaj\u0105ca wysokogatunkowa 95% bawe\u0142na.<\/li>\n<\/ul>\n<p>Nawet po wielokrotnym praniu nie trac\u0105 na jako\u015bci i wygl\u0105daj\u0105 jak nowe. Nie rozci\u0105gaj\u0105 si\u0119, nie blakn\u0105 kolory, nie farbuj\u0105.<\/p>\n<p>Produkt od polskiego producenta z wieloletnim sta\u017cem na rynku. Super jako\u015b\u0107 i wygoda. Bardzo lekka, uszyta z dobrej jako\u015bci materia\u0142u bawe\u0142nianego.<\/p>\n<p>Dost\u0119pne rozmiary : 46 , 48<\/p>\n<p>Sk\u0142ad: 95% bawe\u0142na 5% elastan<\/p>\n<p>Produkt Polski<\/p>\n","protected":false},"featured_media":18319,"template":"","meta":[],"product_brand":[],"product_cat":[189,57],"product_tag":[118,241,145,152,180],"class_list":{"0":"post-18293","1":"product","2":"type-product","3":"status-publish","4":"has-post-thumbnail","6":"product_cat-czapki-dla-niemowlat","7":"product_cat-ubranka-niemowlece","8":"product_tag-bawelna","9":"product_tag-czapki-niemowlece-zimowe","10":"product_tag-ubranka-dla-niemowlat-chlopca","11":"product_tag-ubranka-dla-niemowlat-dziewczynek","12":"product_tag-nowosc","13":"product_shipping_class-lekka","14":"pa_rozmiar-619","15":"pa_rozmiar-620","17":"first","18":"instock","19":"taxable","20":"shipping-taxable","21":"purchasable","22":"product-type-variable","23":"has-default-attributes","24":"wvs-archive-product-wrapper"},"_links":{"self":[{"href":"https:\/\/mama-niemowlaka.pl\/sklep\/wp-json\/wp\/v2\/product\/18293","targetHints":{"allow":["GET"]}}],"collection":[{"href":"https:\/\/mama-niemowlaka.pl\/sklep\/wp-json\/wp\/v2\/product"}],"about":[{"href":"https:\/\/mama-niemowlaka.pl\/sklep\/wp-json\/wp\/v2\/types\/product"}],"wp:featuredmedia":[{"embeddable":true,"href":"https:\/\/mama-niemowlaka.pl\/sklep\/wp-json\/wp\/v2\/media\/18319"}],"wp:attachment":[{"href":"https:\/\/mama-niemowlaka.pl\/sklep\/wp-json\/wp\/v2\/media?parent=18293"}],"wp:term":[{"taxonomy":"product_brand","embeddable":true,"href":"https:\/\/mama-niemowlaka.pl\/sklep\/wp-json\/wp\/v2\/product_brand?post=18293"},{"taxonomy":"product_cat","embeddable":true,"href":"https:\/\/mama-niemowlaka.pl\/sklep\/wp-json\/wp\/v2\/product_cat?post=18293"},{"taxonomy":"product_tag","embeddable":true,"href":"https:\/\/mama-niemowlaka.pl\/sklep\/wp-json\/wp\/v2\/product_tag?post=18293"}],"curies":[{"name":"wp","href":"https:\/\/api.w.org\/{rel}","templated":true}]}}