{"id":18805,"date":"2025-12-06T19:46:05","date_gmt":"2025-12-06T18:46:05","guid":{"rendered":"https:\/\/mama-niemowlaka.pl\/sklep\/?post_type=product&#038;p=18805"},"modified":"2026-04-28T20:56:55","modified_gmt":"2026-04-28T18:56:55","slug":"szlafrok-ciazowy-w-serca","status":"publish","type":"product","link":"https:\/\/mama-niemowlaka.pl\/sklep\/produkt\/dlamamy\/szlafrok-ciazowy\/szlafrok-ciazowy-w-serca\/","title":{"rendered":"Szlafrok ci\u0105\u017cowy w serca"},"content":{"rendered":"<h2 data-pm-slice=\"1 1 []\">Wygodny szlafrok ci\u0105\u017cowy w serca<\/h2>\n<p>Szlafrok ci\u0105\u017cowy w serca to niezwykle wygodny element garderoby ju\u017c podczas ci\u0105\u017cy. Doskonale si\u0119 sprawdzi r\u00f3wnie\u017c w szpitalu oraz w domu po porodzie. Jest bardzo wygodny podczas karmienia piersi\u0105 malucha.<\/p>\n<p>Nasz szlafrok to praktyczny szlafrok ci\u0105\u017cowy. Jest wyposa\u017cony w jedn\u0105 kiesze\u0144, w kt\u00f3rej mo\u017cesz trzyma\u0107 drobne przedmioty. Dodatkowo, wi\u0105zanie w pasie umo\u017cliwia dopasowanie go do Twojej figury.<\/p>\n<h2>Szlafrok ci\u0105\u017cowy do szpitala<\/h2>\n<p>Szlafrok bawe\u0142niany ci\u0105\u017cowy to obowi\u0105zkowy element wyprawki do szpitala dla ka\u017cdej mamy. Aby czu\u0107 si\u0119 swobodnie w szpitalu b\u0119dzie potrzeby Ci szlafrok. Szlafrok ci\u0105\u017cowy pos\u0142u\u017cy Ci podczas wizyty w gabinecie na badanie lub podczas spaceru na korytarzu.<\/p>\n<h2>Zakupy w sklepie mama-niemowlaka.pl<\/h2>\n<p>Je\u015bli zdecydujesz si\u0119 na zakup zar\u00f3wno koszuli do karmienia jak i tego szlafroka, otrzymasz dodatkowe 10% rabatu! To doskona\u0142a okazja, aby stworzy\u0107 idealny zestaw dla przysz\u0142ej mamy i cieszy\u0107 si\u0119 wysok\u0105 jako\u015bci\u0105 oraz wygod\u0105 przez ca\u0142y okres ci\u0105\u017cy.<\/p>\n<p>Sk\u0142ad: 100% bawe\u0142na<\/p>\n<h3>Tabela rozmiar\u00f3w:<\/h3>\n<table width=\"700\">\n<tbody>\n<tr>\n<td><strong>Rozmiar<\/strong><\/td>\n<td style=\"text-align: center;\"><strong>M<\/strong><\/td>\n<td style=\"text-align: center;\"><strong>L<\/strong><\/td>\n<td style=\"text-align: center;\"><strong>XL<\/strong><\/td>\n<td style=\"text-align: center;\"><strong>2XL<\/strong><\/td>\n<\/tr>\n<tr>\n<td>D\u0142ugo\u015b\u0107 ca\u0142kowita<\/td>\n<td style=\"text-align: center;\">96 cm<\/td>\n<td style=\"text-align: center;\">97 cm<\/td>\n<td style=\"text-align: center;\">99cm<\/td>\n<td style=\"text-align: center;\">100 cm<\/td>\n<\/tr>\n<tr>\n<td>Obw\u00f3d w pasie<\/td>\n<td style=\"text-align: center;\">114 cm<\/td>\n<td style=\"text-align: center;\">116 cm<\/td>\n<td style=\"text-align: center;\">120 cm<\/td>\n<td style=\"text-align: center;\">124 cm<\/td>\n<\/tr>\n<tr>\n<td>Obw\u00f3d pod pachami<\/td>\n<td style=\"text-align: center;\">104 cm<\/td>\n<td style=\"text-align: center;\">108 cm<\/td>\n<td style=\"text-align: center;\">112 cm<\/td>\n<td style=\"text-align: center;\">116 cm<\/td>\n<\/tr>\n<\/tbody>\n<\/table>\n","protected":false},"excerpt":{"rendered":"<p data-pm-slice=\"1 1 []\"><a href=\"https:\/\/mama-niemowlaka.pl\/sklep\/produkt\/dlamamy\/szlafrok-ciazowy\/szlafrok-ciazowy-w-serca\/\">Szary szlafrok ci\u0105\u017cowy w serca<\/a> to idealna propozycja dla kobiet oczekuj\u0105cych przyj\u015bcia na \u015bwiat swojego dziecka. Wykonany z wysokiej jako\u015bci bawe\u0142ny, szlafrok zapewni Ci wygod\u0119 i komfort nawet w najbardziej wymagaj\u0105cych momentach. Jego d\u0142ugo\u015b\u0107 si\u0119ga do kolana, a r\u0119kaw jest 3\/4, co dodaje mu elegancji i jest niezwykle wygodne. Natomiast bia\u0142e i r\u00f3\u017cowe serca nadaj\u0105 mu uroku i delikatno\u015bci.<\/p>\n<p>Szlafrok bawe\u0142niany ci\u0105\u017cowy szary idealnie pasuje do<a href=\"https:\/\/mama-niemowlaka.pl\/sklep\/produkt\/dlamamy\/koszule-do-karmienia\/koszula-nocna-dla-karmiacej\"> koszuli do karmienia z tym samym wzorem<\/a> &#8211; jako komplet dost\u0119pny jest <a href=\"https:\/\/mama-niemowlaka.pl\/sklep\/produkt\/dlamamy\/koszula-i-szlafrok-do-porodu\/komplet-koszula-do-karmienia-i-szlafrok-serca-szary\/\" target=\"_blank\" rel=\"noopener\"><strong>tutaj<\/strong><\/a>.<\/p>\n","protected":false},"featured_media":18803,"template":"","meta":[],"product_brand":[],"product_cat":[64,149],"product_tag":[118,214,608,119,180,142],"class_list":{"0":"post-18805","1":"product","2":"type-product","3":"status-publish","4":"has-post-thumbnail","6":"product_cat-dlamamy","7":"product_cat-szlafrok-ciazowy","8":"product_tag-bawelna","9":"product_tag-bestseller","10":"product_tag-bestsellery-dla-mamy","11":"product_tag-dla-mamy","12":"product_tag-nowosc","13":"product_tag-szlafrok","14":"product_shipping_class-lekka","15":"pa_rozmiar-2xl","16":"pa_rozmiar-l","17":"pa_rozmiar-m","18":"pa_rozmiar-xl","20":"first","21":"instock","22":"taxable","23":"shipping-taxable","24":"purchasable","25":"product-type-variable","26":"has-default-attributes","27":"wvs-archive-product-wrapper"},"_links":{"self":[{"href":"https:\/\/mama-niemowlaka.pl\/sklep\/wp-json\/wp\/v2\/product\/18805","targetHints":{"allow":["GET"]}}],"collection":[{"href":"https:\/\/mama-niemowlaka.pl\/sklep\/wp-json\/wp\/v2\/product"}],"about":[{"href":"https:\/\/mama-niemowlaka.pl\/sklep\/wp-json\/wp\/v2\/types\/product"}],"wp:featuredmedia":[{"embeddable":true,"href":"https:\/\/mama-niemowlaka.pl\/sklep\/wp-json\/wp\/v2\/media\/18803"}],"wp:attachment":[{"href":"https:\/\/mama-niemowlaka.pl\/sklep\/wp-json\/wp\/v2\/media?parent=18805"}],"wp:term":[{"taxonomy":"product_brand","embeddable":true,"href":"https:\/\/mama-niemowlaka.pl\/sklep\/wp-json\/wp\/v2\/product_brand?post=18805"},{"taxonomy":"product_cat","embeddable":true,"href":"https:\/\/mama-niemowlaka.pl\/sklep\/wp-json\/wp\/v2\/product_cat?post=18805"},{"taxonomy":"product_tag","embeddable":true,"href":"https:\/\/mama-niemowlaka.pl\/sklep\/wp-json\/wp\/v2\/product_tag?post=18805"}],"curies":[{"name":"wp","href":"https:\/\/api.w.org\/{rel}","templated":true}]}}