{"id":18845,"date":"2024-12-08T00:58:21","date_gmt":"2024-12-07T23:58:21","guid":{"rendered":"https:\/\/mama-niemowlaka.pl\/sklep\/?post_type=product&#038;p=18845"},"modified":"2026-05-07T11:39:25","modified_gmt":"2026-05-07T09:39:25","slug":"koszula-ciazowa-do-karmienia-biala-w-jezyki","status":"publish","type":"product","link":"https:\/\/mama-niemowlaka.pl\/sklep\/produkt\/dlamamy\/koszule-do-karmienia\/koszula-ciazowa-do-karmienia-biala-w-jezyki\/","title":{"rendered":"Koszula ci\u0105\u017cowa do karmienia &#8211; bia\u0142a w je\u017cyki"},"content":{"rendered":"<h2 data-pm-slice=\"1 1 []\"><strong>Koszula nocna ci\u0105\u017cowa i do karmienia piersi\u0105<\/strong><\/h2>\n<p>Koszule nocne ci\u0105\u017cowe i do karmienia to niezb\u0119dne elementy garderoby ka\u017cdej przysz\u0142ej mamy. Warto kupi\u0107 bawe\u0142niane koszule nocne ci\u0105\u017cowe do karmienia. Bawe\u0142na to naturalna tkanina oddychaj\u0105ca, kt\u00f3ra pomaga regulowa\u0107 temperatur\u0119 cia\u0142a, szczeg\u00f3lnie podczas snu. Dzi\u0119ki temu, nie odczuwamy dyskomfortu zwi\u0105zanego z przegrzewaniem cia\u0142a czy zimnem. Wp\u0142ywa to nie tylko na jako\u015b\u0107 snu, ale tak\u017ce chroni nas przed przezi\u0119bieniami. Wybierz nasz\u0105 koszul\u0119 nocna dla kobiet w ci\u0105\u017cy i ciesz si\u0119 niezwyk\u0142\u0105 wygod\u0105 podczas opieki nad Twoim male\u0144stwem. Wa\u017cne jest r\u00f3wnie\u017c wygodne rozpinanie koszuli nocnej, tak aby zapewni\u0107 wygodne karmienie male\u0144stwa piersi\u0105. Ta koszula doskonale sprawdzi si\u0119 jako koszula ci\u0105\u017cowa do spania i karmienia.<\/p>\n<h2><strong>Koszule ci\u0105\u017cowe i do karmienia w sklepie <a href=\"https:\/\/mama-niemowlaka.pl\">mama-niemowlaka.pl<\/a> \u2013 wybierz najlepsze koszule ci\u0105\u017cowe do karmienia piersi\u0105<\/strong><\/h2>\n<p>W sklepie <a href=\"https:\/\/mama-niemowlaka.pl\"><strong>mama-niemowlaka.pl<\/strong><\/a> znajdziesz szeroki wyb\u00f3r koszul do karmienia piersi\u0105. Znajdziesz zar\u00f3wno koszule poporodowe, klasyczn\u0105 koszul\u0119 ci\u0105\u017cow\u0105 zapinan\u0105 na guziki, koszule na napy, koszule do karmienia na ekspres lub suwak, eleganckie koszule ci\u0105\u017cowe jaki pi\u017camy ci\u0105\u017cowe. Znajdziesz koszule dla karmi\u0105cych w r\u00f3\u017cnych rozmiarach: od S do XXXL. Nasze produkty wysy\u0142amy w ci\u0105gu 48 godzin. Oferujemy bezp\u0142atn\u0105 wymian\u0119 i 14-dniowy zwrot. Dodatkowo, je\u015bli zam\u00f3wisz za minimum 249 z\u0142, dostawa b\u0119dzie ca\u0142kowicie bezp\u0142atna. Nasze produkty s\u0105 starannie dobierane tak, aby zapewni\u0107 Ci maksymalny komfort i bezpiecze\u0144stwo. Nie musisz ju\u017c traci\u0107 czasu na przeszukiwanie innych sklep\u00f3w. <a href=\"https:\/\/mama-niemowlaka.pl\/sklep\/\"><strong>mama-niemowlaka.pl<\/strong><\/a> ma wszystko, czego potrzebujesz! Skorzystaj z naszych us\u0142ug ju\u017c teraz i sprawd\u017a nasz\u0105 ofert\u0119 komfortowych koszul nocnych do karmienia, odzie\u017c ci\u0105\u017cow\u0105, bielizn\u0119 nocn\u0105 ci\u0105\u017cow\u0105 oraz ubranka dla niemowl\u0105t ju\u017c dzi\u015b! Sprawd\u017a nasze pozosta\u0142e koszule nocne dla matek karmi\u0105cych, znajdziesz je w kategorii <a href=\"https:\/\/mama-niemowlaka.pl\/sklep\/c\/dlamamy\/koszule-do-karmienia\/\" target=\"_blank\" rel=\"noopener\"><strong>koszule do karmienia<\/strong><\/a>.<\/p>\n<p>Sprawd\u017a nasz\u0105 ofert\u0119 koszul i kup ju\u017c dzi\u015b wyj\u0105tkow\u0105 koszulk\u0119 ci\u0105\u017cow\u0105. Pami\u0119taj, aby wyprawk\u0119 do szpitala dla m\u0142odej mamy uzupe\u0142ni\u0107 o bielizn\u0119 poporodow\u0105. Sprawd\u017a koniecznie nasz\u0105 ofert\u0119 majtek poporodowych i biustonoszy do karmienia &#8211; <a href=\"https:\/\/mama-niemowlaka.pl\/sklep\/c\/dlamamy\/bielizna-poporodowa\/\" target=\"_blank\" rel=\"noopener\"><strong>bielizna poporodowa<\/strong><\/a>.<\/p>\n","protected":false},"excerpt":{"rendered":"<p data-pm-slice=\"1 1 []\">Koszula nocna dla ci\u0119\u017carnej z mo\u017cliwo\u015bci\u0105 karmienia w kolorze bia\u0142ym to koszula damska do karmienia wykonana z mi\u0119kkiej i przyjaznej dla sk\u00f3ry bawe\u0142ny. Dzi\u0119ki guzikom po obu stronach piersi u\u0142atwia karmienie dziecka. Bia\u0142a koszula nocna dla karmi\u0105cych posiada kr\u00f3tki r\u0119kaw, dzi\u0119ki czemu b\u0119dzie Ci wygodnie.<\/p>\n<p>Nasza koszula do karmienia piersi\u0105 ma modny design, kt\u00f3ry przypadnie do gustu ka\u017cdej kobiecie. Koszula ci\u0105\u017cowa do karmienia jest w bia\u0142ym kolorze z uroczymi je\u017cykami. Jest starannie wykonana z doskona\u0142\u0105 precyzj\u0105. Niezale\u017cnie od tego, czy jeste\u015b w ci\u0105\u017cy, czy karmisz piersi\u0105, ta koszula do karmienia rozpinana na guziki zapewnia wygodne karmienie male\u0144stwa. \u0141atwy i szybki dost\u0119p do piersi usprawni nocne karmienia maluszka piersi\u0105.<\/p>\n<p>Koszula nocna dla ci\u0119\u017carnej z mo\u017cliwo\u015bci\u0105 karmienia w kolorze bia\u0142ym dost\u0119pna jest w czterech rozmiarach: M, L, XL, XXL.<\/p>\n<p>Sk\u0142ad: 100% bawe\u0142na<\/p>\n","protected":false},"featured_media":9262,"template":"","meta":[],"product_brand":[],"product_cat":[97,64],"product_tag":[118,119,236,138,146,259,258,98,260,261,331],"class_list":{"0":"post-18845","1":"product","2":"type-product","3":"status-publish","4":"has-post-thumbnail","6":"product_cat-koszule-do-karmienia","7":"product_cat-dlamamy","8":"product_tag-bawelna","9":"product_tag-dla-mamy","10":"product_tag-koszula-do-karmienia","11":"product_tag-koszule-ciazowe","12":"product_tag-koszule-ciazowe-do-karmienia","13":"product_tag-koszula-do-karmienia-l","14":"product_tag-koszula-do-karmienia-m","15":"product_tag-koszule-nocne-do-karmienia","16":"product_tag-koszula-do-karmienia-xl","17":"product_tag-koszula-do-karmienia-xxl","18":"product_tag-koszulka-nocna-do-karmienia","19":"product_shipping_class-lekka","20":"pa_rozmiar-2xl","21":"pa_rozmiar-l","22":"pa_rozmiar-m","23":"pa_rozmiar-xl","25":"first","26":"instock","27":"taxable","28":"shipping-taxable","29":"purchasable","30":"product-type-variable","31":"has-default-attributes","32":"wvs-archive-product-wrapper"},"_links":{"self":[{"href":"https:\/\/mama-niemowlaka.pl\/sklep\/wp-json\/wp\/v2\/product\/18845","targetHints":{"allow":["GET"]}}],"collection":[{"href":"https:\/\/mama-niemowlaka.pl\/sklep\/wp-json\/wp\/v2\/product"}],"about":[{"href":"https:\/\/mama-niemowlaka.pl\/sklep\/wp-json\/wp\/v2\/types\/product"}],"wp:featuredmedia":[{"embeddable":true,"href":"https:\/\/mama-niemowlaka.pl\/sklep\/wp-json\/wp\/v2\/media\/9262"}],"wp:attachment":[{"href":"https:\/\/mama-niemowlaka.pl\/sklep\/wp-json\/wp\/v2\/media?parent=18845"}],"wp:term":[{"taxonomy":"product_brand","embeddable":true,"href":"https:\/\/mama-niemowlaka.pl\/sklep\/wp-json\/wp\/v2\/product_brand?post=18845"},{"taxonomy":"product_cat","embeddable":true,"href":"https:\/\/mama-niemowlaka.pl\/sklep\/wp-json\/wp\/v2\/product_cat?post=18845"},{"taxonomy":"product_tag","embeddable":true,"href":"https:\/\/mama-niemowlaka.pl\/sklep\/wp-json\/wp\/v2\/product_tag?post=18845"}],"curies":[{"name":"wp","href":"https:\/\/api.w.org\/{rel}","templated":true}]}}