{"id":18871,"date":"2025-01-07T01:24:57","date_gmt":"2025-01-07T00:24:57","guid":{"rendered":"https:\/\/mama-niemowlaka.pl\/sklep\/?post_type=product&#038;p=18871"},"modified":"2026-04-12T15:56:30","modified_gmt":"2026-04-12T13:56:30","slug":"koszula-ciazowa-i-do-karmienia-w-paski","status":"publish","type":"product","link":"https:\/\/mama-niemowlaka.pl\/sklep\/produkt\/dlamamy\/koszule-do-karmienia\/koszula-ciazowa-i-do-karmienia-w-paski\/","title":{"rendered":"Koszula ci\u0105\u017cowa i do karmienia \u2013 w paski"},"content":{"rendered":"<h2 data-pm-slice=\"1 1 []\"><strong>Bawe\u0142niana koszula nocna ci\u0105\u017cowa z mo\u017cliwo\u015bci\u0105 karmienia w marynarskie paski<\/strong><\/h2>\n<p data-pm-slice=\"1 1 []\"><a href=\"https:\/\/mama-niemowlaka.pl\/sklep\/produkt\/dlamamy\/koszule-do-karmienia\/koszula-nocna-do-karmienia-paski\/\" target=\"_blank\" rel=\"noopener\"><strong>Koszula nocna do karmienia<\/strong><\/a> to wyj\u0105tkowy produkt, kt\u00f3ry zapewnia maksymalny komfort dla przysz\u0142ych mam. Wykonana z mi\u0119kkiej i przyjemnej w dotyku bawe\u0142ny, zapewnia komfort dla sk\u00f3ry wra\u017cliwej w okresie ci\u0105\u017cy oraz po porodzie.<\/p>\n<p data-pm-slice=\"1 1 []\">Jedn\u0105 z najwi\u0119kszych zalet tej koszuli nocnej dla kobiet w ci\u0105\u017cy jest jej funkcjonalno\u015b\u0107 \u2013 posiada specjalne rozwi\u0105zania, kt\u00f3re umo\u017cliwiaj\u0105 wygodne karmienie dziecka. Dzi\u0119ki praktycznym zapi\u0119ciom na guzki na piersiach, mo\u017cna szybko i \u0142atwo nakarmi\u0107 dziecko, bez konieczno\u015bci \u015bci\u0105gania ca\u0142ej <a href=\"https:\/\/mama-niemowlaka.pl\/sklep\/t\/koszulka-nocna-do-karmienia\/\" target=\"_blank\" rel=\"noopener\"><strong>koszulki do karmienia<\/strong><\/a>. Koszulka do karmienia piersi\u0105 posiada obustronne rozpi\u0119cia na guziki. Ten system umo\u017cliwia dyskrecj\u0119 podczas karmienia, co jest bardzo wa\u017cne dla wielu matek.<\/p>\n<p data-pm-slice=\"1 1 []\">Koszula ci\u0105\u017cowa i do karmienia to r\u00f3wnie\u017c produkt, kt\u00f3ry z \u0142atwo\u015bci\u0105 dostosowuje si\u0119 do zmieniaj\u0105cej si\u0119 figury przysz\u0142ej mamy. Dzi\u0119ki specjalnym rozwi\u0105zaniom, koszula dopasowuje si\u0119 do kszta\u0142tu brzucha w ci\u0105\u017cy, a po porodzie zapewnia optymalne dopasowanie.<\/p>\n<p data-pm-slice=\"1 1 []\">Nasza <a href=\"https:\/\/mama-niemowlaka.pl\/sklep\/produkt\/dlamamy\/koszule-do-karmienia\/koszula-nocna-do-karmienia-paski\/\" target=\"_blank\" rel=\"noopener\"><strong>koszula nocna do karmienia piersi\u0105<\/strong><\/a> to r\u00f3wnie\u017c doskona\u0142a koszula do szpitala do <a href=\"https:\/\/mama-niemowlaka.pl\/sklep\/dla-mamy\/\" target=\"_blank\" rel=\"noopener\"><strong>wyprawki do szpitala dla mamy<\/strong><\/a>.<\/p>\n<h2 data-pm-slice=\"1 1 []\"><strong>Koszule nocne do karmienia piersi\u0105, koszule ci\u0105\u017cowe w sklepie <\/strong><a href=\"http:\/\/mama-niemowlaka.pl\"><strong>mama-niemowlaka.pl<\/strong><\/a><\/h2>\n<p data-pm-slice=\"1 1 []\">W sklepie <a href=\"https:\/\/mama-niemowlaka.pl\/sklep\/\" target=\"_blank\" rel=\"noopener\"><strong>mama-niemowlaka.pl<\/strong><\/a> znajdziesz szeroki wyb\u00f3r koszul do karmienia piersi\u0105. Znajdziesz zar\u00f3wno klasyczn\u0105 <a href=\"https:\/\/mama-niemowlaka.pl\/sklep\/t\/koszula-do-karmienia\/\" target=\"_blank\" rel=\"noopener\"><strong>koszul\u0119 do karmienia<\/strong><\/a> piersi\u0105 zapinan\u0105 na guziki jaki <a href=\"https:\/\/mama-niemowlaka.pl\/sklep\/t\/koszula-na-napy\/\" target=\"_blank\" rel=\"noopener\"><strong>koszulki do karmienia na napy<\/strong><\/a>, <a href=\"https:\/\/mama-niemowlaka.pl\/sklep\/t\/koszule-do-porodu\/\" target=\"_blank\" rel=\"noopener\"><strong>koszule do porodu<\/strong><\/a> a tak\u017ce <a href=\"https:\/\/mama-niemowlaka.pl\/sklep\/c\/dlamamy\/pizamy-do-karmienia\/\" target=\"_blank\" rel=\"noopener\"><strong>pi\u017camy ci\u0105\u017cowe<\/strong><\/a>. Nasze produkty wysy\u0142amy w ci\u0105gu 48 godzin. Oferujemy bezp\u0142atn\u0105 wymian\u0119 i 14-dniowy zwrot. Dodatkowo, je\u015bli zam\u00f3wisz za minimum 249 z\u0142, dostawa b\u0119dzie ca\u0142kowicie bezp\u0142atna. Nasze produkty s\u0105 starannie dobierane tak, aby zapewni\u0107 Ci maksymalny komfort i bezpiecze\u0144stwo. Nie musisz ju\u017c traci\u0107 czasu na przeszukiwanie innych sklep\u00f3w. <a href=\"https:\/\/mama-niemowlaka.pl\/sklep\/\" target=\"_blank\" rel=\"noopener\"><strong>www.mama-niemowlaka.pl<\/strong><\/a> ma wszystko, czego potrzebujesz!<\/p>\n<p data-pm-slice=\"1 1 []\">Skorzystaj z naszych us\u0142ug ju\u017c teraz i sprawd\u017a nasz\u0105 ofert\u0119 komfortowych <a href=\"https:\/\/mama-niemowlaka.pl\/sklep\/c\/dlamamy\/koszule-do-karmienia\/\" target=\"_blank\" rel=\"noopener\"><strong>koszul nocnych do karmienia<\/strong><\/a>, <a href=\"https:\/\/mama-niemowlaka.pl\/sklep\/c\/dlamamy\/dresy-ciazowe\/\" target=\"_blank\" rel=\"noopener\"><strong>odzie\u017c ci\u0105\u017cow\u0105<\/strong><\/a>, <a href=\"https:\/\/mama-niemowlaka.pl\/sklep\/c\/dlamamy\/bielizna-poporodowa\/\" target=\"_blank\" rel=\"noopener\"><strong>bielizn\u0119 dla przysz\u0142ych mam<\/strong><\/a> oraz <a href=\"https:\/\/mama-niemowlaka.pl\/sklep\/ubranka-niemowlece\/\" target=\"_blank\" rel=\"noopener\"><strong>ubranka dla niemowl\u0105t<\/strong><\/a> ju\u017c dzi\u015b! Sprawd\u017a nasze pozosta\u0142e koszule koszule nocne ci\u0105\u017cowe do karmienia &#8211; znajdziesz je w kategorii <a href=\"https:\/\/mama-niemowlaka.pl\/sklep\/c\/dlamamy\/koszule-do-karmienia\/\" target=\"_blank\" rel=\"noopener\"><strong>koszule do karmienia<\/strong><\/a>. Wszystkie koszule nocne ci\u0105\u017cowe w naszym sklepie to bawe\u0142niane koszule nocne.<\/p>\n<p data-pm-slice=\"1 1 []\">Do naszych koszul nocnych ci\u0105\u017cowych do karmienia mo\u017cesz dokupi\u0107 r\u00f3wnie\u017c <a href=\"https:\/\/mama-niemowlaka.pl\/sklep\/c\/dlamamy\/szlafrok-ciazowy\/\" target=\"_blank\" rel=\"noopener\"><strong>szlafrok ci\u0105\u017cowy<\/strong><\/a>.<\/p>\n<figure id=\"attachment_2523\" class=\"wp-caption alignleft\" style=\"width: 517px;\" aria-describedby=\"caption-attachment-2523\"><figcaption id=\"caption-attachment-2523\" class=\"wp-caption-text\">Tabela rozmiar\u00f3w koszuli nocnej do karmienia:<\/p>\n<table width=\"700\">\n<tbody>\n<tr>\n<td><strong>Rozmiar<\/strong><\/td>\n<td style=\"text-align: center;\"><strong>XL<\/strong><\/td>\n<td style=\"text-align: center;\"><strong>2XL<\/strong><\/td>\n<td style=\"text-align: center;\"><strong>3XL<\/strong><\/td>\n<td style=\"text-align: center;\"><strong>4XL<\/strong><\/td>\n<\/tr>\n<tr>\n<td>D\u0142ugo\u015b\u0107 ca\u0142kowita<\/td>\n<td style=\"text-align: center;\">97 cm<\/td>\n<td style=\"text-align: center;\">100 cm<\/td>\n<td style=\"text-align: center;\">102 cm<\/td>\n<td style=\"text-align: center;\">104 cm<\/td>\n<\/tr>\n<tr>\n<td>Obw\u00f3d w pasie<\/td>\n<td style=\"text-align: center;\">120 cm<\/td>\n<td style=\"text-align: center;\">126 cm<\/td>\n<td style=\"text-align: center;\">128 cm<\/td>\n<td style=\"text-align: center;\">132 cm<\/td>\n<\/tr>\n<tr>\n<td>Obw\u00f3d pod pachami<\/td>\n<td style=\"text-align: center;\">108 cm<\/td>\n<td style=\"text-align: center;\">114 cm<\/td>\n<td style=\"text-align: center;\">116 cm<\/td>\n<td style=\"text-align: center;\">120 cm<\/td>\n<\/tr>\n<\/tbody>\n<\/table>\n<\/figcaption><\/figure>\n","protected":false},"excerpt":{"rendered":"<p data-pm-slice=\"1 1 []\">Bawe\u0142niana koszula nocna ci\u0105\u017cowa z mo\u017cliwo\u015bci\u0105 karmienia w marynarskie paski. Dzi\u0119ki guzikom po obu stronach piersi, mo\u017cesz wygodnie karmi\u0107 swoje dziecko o ka\u017cdej porze dnia i nocy. Koszula nocna do karmienia piersi\u0105 wykonana jest z 100% bawe\u0142ny, dzi\u0119ki czemu zapewnia Ci komfort i wygod\u0119 podczas snu oraz karmienia dziecka.<\/p>\n<p><a href=\"https:\/\/mama-niemowlaka.pl\/sklep\/produkt\/dlamamy\/koszule-do-karmienia\/koszula-nocna-do-karmienia-paski\/\" target=\"_blank\" rel=\"noopener\"><strong>Koszula nocna do karmienia<\/strong><\/a> wyst\u0119puje w czterech rozmiarach: XL, XXL, 3XL i 4XL.<\/p>\n<p>Sk\u0142ad: 100% bawe\u0142na<\/p>\n","protected":false},"featured_media":20184,"template":"","meta":[],"product_brand":[],"product_cat":[97,64],"product_tag":[118,214,608,119,181,236,262,263,138,146,98,260,261,331],"class_list":{"0":"post-18871","1":"product","2":"type-product","3":"status-publish","4":"has-post-thumbnail","6":"product_cat-koszule-do-karmienia","7":"product_cat-dlamamy","8":"product_tag-bawelna","9":"product_tag-bestseller","10":"product_tag-bestsellery-dla-mamy","11":"product_tag-dla-mamy","12":"product_tag-koszule-do-karmienia-plus-size","13":"product_tag-koszula-do-karmienia","14":"product_tag-koszula-do-karmienia-3xl","15":"product_tag-koszula-do-karmienia-4xl","16":"product_tag-koszule-ciazowe","17":"product_tag-koszule-ciazowe-do-karmienia","18":"product_tag-koszule-nocne-do-karmienia","19":"product_tag-koszula-do-karmienia-xl","20":"product_tag-koszula-do-karmienia-xxl","21":"product_tag-koszulka-nocna-do-karmienia","22":"product_shipping_class-lekka","23":"pa_rozmiar-2xl","24":"pa_rozmiar-3xl","25":"pa_rozmiar-4xl","26":"pa_rozmiar-xl","28":"first","29":"instock","30":"taxable","31":"shipping-taxable","32":"purchasable","33":"product-type-variable","34":"has-default-attributes","35":"wvs-archive-product-wrapper"},"_links":{"self":[{"href":"https:\/\/mama-niemowlaka.pl\/sklep\/wp-json\/wp\/v2\/product\/18871","targetHints":{"allow":["GET"]}}],"collection":[{"href":"https:\/\/mama-niemowlaka.pl\/sklep\/wp-json\/wp\/v2\/product"}],"about":[{"href":"https:\/\/mama-niemowlaka.pl\/sklep\/wp-json\/wp\/v2\/types\/product"}],"wp:featuredmedia":[{"embeddable":true,"href":"https:\/\/mama-niemowlaka.pl\/sklep\/wp-json\/wp\/v2\/media\/20184"}],"wp:attachment":[{"href":"https:\/\/mama-niemowlaka.pl\/sklep\/wp-json\/wp\/v2\/media?parent=18871"}],"wp:term":[{"taxonomy":"product_brand","embeddable":true,"href":"https:\/\/mama-niemowlaka.pl\/sklep\/wp-json\/wp\/v2\/product_brand?post=18871"},{"taxonomy":"product_cat","embeddable":true,"href":"https:\/\/mama-niemowlaka.pl\/sklep\/wp-json\/wp\/v2\/product_cat?post=18871"},{"taxonomy":"product_tag","embeddable":true,"href":"https:\/\/mama-niemowlaka.pl\/sklep\/wp-json\/wp\/v2\/product_tag?post=18871"}],"curies":[{"name":"wp","href":"https:\/\/api.w.org\/{rel}","templated":true}]}}