{"id":19137,"date":"2021-12-08T22:31:34","date_gmt":"2021-12-08T21:31:34","guid":{"rendered":"https:\/\/mama-niemowlaka.pl\/sklep\/?post_type=product&#038;p=19137"},"modified":"2025-12-08T23:53:49","modified_gmt":"2025-12-08T22:53:49","slug":"spodnie-niemowlece-dla-chlopca-musztardowe","status":"publish","type":"product","link":"https:\/\/mama-niemowlaka.pl\/sklep\/produkt\/ubranka-niemowlece\/spodnie-niemowlece\/spodnie-niemowlece-dla-chlopca-musztardowe\/","title":{"rendered":"Spodnie niemowl\u0119ce dla ch\u0142opca &#8211; musztardowe"},"content":{"rendered":"<h2><span style=\"font-weight: 400;\">Casualowe spodnie niemowl\u0119ce dla ch\u0142opca z gumk\u0105 w pasie z bardzo mi\u0119kkiej bawe\u0142ny w kolorze musztardowym.<\/span><\/h2>\n<p>Musztardowe spodnie niemowl\u0119ce dla ch\u0142opc\u00f3w s\u0105 idealnym wyborem dla ka\u017cdej mamy, kt\u00f3ra szuka stylowych i wygodnych ubra\u0144 dla swojego malucha. Wykonane z mi\u0119kkiej, przyjemnej w dotyku bawe\u0142ny, zapewni\u0105 dziecku wygod\u0119 i komfort przez ca\u0142y dzie\u0144. Spodnie posiadaj\u0105 elastyczny pas, kt\u00f3ry zapewni idealne dopasowanie do sylwetki maluszka, a jednocze\u015bnie nie b\u0119dzie kr\u0119powa\u0107 jego ruch\u00f3w.<\/p>\n<p>Klasyczny musztardowy kolor sprawia, \u017ce spodnie s\u0105 ponadczasowe i \u0142atwe do zestawienia z innymi ubraniami. Dzi\u0119ki temu b\u0119d\u0105 idealne zar\u00f3wno na co dzie\u0144, jak i na specjalne okazje. W po\u0142\u0105czeniu z klasyczn\u0105 koszulk\u0105 lub swetrem tworz\u0105 prosty, ale stylowy zestaw dla ma\u0142ego ch\u0142opca.<\/p>\n<p>Spodnie s\u0105 \u0142atwe w utrzymaniu czysto\u015bci, co na pewno ucieszy ka\u017cd\u0105 mam\u0119. Mog\u0105 by\u0107 prane w pralce i suszone w suszarce, dzi\u0119ki czemu szybko odzyskaj\u0105 sw\u00f3j pierwotny wygl\u0105d.<\/p>\n<p>Kupuj\u0105c te musztardowe spodnie dla swojego maluszka, zyskujesz pewno\u015b\u0107, \u017ce wybierasz produkt najwy\u017cszej jako\u015bci, kt\u00f3ry b\u0119dzie s\u0142u\u017cy\u0142 Twojemu dziecku przez d\u0142ugi czas. Ich ponadczasowy styl i wygoda sprawi\u0105, \u017ce b\u0119d\u0105 one niezast\u0105pionym elementem garderoby Twojego malucha. <span style=\"font-weight: 400;\">\u00a0Stylizacj\u0119 warto uzupe\u0142ni\u0107 o<strong><a href=\"https:\/\/mama-niemowlaka.pl\/sklep\/produkt\/ubranka\/szelki\/zestaw-szelki-i-mucha-dla-chlopca\/\"> zestaw mucha i szelki dla ch\u0142opca<\/a><\/strong> oraz <strong><a href=\"https:\/\/mama-niemowlaka.pl\/sklep\/produkt\/ubranka\/body-i-pajacyki\/koszulobody-biale\/\">koszulobody niemowl\u0119ce<\/a><\/strong>.<\/span><\/p>\n<p><span style=\"font-weight: 400;\">Zar\u00f3wno z przodu jak i z ty\u0142u spodnie niemowl\u0119ce posiadaj\u0105 prawdziwe kieszenie oraz atrap\u0119 rozporka. <\/span><\/p>\n<p>&nbsp;<\/p>\n<h3><span style=\"font-weight: 400;\">Spodnie niemowl\u0119ce dla ch\u0142opca wyst\u0119puj\u0105 w czterech kolorach i trzech rozmiarach.<\/span><\/h3>\n<h3><span style=\"font-weight: 400;\">Kolory spodni ch\u0142opi\u0119cych:<\/span><\/h3>\n<ul>\n<li style=\"font-weight: 400;\"><a href=\"https:\/\/mama-niemowlaka.pl\/sklep\/produkt\/ubranka\/spodnie\/spodnie-chlopiece-musztardowe\/\"><span style=\"font-weight: 400;\">Musztardowe<\/span><\/a><\/li>\n<li style=\"font-weight: 400;\"><a href=\"https:\/\/mama-niemowlaka.pl\/sklep\/produkt\/ubranka\/spodnie\/spodnie-chlopiece-granatowe\/\"><span style=\"font-weight: 400;\">Granatowe<\/span><\/a><\/li>\n<li style=\"font-weight: 400;\"><a href=\"https:\/\/mama-niemowlaka.pl\/sklep\/produkt\/ubranka\/spodnie\/spodnie-chlopiece-bordowe\/\"><span style=\"font-weight: 400;\">Bordowe<\/span><\/a><\/li>\n<li style=\"font-weight: 400;\"><a href=\"https:\/\/mama-niemowlaka.pl\/sklep\/produkt\/ubranka\/spodnie\/spodnie-chlopiece-turkusowe\/\"><span style=\"font-weight: 400;\">Turkusowe<\/span><\/a><\/li>\n<\/ul>\n<h3><span style=\"font-weight: 400;\">Sk\u0142ad spodni ch\u0142opi\u0119cych:<\/span><\/h3>\n<p><span style=\"font-weight: 400;\">100% bawe\u0142na<\/span><\/p>\n<h3><span style=\"font-weight: 400;\">Wymiary spodni ch\u0142opi\u0119cych:<\/span><\/h3>\n<table>\n<tbody>\n<tr>\n<td><b>Spodnie<\/b><\/td>\n<td><b>74<\/b><\/td>\n<td><b>80<\/b><\/td>\n<td><b>92<\/b><\/td>\n<\/tr>\n<tr>\n<td><span style=\"font-weight: 400;\">D\u0142ugo\u015b\u0107 ca\u0142kowita<\/span><\/td>\n<td><span style=\"font-weight: 400;\">40cm<\/span><\/td>\n<td><span style=\"font-weight: 400;\">44cm<\/span><\/td>\n<td><span style=\"font-weight: 400;\">50cm<\/span><\/td>\n<\/tr>\n<tr>\n<td><span style=\"font-weight: 400;\">D\u0142. od kroku<\/span><\/td>\n<td><span style=\"font-weight: 400;\">24cm<\/span><\/td>\n<td><span style=\"font-weight: 400;\">28<\/span><\/td>\n<td><span style=\"font-weight: 400;\">32cm<\/span><\/td>\n<\/tr>\n<tr>\n<td><span style=\"font-weight: 400;\">Szeroko\u015b\u0107 w pasie\u00a0<\/span><\/td>\n<td><span style=\"font-weight: 400;\">38cm<\/span><\/td>\n<td><span style=\"font-weight: 400;\">40cm<\/span><\/td>\n<td><span style=\"font-weight: 400;\">44cm<\/span><\/td>\n<\/tr>\n<\/tbody>\n<\/table>\n","protected":false},"excerpt":{"rendered":"<h2><span style=\"font-weight: 400;\">Casualowe spodnie niemowl\u0119ce dla ch\u0142opca z gumk\u0105 w pasie z bardzo mi\u0119kkiej bawe\u0142ny w kolorze musztardowym.<\/span><\/h2>\n<p>Musztardowe spodnie niemowl\u0119ce dla ch\u0142opc\u00f3w s\u0105 idealnym wyborem dla ka\u017cdej mamy, kt\u00f3ra szuka stylowych i wygodnych ubra\u0144 dla swojego malucha. Wykonane z mi\u0119kkiej, przyjemnej w dotyku bawe\u0142ny, zapewni\u0105 dziecku wygod\u0119 i komfort przez ca\u0142y dzie\u0144. Spodnie posiadaj\u0105 elastyczny pas, kt\u00f3ry zapewni idealne dopasowanie do sylwetki maluszka, a jednocze\u015bnie nie b\u0119dzie kr\u0119powa\u0107 jego ruch\u00f3w.<\/p>\n<p>Klasyczny musztardowy kolor sprawia, \u017ce spodnie s\u0105 ponadczasowe i \u0142atwe do zestawienia z innymi ubraniami. Dzi\u0119ki temu b\u0119d\u0105 idealne zar\u00f3wno na co dzie\u0144, jak i na specjalne okazje. W po\u0142\u0105czeniu z klasyczn\u0105 koszulk\u0105 lub swetrem tworz\u0105 prosty, ale stylowy zestaw dla ma\u0142ego ch\u0142opca.<\/p>\n<p>Spodnie s\u0105 \u0142atwe w utrzymaniu czysto\u015bci, co na pewno ucieszy ka\u017cd\u0105 mam\u0119. Mog\u0105 by\u0107 prane w pralce i suszone w suszarce, dzi\u0119ki czemu szybko odzyskaj\u0105 sw\u00f3j pierwotny wygl\u0105d.<\/p>\n<p>Kupuj\u0105c te musztardowe spodnie dla swojego maluszka, zyskujesz pewno\u015b\u0107, \u017ce wybierasz produkt najwy\u017cszej jako\u015bci, kt\u00f3ry b\u0119dzie s\u0142u\u017cy\u0142 Twojemu dziecku przez d\u0142ugi czas. Ich ponadczasowy styl i wygoda sprawi\u0105, \u017ce b\u0119d\u0105 one niezast\u0105pionym elementem garderoby Twojego malucha. <span style=\"font-weight: 400;\">\u00a0Stylizacj\u0119 warto uzupe\u0142ni\u0107 o<strong><a href=\"https:\/\/mama-niemowlaka.pl\/sklep\/produkt\/ubranka\/szelki\/zestaw-szelki-i-mucha-dla-chlopca\/\"> zestaw mucha i szelki dla ch\u0142opca<\/a><\/strong> oraz <strong><a href=\"https:\/\/mama-niemowlaka.pl\/sklep\/produkt\/ubranka\/body-i-pajacyki\/koszulobody-biale\/\">koszulobody niemowl\u0119ce<\/a><\/strong>.<\/span><\/p>\n<p><span style=\"font-weight: 400;\">Zar\u00f3wno z przodu jak i z ty\u0142u spodnie niemowl\u0119ce posiadaj\u0105 prawdziwe kieszenie oraz atrap\u0119 rozporka. <\/span><\/p>\n<p>&nbsp;<\/p>\n<h3><span style=\"font-weight: 400;\">Spodnie niemowl\u0119ce dla ch\u0142opca wyst\u0119puj\u0105 w czterech kolorach i trzech rozmiarach.<\/span><\/h3>\n<h3><span style=\"font-weight: 400;\">Kolory spodni ch\u0142opi\u0119cych:<\/span><\/h3>\n<ul>\n<li style=\"font-weight: 400;\"><a href=\"https:\/\/mama-niemowlaka.pl\/sklep\/produkt\/ubranka\/spodnie\/spodnie-chlopiece-musztardowe\/\"><span style=\"font-weight: 400;\">Musztardowe<\/span><\/a><\/li>\n<li style=\"font-weight: 400;\"><a href=\"https:\/\/mama-niemowlaka.pl\/sklep\/produkt\/ubranka\/spodnie\/spodnie-chlopiece-granatowe\/\"><span style=\"font-weight: 400;\">Granatowe<\/span><\/a><\/li>\n<li style=\"font-weight: 400;\"><a href=\"https:\/\/mama-niemowlaka.pl\/sklep\/produkt\/ubranka\/spodnie\/spodnie-chlopiece-bordowe\/\"><span style=\"font-weight: 400;\">Bordowe<\/span><\/a><\/li>\n<li style=\"font-weight: 400;\"><a href=\"https:\/\/mama-niemowlaka.pl\/sklep\/produkt\/ubranka\/spodnie\/spodnie-chlopiece-turkusowe\/\"><span style=\"font-weight: 400;\">Turkusowe<\/span><\/a><\/li>\n<\/ul>\n<h3><span style=\"font-weight: 400;\">Sk\u0142ad spodni ch\u0142opi\u0119cych:<\/span><\/h3>\n<p><span style=\"font-weight: 400;\">100% bawe\u0142na<\/span><\/p>\n<h3><span style=\"font-weight: 400;\">Wymiary spodni ch\u0142opi\u0119cych:<\/span><\/h3>\n<table>\n<tbody>\n<tr>\n<td><b>Spodnie<\/b><\/td>\n<td><b>74<\/b><\/td>\n<td><b>80<\/b><\/td>\n<td><b>92<\/b><\/td>\n<\/tr>\n<tr>\n<td><span style=\"font-weight: 400;\">D\u0142ugo\u015b\u0107 ca\u0142kowita<\/span><\/td>\n<td><span style=\"font-weight: 400;\">40cm<\/span><\/td>\n<td><span style=\"font-weight: 400;\">44cm<\/span><\/td>\n<td><span style=\"font-weight: 400;\">50cm<\/span><\/td>\n<\/tr>\n<tr>\n<td><span style=\"font-weight: 400;\">D\u0142. od kroku<\/span><\/td>\n<td><span style=\"font-weight: 400;\">24cm<\/span><\/td>\n<td><span style=\"font-weight: 400;\">28<\/span><\/td>\n<td><span style=\"font-weight: 400;\">32cm<\/span><\/td>\n<\/tr>\n<tr>\n<td><span style=\"font-weight: 400;\">Szeroko\u015b\u0107 w pasie\u00a0<\/span><\/td>\n<td><span style=\"font-weight: 400;\">38cm<\/span><\/td>\n<td><span style=\"font-weight: 400;\">40cm<\/span><\/td>\n<td><span style=\"font-weight: 400;\">44cm<\/span><\/td>\n<\/tr>\n<\/tbody>\n<\/table>\n","protected":false},"featured_media":2223,"template":"","meta":[],"product_brand":[],"product_cat":[79,57],"product_tag":[118,238,125,145,228,343],"class_list":{"0":"post-19137","1":"product","2":"type-product","3":"status-publish","4":"has-post-thumbnail","6":"product_cat-spodnie-niemowlece","7":"product_cat-ubranka-niemowlece","8":"product_tag-bawelna","9":"product_tag-ubranka-swiateczne-dla-niemowlaka","10":"product_tag-ubranka-do-chrztu","11":"product_tag-ubranka-dla-niemowlat-chlopca","12":"product_tag-promocje","13":"product_tag-ubranka-do-chrztu-dla-chlopca","14":"product_shipping_class-lekka","15":"pa_rozmiar-314","16":"pa_rozmiar-315","17":"pa_rozmiar-317","19":"first","20":"instock","21":"sale","22":"taxable","23":"shipping-taxable","24":"purchasable","25":"product-type-variable","26":"has-default-attributes","27":"wvs-archive-product-wrapper"},"_links":{"self":[{"href":"https:\/\/mama-niemowlaka.pl\/sklep\/wp-json\/wp\/v2\/product\/19137","targetHints":{"allow":["GET"]}}],"collection":[{"href":"https:\/\/mama-niemowlaka.pl\/sklep\/wp-json\/wp\/v2\/product"}],"about":[{"href":"https:\/\/mama-niemowlaka.pl\/sklep\/wp-json\/wp\/v2\/types\/product"}],"wp:featuredmedia":[{"embeddable":true,"href":"https:\/\/mama-niemowlaka.pl\/sklep\/wp-json\/wp\/v2\/media\/2223"}],"wp:attachment":[{"href":"https:\/\/mama-niemowlaka.pl\/sklep\/wp-json\/wp\/v2\/media?parent=19137"}],"wp:term":[{"taxonomy":"product_brand","embeddable":true,"href":"https:\/\/mama-niemowlaka.pl\/sklep\/wp-json\/wp\/v2\/product_brand?post=19137"},{"taxonomy":"product_cat","embeddable":true,"href":"https:\/\/mama-niemowlaka.pl\/sklep\/wp-json\/wp\/v2\/product_cat?post=19137"},{"taxonomy":"product_tag","embeddable":true,"href":"https:\/\/mama-niemowlaka.pl\/sklep\/wp-json\/wp\/v2\/product_tag?post=19137"}],"curies":[{"name":"wp","href":"https:\/\/api.w.org\/{rel}","templated":true}]}}