{"id":19160,"date":"2024-12-12T23:18:57","date_gmt":"2024-12-12T22:18:57","guid":{"rendered":"https:\/\/mama-niemowlaka.pl\/sklep\/?post_type=product&#038;p=19160"},"modified":"2026-03-19T19:54:12","modified_gmt":"2026-03-19T18:54:12","slug":"sukienka-do-chrztu-tiulowa-rozowa","status":"publish","type":"product","link":"https:\/\/mama-niemowlaka.pl\/sklep\/produkt\/ubranka-niemowlece\/eleganckie-sukienki-dla-niemowlat\/sukienka-do-chrztu-tiulowa-rozowa\/","title":{"rendered":"Sukienka do Chrztu tiulowa &#8211; r\u00f3\u017cowa"},"content":{"rendered":"<h2><strong>Wyj\u0105tkowa sukienka na Chrzest \u015awi\u0119ty<\/strong><\/h2>\n<div><\/div>\n<div>Chrzest \u015awi\u0119ty to jedna z najwa\u017cniejszych chwil w \u017cyciu dziecka, ale tak\u017ce jego rodzic\u00f3w. Jest wi\u0119c ca\u0142kowicie zrozumia\u0142e, \u017ce rodzice pragn\u0105 podkre\u015bli\u0107 wyj\u0105tkowo\u015b\u0107 tej chwili odpowiednim strojem malucha wybieraj\u0105c eleganckie ubranka. Ka\u017cda dziewczynka powinna czu\u0107 si\u0119 wyj\u0105tkowo w tym dniu, jak Ksi\u0119\u017cniczka. Je\u017celi poszukujesz wyj\u0105tkowego ubranka dla dziewczynki, ta sukienka jest dla Ciebie.<\/div>\n<div><\/div>\n<h2><strong>Elegancka, tiulowa sukienka dla dziewczynki<\/strong><\/h2>\n<div><\/div>\n<div>Ta pi\u0119kna tiulowa sukienka w kolorze r\u00f3\u017cowym jest idealnym wyborem dla ma\u0142ych ksi\u0119\u017cniczek, kt\u00f3re przygotowuj\u0105 si\u0119 do swojego wielkiego dnia Chrztu. Ozdobne koronki, kokarda oraz d\u00f3\u0142 wykonany z tiulu dodaj\u0105 sukience do chrztu eleganckiego wyrazu. Jednocze\u015bnie sukienka wykonana jest z wysokiej jako\u015bci materia\u0142\u00f3w.<\/div>\n<div>Sukienka do chrztu tiulowa wcale nie musi by\u0107 niewygodna. Nasz sukienka wykonana jest z mi\u0119kkiego tiulu, kt\u00f3ry jest delikatny dla delikatnej sk\u00f3ry dziecka, a zarazem daje wra\u017cenie elegancji i delikatno\u015bci. Sukienka ma pi\u0119kne falbany, kt\u00f3re dodaj\u0105 uroku i lekko\u015bci, a jednocze\u015bnie pi\u0119knie uk\u0142adaj\u0105 si\u0119 podczas ruchu dziecka. Pod warstw\u0105 tiulu znajduje si\u0119 delikatna podszewka, kt\u00f3ra jest bardzo mi\u0119kka i przyjazna dla sk\u00f3ry dziecka. Kupuj\u0105c nasz\u0105 sukienk\u0119 wybierasz wysokiej jako\u015bci ubranka.<\/div>\n<div><\/div>\n<h2><strong>Chrzest \u015bwi\u0119ty dziecka pozostaje w pami\u0119ci<\/strong><\/h2>\n<div><\/div>\n<div>Ta sukienka do Chrztu w kolorze r\u00f3\u017cowym b\u0119dzie idealnym wyborem dla ka\u017cdej ma\u0142ej dziewczynki, kt\u00f3ra chce poczu\u0107 si\u0119 jak prawdziwa ksi\u0119\u017cniczka w dniu swojego Chrztu. Sukienka niemowl\u0119ca jest dost\u0119pna w r\u00f3\u017cnych rozmiarach, aby pasowa\u0142a do ka\u017cdego dziecka, a jej wysoka jako\u015b\u0107 sprawi, \u017ce ka\u017cdy zwr\u00f3ci na ni\u0105 uwag\u0119.<\/div>\n<div><\/div>\n<h3><strong>Je\u015bli szukasz eleganckiej i wyj\u0105tkowej sukienki dla swojego dziecka, to ta tiulowa sukienka jest idealnym wyborem. Kup j\u0105 teraz i daj swojej c\u00f3rce niezapomniany prezent na jej wielki dzie\u0144!<\/strong><\/h3>\n<h3><strong>Sukienka dla dziewczynki dost\u0119pna jest w sze\u015bciu rozmiarach.<\/strong><\/h3>\n<h3><strong>Je\u017celi szukasz klasycznej bia\u0142ej sukienki do Chrztu sprawd\u017a wyj\u0105tkow\u0105 ofert\u0119 <a href=\"https:\/\/mama-niemowlaka.pl\/sklep\/c\/ubranka\/eleganckie\/\" target=\"_blank\" rel=\"noopener noreferrer\">ubranek<\/a><a href=\"https:\/\/mama-niemowlaka.pl\/sklep\/c\/ubranka\/eleganckie\/\" target=\"_blank\" rel=\"noopener noreferrer\"> do Chrztu<\/a> w naszym sklepie internetowym.<\/strong><\/h3>\n<p>Sk\u0142ad:<\/p>\n<p>100% poliester<\/p>\n","protected":false},"excerpt":{"rendered":"<h2><strong>Wyj\u0105tkowa sukienka na Chrzest \u015awi\u0119ty<\/strong><\/h2>\n<div><\/div>\n<div>Chrzest \u015awi\u0119ty to jedna z najwa\u017cniejszych chwil w \u017cyciu dziecka, ale tak\u017ce jego rodzic\u00f3w. Jest wi\u0119c ca\u0142kowicie zrozumia\u0142e, \u017ce rodzice pragn\u0105 podkre\u015bli\u0107 wyj\u0105tkowo\u015b\u0107 tej chwili odpowiednim strojem malucha wybieraj\u0105c eleganckie ubranka. Ka\u017cda dziewczynka powinna czu\u0107 si\u0119 wyj\u0105tkowo w tym dniu, jak Ksi\u0119\u017cniczka. Je\u017celi poszukujesz wyj\u0105tkowego ubranka dla dziewczynki, ta sukienka jest dla Ciebie.<\/div>\n<div><\/div>\n<h2><strong>Elegancka, tiulowa sukienka dla dziewczynki<\/strong><\/h2>\n<div><\/div>\n<div>Ta pi\u0119kna tiulowa sukienka w kolorze r\u00f3\u017cowym jest idealnym wyborem dla ma\u0142ych ksi\u0119\u017cniczek, kt\u00f3re przygotowuj\u0105 si\u0119 do swojego wielkiego dnia Chrztu. Ozdobne koronki, kokarda oraz d\u00f3\u0142 wykonany z tiulu dodaj\u0105 sukience do chrztu eleganckiego wyrazu. Jednocze\u015bnie sukienka wykonana jest z wysokiej jako\u015bci materia\u0142\u00f3w.<\/div>\n<div>Sukienka do chrztu tiulowa wcale nie musi by\u0107 niewygodna. Nasz sukienka wykonana jest z mi\u0119kkiego tiulu, kt\u00f3ry jest delikatny dla delikatnej sk\u00f3ry dziecka, a zarazem daje wra\u017cenie elegancji i delikatno\u015bci. Sukienka ma pi\u0119kne falbany, kt\u00f3re dodaj\u0105 uroku i lekko\u015bci, a jednocze\u015bnie pi\u0119knie uk\u0142adaj\u0105 si\u0119 podczas ruchu dziecka. Pod warstw\u0105 tiulu znajduje si\u0119 delikatna podszewka, kt\u00f3ra jest bardzo mi\u0119kka i przyjazna dla sk\u00f3ry dziecka. Kupuj\u0105c nasz\u0105 sukienk\u0119 wybierasz wysokiej jako\u015bci ubranka.<\/div>\n<div><\/div>\n<h2><strong>Chrzest \u015bwi\u0119ty dziecka pozostaje w pami\u0119ci<\/strong><\/h2>\n<div><\/div>\n<div>Ta sukienka do Chrztu w kolorze r\u00f3\u017cowym b\u0119dzie idealnym wyborem dla ka\u017cdej ma\u0142ej dziewczynki, kt\u00f3ra chce poczu\u0107 si\u0119 jak prawdziwa ksi\u0119\u017cniczka w dniu swojego Chrztu. Sukienka niemowl\u0119ca jest dost\u0119pna w r\u00f3\u017cnych rozmiarach, aby pasowa\u0142a do ka\u017cdego dziecka, a jej wysoka jako\u015b\u0107 sprawi, \u017ce ka\u017cdy zwr\u00f3ci na ni\u0105 uwag\u0119.<\/div>\n<div><\/div>\n<h3><strong>Je\u015bli szukasz eleganckiej i wyj\u0105tkowej sukienki dla swojego dziecka, to ta tiulowa sukienka jest idealnym wyborem. Kup j\u0105 teraz i daj swojej c\u00f3rce niezapomniany prezent na jej wielki dzie\u0144!<\/strong><\/h3>\n<h3><strong>Sukienka dla dziewczynki dost\u0119pna jest w sze\u015bciu rozmiarach.<\/strong><\/h3>\n<h3><strong>Je\u017celi szukasz klasycznej bia\u0142ej sukienki do Chrztu sprawd\u017a wyj\u0105tkow\u0105 ofert\u0119 <a href=\"https:\/\/mama-niemowlaka.pl\/sklep\/c\/ubranka\/eleganckie\/\" target=\"_blank\" rel=\"noopener noreferrer\">ubranek<\/a><a href=\"https:\/\/mama-niemowlaka.pl\/sklep\/c\/ubranka\/eleganckie\/\" target=\"_blank\" rel=\"noopener noreferrer\"> do Chrztu<\/a> w naszym sklepie internetowym.<\/strong><\/h3>\n<p>Sk\u0142ad:<\/p>\n<p>100% poliester<\/p>\n","protected":false},"featured_media":20608,"template":"","meta":[],"product_brand":[],"product_cat":[144,135,163,126,57],"product_tag":[125,152,155,355,228,340,156,344],"class_list":{"0":"post-19160","1":"product","2":"type-product","3":"status-publish","4":"has-post-thumbnail","6":"product_cat-eleganckie-sukienki-dla-niemowlat","7":"product_cat-eleganckie-ubranka-dla-niemowlaka","8":"product_cat-sukieneczki-do-chrztu","9":"product_cat-sukienki-dla-niemowlat","10":"product_cat-ubranka-niemowlece","11":"product_tag-ubranka-do-chrztu","12":"product_tag-ubranka-dla-niemowlat-dziewczynek","13":"product_tag-eleganckie","14":"product_tag-letnie-ubranka-dla-niemowlat","15":"product_tag-promocje","16":"product_tag-sukieneczka-na-chrzciny","17":"product_tag-sukienka","18":"product_tag-ubranka-do-chrztu-dla-dziewczynki","19":"product_shipping_class-duza","20":"pa_rozmiar-313","21":"pa_rozmiar-314","22":"pa_rozmiar-315","23":"pa_rozmiar-316","24":"pa_rozmiar-317","25":"pa_rozmiar-318","27":"first","28":"instock","29":"sale","30":"taxable","31":"shipping-taxable","32":"purchasable","33":"product-type-variable","34":"has-default-attributes","35":"wvs-archive-product-wrapper"},"_links":{"self":[{"href":"https:\/\/mama-niemowlaka.pl\/sklep\/wp-json\/wp\/v2\/product\/19160","targetHints":{"allow":["GET"]}}],"collection":[{"href":"https:\/\/mama-niemowlaka.pl\/sklep\/wp-json\/wp\/v2\/product"}],"about":[{"href":"https:\/\/mama-niemowlaka.pl\/sklep\/wp-json\/wp\/v2\/types\/product"}],"wp:featuredmedia":[{"embeddable":true,"href":"https:\/\/mama-niemowlaka.pl\/sklep\/wp-json\/wp\/v2\/media\/20608"}],"wp:attachment":[{"href":"https:\/\/mama-niemowlaka.pl\/sklep\/wp-json\/wp\/v2\/media?parent=19160"}],"wp:term":[{"taxonomy":"product_brand","embeddable":true,"href":"https:\/\/mama-niemowlaka.pl\/sklep\/wp-json\/wp\/v2\/product_brand?post=19160"},{"taxonomy":"product_cat","embeddable":true,"href":"https:\/\/mama-niemowlaka.pl\/sklep\/wp-json\/wp\/v2\/product_cat?post=19160"},{"taxonomy":"product_tag","embeddable":true,"href":"https:\/\/mama-niemowlaka.pl\/sklep\/wp-json\/wp\/v2\/product_tag?post=19160"}],"curies":[{"name":"wp","href":"https:\/\/api.w.org\/{rel}","templated":true}]}}