{"id":19172,"date":"2023-12-08T23:28:10","date_gmt":"2023-12-08T22:28:10","guid":{"rendered":"https:\/\/mama-niemowlaka.pl\/sklep\/?post_type=product&#038;p=19172"},"modified":"2026-03-19T16:22:08","modified_gmt":"2026-03-19T15:22:08","slug":"sukienka-dziewczeca-bawelniana-z-falbankami-kremowa","status":"publish","type":"product","link":"https:\/\/mama-niemowlaka.pl\/sklep\/produkt\/ubranka-niemowlece\/sukieneczki-do-chrztu\/sukienka-dziewczeca-bawelniana-z-falbankami-kremowa\/","title":{"rendered":"Sukienka dziewcz\u0119ca bawe\u0142niana z falbankami kremowa"},"content":{"rendered":"<h2>Bawe\u0142niana sukieneczka na chrzciny z falbankami w kolorze kremowym.<\/h2>\n<p>\u015aliczna sukieneczka niemowl\u0119ca z d\u0142ugim r\u0119kawem z mi\u0119kkiej, milutkiej dzianiny. Ta s\u0142odka sukieneczka zmieni twoj\u0105 dziewczynk\u0119 w ma\u0142\u0105 ksi\u0119\u017cniczk\u0119. Sukienka zosta\u0142a uszyta z wysokiej jako\u015bci bawe\u0142ny, dzi\u0119ki czemu jest bezpieczna i przyjemna dla niemowlaka.<\/p>\n<p>G\u00f3ra sukienki zosta\u0142a wykonana z dzianiny i przyozdobiona pi\u0119kn\u0105 falbank\u0105. Sukieneczka posiada d\u0142ugi r\u0119kaw zako\u0144czony falbank\u0105, tak samo jak d\u00f3\u0142 sukienki. To niepowtarzalny model sukieneczki. Dodatkowo sukienka ozdobiona jest na piersi kokardk\u0105 z pere\u0142k\u0105 po\u015brodku. Ka\u017cda ma\u0142\u0105 dama b\u0119dzie w niej wygl\u0105da\u0107 uroczo.<\/p>\n<p>Dok\u0142adna jako\u015b\u0107 wykonania i najwy\u017csza jako\u015b\u0107 tego produktu s\u0105 jego najwi\u0119ksz\u0105 zalet\u0105. Do uszycia tej sukienki zastosowano szczeg\u00f3lnie mi\u0119kk\u0105 i niedrapi\u0105c\u0105 prz\u0119dz\u0119. Dzi\u0119ki temu sukienka dziewcz\u0119ca jest odpowiednia szczeg\u00f3lnie dla delikatnej sk\u00f3ry ma\u0142ego dziecka.<\/p>\n<p>Ta elegancka sukienka niemowl\u0119ca doskonale sprawdzi si\u0119 jako sukieneczka na chrzciny, sukienka dla dziewczynki na wesele lub sukienka \u015bwi\u0105teczna dla dziewczynki. Sukienka niemowl\u0119ca dost\u0119pna jest w czterech rozmiarach.<\/p>\n<p>&nbsp;<\/p>\n<h3><span style=\"font-weight: 400;\">Sk\u0142ad:<\/span><\/h3>\n<p><span style=\"font-weight: 400;\">100% bawe\u0142na<\/span><\/p>\n","protected":false},"excerpt":{"rendered":"<h2>Bawe\u0142niana sukieneczka na chrzciny z falbankami w kolorze kremowym.<\/h2>\n<p>\u015aliczna sukieneczka niemowl\u0119ca z d\u0142ugim r\u0119kawem z mi\u0119kkiej, milutkiej dzianiny. Ta s\u0142odka sukieneczka zmieni twoj\u0105 dziewczynk\u0119 w ma\u0142\u0105 ksi\u0119\u017cniczk\u0119. Sukienka zosta\u0142a uszyta z wysokiej jako\u015bci bawe\u0142ny, dzi\u0119ki czemu jest bezpieczna i przyjemna dla niemowlaka.<\/p>\n<p>G\u00f3ra sukienki zosta\u0142a wykonana z dzianiny i przyozdobiona pi\u0119kn\u0105 falbank\u0105. Sukieneczka posiada d\u0142ugi r\u0119kaw zako\u0144czony falbank\u0105, tak samo jak d\u00f3\u0142 sukienki. To niepowtarzalny model sukieneczki. Dodatkowo sukienka ozdobiona jest na piersi kokardk\u0105 z pere\u0142k\u0105 po\u015brodku. Ka\u017cda ma\u0142\u0105 dama b\u0119dzie w niej wygl\u0105da\u0107 uroczo.<\/p>\n<p>Dok\u0142adna jako\u015b\u0107 wykonania i najwy\u017csza jako\u015b\u0107 tego produktu s\u0105 jego najwi\u0119ksz\u0105 zalet\u0105. Do uszycia tej sukienki zastosowano szczeg\u00f3lnie mi\u0119kk\u0105 i niedrapi\u0105c\u0105 prz\u0119dz\u0119. Dzi\u0119ki temu sukienka dziewcz\u0119ca jest odpowiednia szczeg\u00f3lnie dla delikatnej sk\u00f3ry ma\u0142ego dziecka.<\/p>\n<p>Ta elegancka sukienka niemowl\u0119ca doskonale sprawdzi si\u0119 jako sukieneczka na chrzciny, sukienka dla dziewczynki na wesele lub sukienka \u015bwi\u0105teczna dla dziewczynki. Sukienka niemowl\u0119ca dost\u0119pna jest w czterech rozmiarach.<\/p>\n<h3><span style=\"font-weight: 400;\">Sk\u0142ad:<\/span><\/h3>\n<p><span style=\"font-weight: 400;\">100% bawe\u0142na<\/span><\/p>\n","protected":false},"featured_media":7798,"template":"","meta":[],"product_brand":[],"product_cat":[163,126,57],"product_tag":[118,238,152,156],"class_list":{"0":"post-19172","1":"product","2":"type-product","3":"status-publish","4":"has-post-thumbnail","6":"product_cat-sukieneczki-do-chrztu","7":"product_cat-sukienki-dla-niemowlat","8":"product_cat-ubranka-niemowlece","9":"product_tag-bawelna","10":"product_tag-ubranka-swiateczne-dla-niemowlaka","11":"product_tag-ubranka-dla-niemowlat-dziewczynek","12":"product_tag-sukienka","13":"product_shipping_class-duza","14":"pa_rozmiar-312","15":"pa_rozmiar-313","16":"pa_rozmiar-314","17":"pa_rozmiar-315","19":"first","20":"instock","21":"taxable","22":"shipping-taxable","23":"purchasable","24":"product-type-variable","25":"has-default-attributes","26":"wvs-archive-product-wrapper"},"_links":{"self":[{"href":"https:\/\/mama-niemowlaka.pl\/sklep\/wp-json\/wp\/v2\/product\/19172","targetHints":{"allow":["GET"]}}],"collection":[{"href":"https:\/\/mama-niemowlaka.pl\/sklep\/wp-json\/wp\/v2\/product"}],"about":[{"href":"https:\/\/mama-niemowlaka.pl\/sklep\/wp-json\/wp\/v2\/types\/product"}],"wp:featuredmedia":[{"embeddable":true,"href":"https:\/\/mama-niemowlaka.pl\/sklep\/wp-json\/wp\/v2\/media\/7798"}],"wp:attachment":[{"href":"https:\/\/mama-niemowlaka.pl\/sklep\/wp-json\/wp\/v2\/media?parent=19172"}],"wp:term":[{"taxonomy":"product_brand","embeddable":true,"href":"https:\/\/mama-niemowlaka.pl\/sklep\/wp-json\/wp\/v2\/product_brand?post=19172"},{"taxonomy":"product_cat","embeddable":true,"href":"https:\/\/mama-niemowlaka.pl\/sklep\/wp-json\/wp\/v2\/product_cat?post=19172"},{"taxonomy":"product_tag","embeddable":true,"href":"https:\/\/mama-niemowlaka.pl\/sklep\/wp-json\/wp\/v2\/product_tag?post=19172"}],"curies":[{"name":"wp","href":"https:\/\/api.w.org\/{rel}","templated":true}]}}