{"id":19295,"date":"2024-11-08T22:06:09","date_gmt":"2024-11-08T21:06:09","guid":{"rendered":"https:\/\/mama-niemowlaka.pl\/sklep\/?post_type=product&#038;p=19295"},"modified":"2026-01-11T14:00:14","modified_gmt":"2026-01-11T13:00:14","slug":"kombinezon-przejsciowy-dla-niemowlaka-bialy","status":"publish","type":"product","link":"https:\/\/mama-niemowlaka.pl\/sklep\/produkt\/ubranka-niemowlece\/kombinezony-dla-niemowlat\/kombinezon-przejsciowy-dla-niemowlaka-bialy\/","title":{"rendered":"Kombinezon przej\u015bciowy dla niemowlaka w kolorze brudnej bieli"},"content":{"rendered":"<h2 data-pm-slice=\"1 1 []\">Kombinezon przej\u015bciowy dla niemowlaka<\/h2>\n<p>Kombinezon niemowl\u0119cy musi by\u0107 przede wszystkim wygodny &#8211; nie mo\u017ce kr\u0119powa\u0107 ruch\u00f3w i musi by\u0107 w nim troch\u0119 luzu, \u017ceby dziecko mog\u0142o si\u0119 swobodnie porusza\u0107. Nasz kombinezon przej\u015bciowy niemowl\u0119cy \u015bwietnie sprawdzi si\u0119 podczas pierwszych spacer\u00f3w niemowl\u0119cych ze wzgl\u0119du na ich \u0142atwo\u015b\u0107 zak\u0142adania i wygod\u0119.<\/p>\n<h2>Szukasz ubranek dla swojego niemowlaka?<\/h2>\n<p><a href=\"https:\/\/mama-niemowlaka.pl\/sklep\/\">Mama-niemowlaka.pl<\/a> to sklep, kt\u00f3ry oferuje szeroki wyb\u00f3r ubranek dla niemowl\u0105t. Nasze produkty s\u0105 wysy\u0142ane w ci\u0105gu 48 godzin, a tak\u017ce oferujemy darmow\u0105 wymian\u0119 towaru oraz mo\u017cliwo\u015b\u0107 zwrotu w ci\u0105gu 14 dni. Dodatkowo, je\u015bli zam\u00f3wisz za minimum 249 PLN, dostawa b\u0119dzie ca\u0142kowicie darmowa.<\/p>\n<p>Nasze produkty s\u0105 starannie wyselekcjonowane, aby zapewni\u0107 maksymalny komfort i bezpiecze\u0144stwo Twojemu dziecku. Nie musisz ju\u017c d\u0142u\u017cej traci\u0107 czasu na przeszukiwanie innych sklep\u00f3w &#8211; <a href=\"https:\/\/mama-niemowlaka.pl\/sklep\/\">mama-niemowlaka.pl<\/a> ma wszystko, czego potrzebujesz!<\/p>\n<p>Skorzystaj teraz z naszych us\u0142ug i sprawd\u017a nasz\u0105 ofert\u0119 ju\u017c dzi\u015b!<\/p>\n","protected":false},"excerpt":{"rendered":"<p data-pm-slice=\"1 1 []\">Kombinezon przej\u015bciowy dla niemowlaka mi\u015b w kolorze brudnej bieli to idealny wyb\u00f3r dla Twojego malucha! Wykonany z mi\u0119kkiej tkaniny kombinezon niemowl\u0119cy jest nie tylko delikatny dla sk\u00f3ry dziecka, ale tak\u017ce zapewnia niezwyk\u0142y komfort. Dzi\u0119ki przyjemnemu i mi\u0119kkiemu materia\u0142owi, nasz kombinezon przej\u015bciowy dla niemowlaka jest niezwykle uroczy! Wykonany z bezpiecznych dla dzieci materia\u0142\u00f3w oraz zapinany w bezniklowe napy po ca\u0142ej d\u0142ugo\u015bci oraz wzd\u0142u\u017c nogawki. Nasz kombinezon dla niemowlaka u\u0142atwia ubieranie i rozbieranie Twojej ma\u0142ej pociechy. Kaptur nie tylko dodaje uroku, ale r\u00f3wnie\u017c chroni maluszka przed ch\u0142odem. Kombinezon niemowl\u0119cy jest idealny na jesie\u0144 lub wiosn\u0119 jako przej\u015bciowe ubranko dla niemowlaka. Mo\u017cna go nosi\u0107 na bawe\u0142niane body lub pajacyk.<\/p>\n<p>Kombinezon przej\u015bciowy dla niemowlaka dost\u0119pny w trzech rozmiarach: 62, 68 i 74 oraz trzech wariantach kolorystycznych: brudna biel, r\u00f3\u017c i musztardowy. Sprawd\u017a pozosta\u0142e kolory <a href=\"https:\/\/mama-niemowlaka.pl\/sklep\/c\/ubranka\/kombinezony\/\" target=\"_blank\" rel=\"noopener\"><strong>tutaj<\/strong><\/a>.<\/p>\n<p>Sk\u0142ad: 100% poliester<\/p>\n","protected":false},"featured_media":13271,"template":"","meta":[],"product_brand":[],"product_cat":[78,217,57],"product_tag":[145,152,211,339,242,231,338],"class_list":{"0":"post-19295","1":"product","2":"type-product","3":"status-publish","4":"has-post-thumbnail","6":"product_cat-kombinezony-dla-niemowlat","7":"product_cat-okrycia-wierzchnie","8":"product_cat-ubranka-niemowlece","9":"product_tag-ubranka-dla-niemowlat-chlopca","10":"product_tag-ubranka-dla-niemowlat-dziewczynek","11":"product_tag-kombinezon","12":"product_tag-kombinezon-dla-noworodka","13":"product_tag-kombinezon-futerkowy","14":"product_tag-kombinezon-niemowlecy-jesienny","15":"product_tag-kombinezon-niemowlecy-wiosenny","16":"product_shipping_class-duza","17":"pa_rozmiar-312","18":"pa_rozmiar-313","19":"pa_rozmiar-314","21":"first","22":"instock","23":"taxable","24":"shipping-taxable","25":"purchasable","26":"product-type-variable","27":"has-default-attributes","28":"wvs-archive-product-wrapper"},"_links":{"self":[{"href":"https:\/\/mama-niemowlaka.pl\/sklep\/wp-json\/wp\/v2\/product\/19295","targetHints":{"allow":["GET"]}}],"collection":[{"href":"https:\/\/mama-niemowlaka.pl\/sklep\/wp-json\/wp\/v2\/product"}],"about":[{"href":"https:\/\/mama-niemowlaka.pl\/sklep\/wp-json\/wp\/v2\/types\/product"}],"wp:featuredmedia":[{"embeddable":true,"href":"https:\/\/mama-niemowlaka.pl\/sklep\/wp-json\/wp\/v2\/media\/13271"}],"wp:attachment":[{"href":"https:\/\/mama-niemowlaka.pl\/sklep\/wp-json\/wp\/v2\/media?parent=19295"}],"wp:term":[{"taxonomy":"product_brand","embeddable":true,"href":"https:\/\/mama-niemowlaka.pl\/sklep\/wp-json\/wp\/v2\/product_brand?post=19295"},{"taxonomy":"product_cat","embeddable":true,"href":"https:\/\/mama-niemowlaka.pl\/sklep\/wp-json\/wp\/v2\/product_cat?post=19295"},{"taxonomy":"product_tag","embeddable":true,"href":"https:\/\/mama-niemowlaka.pl\/sklep\/wp-json\/wp\/v2\/product_tag?post=19295"}],"curies":[{"name":"wp","href":"https:\/\/api.w.org\/{rel}","templated":true}]}}