{"id":19366,"date":"2023-12-15T16:04:21","date_gmt":"2023-12-15T15:04:21","guid":{"rendered":"https:\/\/mama-niemowlaka.pl\/sklep\/?post_type=product&#038;p=19366"},"modified":"2025-12-15T16:05:20","modified_gmt":"2025-12-15T15:05:20","slug":"opaska-niemowleca-z-kokarda","status":"publish","type":"product","link":"https:\/\/mama-niemowlaka.pl\/sklep\/produkt\/ubranka-niemowlece\/czapki-dla-niemowlat\/opaska-niemowleca-z-kokarda\/","title":{"rendered":"Opaska niemowl\u0119ca z kokard\u0105"},"content":{"rendered":"<h2 data-pm-slice=\"1 1 []\"><strong>Bawe\u0142niane opaski niemowl\u0119ce<\/strong><\/h2>\n<p><a href=\"https:\/\/mama-niemowlaka.pl\/sklep\/t\/opaski-dla-niemowlat\/\" target=\"_blank\" rel=\"noopener\"><strong>Opaski dla niemowl\u0105t<\/strong><\/a> s\u0105 dost\u0119pne w dw\u00f3ch kolorach &#8211; r\u00f3\u017cowym i ecru, co pozwala na \u0142atwe dopasowanie do r\u00f3\u017cnych stylizacji i kolor\u00f3w ubranek. Dzi\u0119ki temu, \u017ce opaski s\u0105 elastyczne, mo\u017cna je \u0142atwo dopasowa\u0107 do obwodu g\u0142\u00f3wki dziecka, co zapewnia komfortowe i bezpieczne noszenie. Opaski zosta\u0142y uszyte z mi\u0119kkiej bawe\u0142ny z dodatkiem elastanu, dzi\u0119ki czemu opaska nie uciska g\u0142\u00f3wki dziecka. Dodatkowo nasze opaski niemowl\u0119ce posiadaj\u0105 kokard\u0119 &#8211; s\u0105 urocze.<\/p>\n<p><a href=\"https:\/\/mama-niemowlaka.pl\/sklep\/produkt\/ubranka-niemowlece\/czapki-dla-niemowlat\/opaska-niemowleca-z-kokarda\/\" target=\"_blank\" rel=\"noopener\"><strong>Opaska dla niemowlaka<\/strong><\/a> jest idealna dla dzieci w wieku od 0 do 12 miesi\u0119cy, kiedy to sk\u00f3ra dziecka jest najbardziej wra\u017cliwa i potrzebuje specjalnej ochrony. Opaski s\u0105 \u0142atwe w utrzymaniu czysto\u015bci i mo\u017cna je pra\u0107 w pralce w temperaturze do 30 stopni Celsjusza.<\/p>\n<h2><strong>Kiedy warto ubra\u0107 maluchowi niemowl\u0119ce opaski?<\/strong><\/h2>\n<p><a href=\"https:\/\/mama-niemowlaka.pl\/sklep\/t\/opaski-dla-niemowlat\/\" target=\"_blank\" rel=\"noopener\"><strong>Opaski dla niemowl\u0105t<\/strong><\/a> to nie tylko praktyczne akcesoria, ale r\u00f3wnie\u017c modny element niemowl\u0119cej garderoby najm\u0142odszych. Dzi\u0119ki nim ka\u017cde dziecko b\u0119dzie wygl\u0105da\u0142o uroczo i stylowo, a jednocze\u015bnie b\u0119dzie mia\u0142o zapewniony komfort i bezpiecze\u0144stwo podczas codziennych zabaw i aktywno\u015bci. Opaski niemowl\u0119ce idealnie s\u0105 w ch\u0142odniejsze dni aby ochroni\u0107 uszy dziecka przed wiatrem.<\/p>\n<h2><strong>Opaski niemowl\u0119ce dost\u0119pne w naszym sklepie<\/strong><\/h2>\n<p>W sklepie <a href=\"https:\/\/mama-niemowlaka.pl\">mama-niemowlaka.pl<\/a> oferujemy modele opasek dla niemowl\u0105t wysokiej jako\u015bci, bezpieczne i wygodne. Opaski wykonane s\u0105 z mi\u0119kkiego materia\u0142u, kt\u00f3ry nie podra\u017cnia sk\u00f3ry delikatnej sk\u00f3ry dziecka, a jednocze\u015bnie s\u0105 trwa\u0142e i odporne na pranie. Pozosta\u0142e <a href=\"https:\/\/mama-niemowlaka.pl\/sklep\/t\/opaski-dla-niemowlat\/\" target=\"_blank\" rel=\"noopener\"><strong>opaski dla niemowl\u0105t<\/strong><\/a> i <a href=\"https:\/\/mama-niemowlaka.pl\/sklep\/c\/ubranka-niemowlece\/czapki-dla-niemowlat\/\" target=\"_blank\" rel=\"noopener\"><strong>czapki niemowl\u0119ce<\/strong><\/a> znajdziesz w kategorii <a href=\"https:\/\/mama-niemowlaka.pl\/sklep\/c\/ubranka-niemowlece\/czapki-dla-niemowlat\/\" target=\"_blank\" rel=\"noopener\"><strong>Czapki dla niemowl\u0105t<\/strong><\/a>.<\/p>\n<p>&nbsp;<\/p>\n","protected":false},"excerpt":{"rendered":"<p data-pm-slice=\"1 1 []\">Opaska niemowl\u0119ca z kokard\u0105 dla dziewczynki. Uszyta w Polsce z wyj\u0105tkowo mi\u0119kkiej i delikatnej bawe\u0142ny. Opaska jest dost\u0119pna w trzech kolorach: pudrowy r\u00f3\u017c , bia\u0142y oraz r\u00f3\u017cowe kwiaty. Opaska jest wi\u0105zana, dzi\u0119ki czemu rozmiar mo\u017cna idealnie dopasowa\u0107 do g\u0142owy dziecka.<\/p>\n<p>Opaski niemowl\u0119ce opr\u00f3cz tego, \u017ce znakomicie zdobi\u0105 g\u0142\u00f3wk\u0119 Maluszka to r\u00f3wnie\u017c ochroni\u0105 delikatne uszy dziecka przed wiatrem.<\/p>\n<p>Sk\u0142ad: 95% bawe\u0142na, elastan<\/p>\n<p>Rozmiar: uniwersalny<\/p>\n","protected":false},"featured_media":8398,"template":"","meta":[],"product_brand":[],"product_cat":[189,57],"product_tag":[118,214,152,355,172],"class_list":{"0":"post-19366","1":"product","2":"type-product","3":"status-publish","4":"has-post-thumbnail","6":"product_cat-czapki-dla-niemowlat","7":"product_cat-ubranka-niemowlece","8":"product_tag-bawelna","9":"product_tag-bestseller","10":"product_tag-ubranka-dla-niemowlat-dziewczynek","11":"product_tag-letnie-ubranka-dla-niemowlat","12":"product_tag-opaski-dla-niemowlat","14":"first","15":"instock","16":"taxable","17":"shipping-taxable","18":"purchasable","19":"product-type-variable","20":"has-default-attributes","21":"wvs-archive-product-wrapper"},"_links":{"self":[{"href":"https:\/\/mama-niemowlaka.pl\/sklep\/wp-json\/wp\/v2\/product\/19366","targetHints":{"allow":["GET"]}}],"collection":[{"href":"https:\/\/mama-niemowlaka.pl\/sklep\/wp-json\/wp\/v2\/product"}],"about":[{"href":"https:\/\/mama-niemowlaka.pl\/sklep\/wp-json\/wp\/v2\/types\/product"}],"wp:featuredmedia":[{"embeddable":true,"href":"https:\/\/mama-niemowlaka.pl\/sklep\/wp-json\/wp\/v2\/media\/8398"}],"wp:attachment":[{"href":"https:\/\/mama-niemowlaka.pl\/sklep\/wp-json\/wp\/v2\/media?parent=19366"}],"wp:term":[{"taxonomy":"product_brand","embeddable":true,"href":"https:\/\/mama-niemowlaka.pl\/sklep\/wp-json\/wp\/v2\/product_brand?post=19366"},{"taxonomy":"product_cat","embeddable":true,"href":"https:\/\/mama-niemowlaka.pl\/sklep\/wp-json\/wp\/v2\/product_cat?post=19366"},{"taxonomy":"product_tag","embeddable":true,"href":"https:\/\/mama-niemowlaka.pl\/sklep\/wp-json\/wp\/v2\/product_tag?post=19366"}],"curies":[{"name":"wp","href":"https:\/\/api.w.org\/{rel}","templated":true}]}}