{"id":19811,"date":"2024-04-10T12:24:22","date_gmt":"2024-04-10T10:24:22","guid":{"rendered":"https:\/\/mama-niemowlaka.pl\/sklep\/?post_type=product&#038;p=19811"},"modified":"2026-01-26T03:04:06","modified_gmt":"2026-01-26T02:04:06","slug":"dresy-niemowlece-chlopiece-bezowe-dinozaury","status":"publish","type":"product","link":"https:\/\/mama-niemowlaka.pl\/sklep\/produkt\/ubranka-niemowlece\/dres-dla-niemowlaka\/dresy-niemowlece-chlopiece-bezowe-dinozaury\/","title":{"rendered":"Be\u017cowy dres dla niemowlaka &#8211; dinozaury"},"content":{"rendered":"<h2 data-pm-slice=\"1 1 []\">Bawe\u0142niany dres niemowl\u0119cy dla ch\u0142opca<\/h2>\n<p data-pm-slice=\"1 1 []\">Je\u015bli szukasz oryginalnego i niepowtarzalnego prezentu dla dziecka to doskona\u0142y wyb\u00f3r. Nasze <a href=\"https:\/\/mama-niemowlaka.pl\/sklep\/produkt\/ubranka-niemowlece\/dres-dla-niemowlaka\/dresy-niemowlece-chlopiece-bezowe-dinozaury\/\" target=\"_blank\" rel=\"noopener\"><strong>dresy niemowl\u0119ce ch\u0142opi\u0119ce<\/strong><\/a> gwarantuj\u0105 swobod\u0119 ruch\u00f3w dzi\u0119ki czemu nadaj\u0105 si\u0119 jako prezent dla niemowlaka na urodziny, Dzie\u0144 Dziecka, Miko\u0142ajki, \u015awi\u0119ta Bo\u017cego Narodzenia, p\u0119pkowe lub inn\u0105 okazj\u0119. Dresik dla niemowlaka to podstawowy element garderoby ka\u017cdego malucha, gdy\u017c doskonale sprawdz\u0105 si\u0119 w codziennym odkrywaniu \u015bwiata. Ca\u0142y komplet dres\u00f3w ch\u0142opi\u0119cych uszyty jest z wysokiej jako\u015bci, mi\u0119sistej bawe\u0142ny premium, dzi\u0119ki czemu to bezpieczny bawe\u0142niany dres niemowl\u0119cy dla ch\u0142opca. Idealnie nadaje si\u0119 na pierwsze miesi\u0105ce \u017cycia maluszka. Tkanina jest przyjazna sk\u00f3rze dziecka. Rewelacyjny kr\u00f3j i wykonanie zapewniaj\u0105 dziecku maksimum wygody. Nasz wygodny dres dzieci\u0119cy dla ch\u0142opca to bluza dresowa i wygodne spodnie dresowe dla niemowl\u0105t.<\/p>\n<p data-pm-slice=\"1 1 []\">Wybierz nasze dresy niemowl\u0119ce ch\u0142opi\u0119ce i zapewnij komfort i styl dla Twojego malucha.<\/p>\n<h2 data-pm-slice=\"1 1 []\">Dresy dla niemowlaka &#8211; wygodny dres niemowl\u0119cy w sklepie <a href=\"https:\/\/www.mama-niemowlaka.pl\" target=\"_blank\" rel=\"noopener\">mama-niemowlaka.pl<\/a><\/h2>\n<p data-pm-slice=\"1 1 []\">Doskonale wiemy, \u017ce Twoje dziecko potrzebuje wygodnych ubra\u0144 na ka\u017cd\u0105 okazj\u0119. Odwied\u017a nasz sklep internetowy <a href=\"https:\/\/www.mama-niemowlaka.pl\" target=\"_blank\" rel=\"noopener\"><strong>mama-niemowlaka.pl<\/strong><\/a>, gdzie znajdziesz szeroki wyb\u00f3r najwy\u017cszej jako\u015bci ubranek niemowl\u0119cych. Na szczeg\u00f3ln\u0105 uwag\u0119 zas\u0142uguj\u0105 komplety dresowe dla niemowl\u0105t, gotowe zestawy, dzi\u0119ki czemu nie musisz wybiera\u0107 wielu ubranek dla niemowlaka. Gotowe komplety to jedne z najpopularniejszych ubranek niemowl\u0119cych poniewa\u017c tworz\u0105 idealny zestaw w po\u0142\u0105czeniu ze sob\u0105, jak i w po\u0142\u0105czeniu z innymi elementami dzieci\u0119cej garderoby. Gwarantujemy wysy\u0142k\u0119 zam\u00f3wienia w ci\u0105gu 48 godzin oraz darmow\u0105 wymian\u0119 towaru lub mo\u017cliwo\u015b\u0107 zwrotu w ci\u0105gu 14 dni. Co wi\u0119cej, je\u015bli zam\u00f3wisz za minimum 249 PLN, dostawa b\u0119dzie ca\u0142kowicie darmowa.<\/p>\n<p data-pm-slice=\"1 1 []\">W naszym sklepie znajdziesz kilka propozycji dres\u00f3w dla niemowl\u0105t. Znajdziesz zar\u00f3wno dresy niemowl\u0119ce ch\u0142opi\u0119ce jak i dresy dziewcz\u0119ce. Wybierz najlepsze ubranka niemowl\u0119ce. Pozosta\u0142e komplety dresowe niemowl\u0119ce znajdziesz w kategorii <a href=\"https:\/\/mama-niemowlaka.pl\/sklep\/c\/ubranka\/dresy-niemowlece\/\" target=\"_blank\" rel=\"noopener\"><strong>Dresy dla niemowl\u0105t<\/strong><\/a>.<\/p>\n","protected":false},"excerpt":{"rendered":"<p data-pm-slice=\"1 1 []\">Dres niemowl\u0119cy dla ch\u0142opca w kolorze be\u017cowym z uroczym printem w dinozaury. Wygodne ubranko niemowl\u0119ce, kt\u00f3re sprawdzi si\u0119 nie tylko w domu, ale tak\u017ce na dworze podczas zabaw. Komplet dres\u00f3w niemowl\u0119cych sk\u0142ada si\u0119 z bluzy i spodni dla niemowlaka. Rewelacyjna bluza niemowl\u0119ca wk\u0142adana przez g\u0142ow\u0119 zapinana na dwie napy na ramionku. Dekolt i r\u0119kawy bluzy dresowej zako\u0144czone s\u0105 \u015bci\u0105gaczem, dzi\u0119ki czemu chroni\u0105 ma\u0142e cia\u0142ko przed ch\u0142odem. Spodnie dresowe w tym samym kolorze co bluza w pasie maj\u0105 wszyt\u0105 do\u015b\u0107 szerok\u0105 i wygodn\u0105 gumk\u0119. Spodnie dresowe dla niemowl\u0105t zapewniaj\u0105 dziecku maksimum wygody. Taki dresik z pewno\u015bci\u0105 nadaje si\u0119 na prezent dla ka\u017cdego ch\u0142opca.<\/p>\n<p><a href=\"https:\/\/mama-niemowlaka.pl\/sklep\/produkt\/ubranka-niemowlece\/dres-dla-niemowlaka\/dresy-niemowlece-chlopiece-bezowe-dinozaury\/\" target=\"_blank\" rel=\"noopener\"><strong>Dresy niemowl\u0119ce ch\u0142opi\u0119ce<\/strong><\/a> w dinozaury wyst\u0119puj\u0105 w trzech rozmiarach: 74, 80 i 86.<\/p>\n<p>Sk\u0142ad: 100% bawe\u0142na<\/p>\n","protected":false},"featured_media":20071,"template":"","meta":[],"product_brand":[],"product_cat":[136,122,57],"product_tag":[118,145,239,352,180],"class_list":{"0":"post-19811","1":"product","2":"type-product","3":"status-publish","4":"has-post-thumbnail","6":"product_cat-dres-dla-niemowlaka","7":"product_cat-komplet-niemowlecy","8":"product_cat-ubranka-niemowlece","9":"product_tag-bawelna","10":"product_tag-ubranka-dla-niemowlat-chlopca","11":"product_tag-dresik-dla-chlopca","12":"product_tag-komplety-niemowlece-dla-chlopca","13":"product_tag-nowosc","14":"product_shipping_class-lekka","15":"pa_rozmiar-314","16":"pa_rozmiar-315","17":"pa_rozmiar-316","19":"first","20":"instock","21":"taxable","22":"shipping-taxable","23":"purchasable","24":"product-type-variable","25":"has-default-attributes","26":"wvs-archive-product-wrapper"},"_links":{"self":[{"href":"https:\/\/mama-niemowlaka.pl\/sklep\/wp-json\/wp\/v2\/product\/19811","targetHints":{"allow":["GET"]}}],"collection":[{"href":"https:\/\/mama-niemowlaka.pl\/sklep\/wp-json\/wp\/v2\/product"}],"about":[{"href":"https:\/\/mama-niemowlaka.pl\/sklep\/wp-json\/wp\/v2\/types\/product"}],"wp:featuredmedia":[{"embeddable":true,"href":"https:\/\/mama-niemowlaka.pl\/sklep\/wp-json\/wp\/v2\/media\/20071"}],"wp:attachment":[{"href":"https:\/\/mama-niemowlaka.pl\/sklep\/wp-json\/wp\/v2\/media?parent=19811"}],"wp:term":[{"taxonomy":"product_brand","embeddable":true,"href":"https:\/\/mama-niemowlaka.pl\/sklep\/wp-json\/wp\/v2\/product_brand?post=19811"},{"taxonomy":"product_cat","embeddable":true,"href":"https:\/\/mama-niemowlaka.pl\/sklep\/wp-json\/wp\/v2\/product_cat?post=19811"},{"taxonomy":"product_tag","embeddable":true,"href":"https:\/\/mama-niemowlaka.pl\/sklep\/wp-json\/wp\/v2\/product_tag?post=19811"}],"curies":[{"name":"wp","href":"https:\/\/api.w.org\/{rel}","templated":true}]}}