{"id":19911,"date":"2023-06-14T15:09:47","date_gmt":"2023-06-14T13:09:47","guid":{"rendered":"https:\/\/mama-niemowlaka.pl\/sklep\/?post_type=product&#038;p=19911"},"modified":"2026-01-14T15:19:52","modified_gmt":"2026-01-14T14:19:52","slug":"biale-body-z-falbanka","status":"publish","type":"product","link":"https:\/\/mama-niemowlaka.pl\/sklep\/produkt\/ubranka-niemowlece\/body-niemowlece\/biale-body-z-falbanka\/","title":{"rendered":"Bia\u0142e body z falbank\u0105 dla dziewczynki"},"content":{"rendered":"<h2 data-pm-slice=\"1 1 []\"><strong>Bia\u0142e body z falbankami dla dziewczynki<\/strong><\/h2>\n<p data-pm-slice=\"1 1 []\">Bia\u0142e body niemowl\u0119ce to must-have dla ka\u017cdej mamy. Jest to najpopularniejszy rodzaj ubranek dla niemowl\u0105t. S\u0105 obowi\u0105zkowym elementem ka\u017cdej wyprawki dla noworodka. Wa\u017cne aby by\u0142y uszyte z bawe\u0142ny wysokiej jako\u015bci.<\/p>\n<p data-pm-slice=\"1 1 []\">Nasze delikatne bia\u0142e body z falbank\u0105 wykonane s\u0105 z mi\u0119kkiej bawe\u0142ny, co zapewnia najwy\u017cszy komfort dla delikatnej sk\u00f3ry dziecka. Bawe\u0142na to naturalny materia\u0142, kt\u00f3ry jest przewiewny i pozwala sk\u00f3rze oddycha\u0107. Dlatego te\u017c, body te s\u0105 idealne na ka\u017cdy dzie\u0144 \u2013 bawe\u0142na ma w\u0142a\u015bciwo\u015bci termoregulacyjne.<\/p>\n<h2 data-pm-slice=\"1 1 []\"><strong>Dziewcz\u0119ce bia\u0142e body z falbank\u0105 z d\u0142ugim r\u0119kawem<\/strong><\/h2>\n<p data-pm-slice=\"1 1 []\">Te bia\u0142e body z falbank\u0105 posiada d\u0142ugie r\u0119kawy. Ubranko jest pi\u0119knie ozdobione dziewcz\u0119c\u0105 falbank\u0105. Falbanki przy body dodaj\u0105 ubraniu niemowl\u0119cemu uroku i sprawia, \u017ce Twoje dziecko b\u0119dzie wygl\u0105da\u0107 jeszcze s\u0142odziej. Nasze body niemowl\u0119ce s\u0105 dost\u0119pne w dw\u00f3ch kolorach, wi\u0119c bez trudu znajdziesz idealny model dla swojej pociechy. Sprawd\u017a body z falbank\u0105 w wersji r\u00f3\u017cowej &#8211; <a href=\"https:\/\/mama-niemowlaka.pl\/sklep\/produkt\/ubranka-niemowlece\/body-niemowlece\/body-niemowlece-z-falbanka-rozowe\/\" target=\"_blank\" rel=\"noopener\"><strong>R\u00f3\u017cowe body niemowl\u0119ce z falbank\u0105<\/strong><\/a>.<\/p>\n<p data-pm-slice=\"1 1 []\">Warto zaznaczy\u0107, \u017ce nasze urocze, bia\u0142e body niemowl\u0119ce posiadaj\u0105 r\u00f3wnie\u017c praktyczne zapi\u0119cie na bezniklowe napki w kroku, co u\u0142atwia przewijanie i ubieranie dziecka. Dekolt body zosta\u0142 wyko\u0144czony w\u0105sk\u0105, mi\u0119kk\u0105 lam\u00f3wk\u0105, dzi\u0119ki czemu s\u0105 idealne dla wra\u017cliwej sk\u00f3ry dziecka.<\/p>\n<p data-pm-slice=\"1 1 []\">Jest to ubranie niemowl\u0119ce, kt\u00f3re jest \u0142atwe w utrzymaniu czysto\u015bci i mo\u017cna je pra\u0107 w pralce, co z pewno\u015bci\u0105 doceni\u0105 wszystkie mamy. Mi\u0119kkie, elastyczne szwy zapobiegaj\u0105 p\u0119kaniu i pruciu.<\/p>\n<p data-pm-slice=\"1 1 []\">Je\u015bli szukasz wygodnych, praktycznych i uroczych bia\u0142ych body dziewcz\u0119cych, to nasze bia\u0142e body z falbank\u0105 s\u0105 idealnym wyborem dla Ciebie!<\/p>\n<p data-pm-slice=\"1 1 []\">Lubisz komplety? Do body z falbank\u0105 mo\u017cesz dobra\u0107 <a href=\"https:\/\/mama-niemowlaka.pl\/sklep\/produkt\/ubranka\/dodatki\/opaska-niemowleca-z-kokarda\/\" rel=\" \"><strong>opask\u0119 niemowl\u0119c\u0105<\/strong><\/a> wykonan\u0105 r\u00f3wnie\u017c z bawe\u0142ny, dzi\u0119ki czemu podkre\u015blisz dziewcz\u0119cy wygl\u0105d swojego Malucha.<\/p>\n<h2 data-pm-slice=\"1 1 []\"><strong>Ubrania niemowl\u0119ce \u2013 body niemowl\u0119ce w sklepie <a href=\"https:\/\/www.mama-niemowlaka.pl\">mama-niemowlaka.pl<\/a><\/strong><\/h2>\n<p data-pm-slice=\"1 1 []\">Odwied\u017a nasz sklep internetowy <a href=\"https:\/\/www.mama-niemowlaka.pl\"><strong>mama-niemowlaka.pl<\/strong><\/a>, gdzie znajdziesz szeroki wyb\u00f3r najwy\u017cszej jako\u015bci ubranek niemowl\u0119cych. Gwarantujemy wysy\u0142k\u0119 zam\u00f3wienia w ci\u0105gu 48 godzin oraz darmow\u0105 wymian\u0119 towaru lub mo\u017cliwo\u015b\u0107 zwrotu w ci\u0105gu 14 dni. Co wi\u0119cej, je\u015bli zam\u00f3wisz za minimum 249 PLN, dostawa b\u0119dzie ca\u0142kowicie darmowa.<\/p>\n<p data-pm-slice=\"1 1 []\">Sprawd\u017a pozosta\u0142e body dla dziewczynki w kategorii <a href=\"https:\/\/mama-niemowlaka.pl\/sklep\/c\/ubranka-niemowlece\/body-niemowlece\/\" target=\"_blank\" rel=\"noopener\"><strong>body dla niemowl\u0105t<\/strong><\/a>. Skorzystaj teraz z naszych us\u0142ug i sprawd\u017a nasz\u0105 ofert\u0119 ubranek dla niemowlaka ju\u017c dzi\u015b! Wybierz wygodne dzieci\u0119ce ubrania.<\/p>\n","protected":false},"excerpt":{"rendered":"<p data-pm-slice=\"1 1 []\">Bawe\u0142niane body niemowl\u0119ce z d\u0142ugim r\u0119kawem. Wykonane z najwy\u017cszej jako\u015bci bawe\u0142ny, zapewni\u0105 Twojemu dziecku maksymalny komfort, a ozdobna falbanka dodaje im uroku. Nasze body to fantastyczna baza do pi\u0119knych stylizacji dla modnej dziewczynki. Idealnie pasuj\u0105 do sp\u00f3dniczek, leggins\u00f3w czy p\u00f3\u0142\u015bpioch\u00f3w. Dost\u0119pne s\u0105 w dw\u00f3ch kolorach: bia\u0142y i <a href=\"https:\/\/mama-niemowlaka.pl\/sklep\/produkt\/ubranka\/body\/body-niemowlece-z-falbanka-rozowe\/\">r\u00f3\u017cowy<\/a>. Body niemowl\u0119ce s\u0105 praktyczne, \u0142atwe w utrzymaniu czysto\u015bci i zapewniaj\u0105 swobod\u0119 ruch\u00f3w Twojemu dziecku.<\/p>\n<p>Bia\u0142e body z falbank\u0105 s\u0105 dost\u0119pne w czerech rozmiarach.<\/p>\n<p>Kolor : Bia\u0142y (ciep\u0142y)<\/p>\n<p>Sk\u0142ad: 100% bawe\u0142na<\/p>\n","protected":false},"featured_media":9810,"template":"","meta":[],"product_brand":[],"product_cat":[137,57],"product_tag":[118,214,161,249,252,247,238,125,152,248,344],"class_list":{"0":"post-19911","1":"product","2":"type-product","3":"status-publish","4":"has-post-thumbnail","6":"product_cat-body-niemowlece","7":"product_cat-ubranka-niemowlece","8":"product_tag-bawelna","9":"product_tag-bestseller","10":"product_tag-body-dla-niemowlat","11":"product_tag-body-dla-dziewczynek","12":"product_tag-body-dla-noworodka","13":"product_tag-body-z-dlugim-rekawem","14":"product_tag-ubranka-swiateczne-dla-niemowlaka","15":"product_tag-ubranka-do-chrztu","16":"product_tag-ubranka-dla-niemowlat-dziewczynek","17":"product_tag-eleganckie-body","18":"product_tag-ubranka-do-chrztu-dla-dziewczynki","19":"product_shipping_class-lekka","20":"pa_rozmiar-312","21":"pa_rozmiar-313","22":"pa_rozmiar-314","23":"pa_rozmiar-315","25":"first","26":"instock","27":"taxable","28":"shipping-taxable","29":"purchasable","30":"product-type-variable","31":"has-default-attributes","32":"wvs-archive-product-wrapper"},"_links":{"self":[{"href":"https:\/\/mama-niemowlaka.pl\/sklep\/wp-json\/wp\/v2\/product\/19911","targetHints":{"allow":["GET"]}}],"collection":[{"href":"https:\/\/mama-niemowlaka.pl\/sklep\/wp-json\/wp\/v2\/product"}],"about":[{"href":"https:\/\/mama-niemowlaka.pl\/sklep\/wp-json\/wp\/v2\/types\/product"}],"wp:featuredmedia":[{"embeddable":true,"href":"https:\/\/mama-niemowlaka.pl\/sklep\/wp-json\/wp\/v2\/media\/9810"}],"wp:attachment":[{"href":"https:\/\/mama-niemowlaka.pl\/sklep\/wp-json\/wp\/v2\/media?parent=19911"}],"wp:term":[{"taxonomy":"product_brand","embeddable":true,"href":"https:\/\/mama-niemowlaka.pl\/sklep\/wp-json\/wp\/v2\/product_brand?post=19911"},{"taxonomy":"product_cat","embeddable":true,"href":"https:\/\/mama-niemowlaka.pl\/sklep\/wp-json\/wp\/v2\/product_cat?post=19911"},{"taxonomy":"product_tag","embeddable":true,"href":"https:\/\/mama-niemowlaka.pl\/sklep\/wp-json\/wp\/v2\/product_tag?post=19911"}],"curies":[{"name":"wp","href":"https:\/\/api.w.org\/{rel}","templated":true}]}}