{"id":20094,"date":"2024-07-14T21:06:17","date_gmt":"2024-07-14T19:06:17","guid":{"rendered":"https:\/\/mama-niemowlaka.pl\/sklep\/?post_type=product&#038;p=20094"},"modified":"2026-02-21T23:17:15","modified_gmt":"2026-02-21T22:17:15","slug":"pajacyk-dla-chlopca-kubus-niebieski","status":"publish","type":"product","link":"https:\/\/mama-niemowlaka.pl\/sklep\/produkt\/ubranka-niemowlece\/pajacyki-dla-niemowlat\/pajacyk-dla-chlopca-kubus-niebieski\/","title":{"rendered":"Pajacyk dla ch\u0142opca Kubu\u015b niebieski"},"content":{"rendered":"<h2 data-pm-slice=\"1 1 []\">Pajacyk dla ch\u0142opca niemowlaka<\/h2>\n<p>Pajacyk dla ch\u0142opca Kubu\u015b w kolorze niebieskim to uroczy i wygodny bawe\u0142niany pajacyk dla niemowl\u0105t. Pajacyk niemowl\u0119cy zosta\u0142 wykonany z bardzo popularnej ostatnio bawe\u0142ny w pr\u0105\u017cek. Ca\u0142y pajacyk dla niemowlaka posiada wz\u00f3r w ponadczasowego Kubusia Puchatka. To urocze ubranko dla niemowlaka.<\/p>\n<h2>Wygodne pajacyki dla niemowl\u0105t<\/h2>\n<p>Pajac dla ma\u0142ego ch\u0142opca zosta\u0142 zaprojektowany z zatrzaskami bez niklu dla \u0142atwego i wygodnego mocowania, tak aby zmiana pieluszki by\u0142a \u0142atwa i szybka. D\u0142ugie r\u0119kawy i spodnie bez nogawek zako\u0144czone s\u0105 niekr\u0119puj\u0105cymi \u015bci\u0105gaczami, zapewniaj\u0105c maksimum komfortu Twojemu maluszkowi. Niezale\u017cnie od tego, czy idziecie na spacer po parku, czy bawicie si\u0119 w domu, mi\u0119kki i delikatny bawe\u0142niany materia\u0142 zapewnia nieograniczony ruch. Tego rodzaju pajacyki dla ch\u0142opca cz\u0119sto s\u0105 r\u00f3wnie\u017c u\u017cywane jako pi\u017cama. Nasz pajacyk Kubu\u015b idealnie si\u0119 do tego nadaje, mo\u017cna go nosi\u0107 zar\u00f3wno w dzie\u0144, jak i w nocy.<\/p>\n<h2>Szeroki wyb\u00f3r pajacyk\u00f3w dla niemowl\u0105t<\/h2>\n<p>Pajacyk niemowl\u0119cy dla ch\u0142opca Kubu\u015b dost\u0119pny jest w czterech rozmiarach (62, 68, 74 i 80). Nasz pajacyk niemowl\u0119cy b\u0119dzie idealnie pasowa\u0142 do Twojego dziecka. Sklep <a href=\"http:\/\/Mama-niemowlaka.pl\" target=\"_blank\" rel=\"noopener\">mama-niemowlaka.pl<\/a> gwarantuje szybk\u0105 wysy\u0142k\u0119 w ci\u0105gu 24 godzin i oferuje bezp\u0142atn\u0105 wymian\u0119 towaru. Je\u015bli nie jeste\u015b w pe\u0142ni zadowolony z naszego produktu, masz a\u017c 14 dni na bezproblemowy zwrot.<\/p>\n<p>Sk\u0142ad: 100% bawe\u0142na<\/p>\n","protected":false},"excerpt":{"rendered":"<p data-pm-slice=\"1 1 []\">Pajacyk dla ch\u0142opca Kubu\u015b niebieski to uroczy i wygodny bawe\u0142niany pajacyk dla niemowl\u0105t. Pajacyk wykonany jest z bawe\u0142ny w pr\u0105\u017cek, bardzo popularnej w\u015br\u00f3d mam. Posiada zatrzaski bez niklu, kt\u00f3re si\u0119gaj\u0105 do samego do\u0142u, co u\u0142atwia zak\u0142adanie i zdejmowanie ubranka. Pajacyk niemowl\u0119cy ch\u0142opi\u0119cy posiada d\u0142ugie r\u0119kawy i nogawki bez st\u00f3pek, a zako\u0144czony jest delikatnymi \u015bci\u0105gaczami.<\/p>\n<p>Pajacyk dla ch\u0142opca Kubu\u015b dost\u0119pny jest kolorze niebieskim w czterech rozmiarach.<\/p>\n","protected":false},"featured_media":8998,"template":"","meta":[],"product_brand":[],"product_cat":[59,57],"product_tag":[118,145,220,277,270,272,273,275,276,269,235],"class_list":{"0":"post-20094","1":"product","2":"type-product","3":"status-publish","4":"has-post-thumbnail","6":"product_cat-pajacyki-dla-niemowlat","7":"product_cat-ubranka-niemowlece","8":"product_tag-bawelna","9":"product_tag-ubranka-dla-niemowlat-chlopca","10":"product_tag-ubranka-dla-noworodkow","11":"product_tag-pajacyk-80","12":"product_tag-pajacyk-do-spania","13":"product_tag-pajacyk-niemowlecy-62","14":"product_tag-pajacyki-68","15":"product_tag-pajacyki-74","16":"product_tag-pajacyki-bez-stopek","17":"product_tag-pajacyki-niemowlece-dla-chlopca","18":"product_tag-rampersy","19":"product_shipping_class-lekka","20":"pa_rozmiar-312","21":"pa_rozmiar-313","22":"pa_rozmiar-314","23":"pa_rozmiar-315","25":"first","26":"instock","27":"taxable","28":"shipping-taxable","29":"purchasable","30":"product-type-variable","31":"has-default-attributes","32":"wvs-archive-product-wrapper"},"_links":{"self":[{"href":"https:\/\/mama-niemowlaka.pl\/sklep\/wp-json\/wp\/v2\/product\/20094","targetHints":{"allow":["GET"]}}],"collection":[{"href":"https:\/\/mama-niemowlaka.pl\/sklep\/wp-json\/wp\/v2\/product"}],"about":[{"href":"https:\/\/mama-niemowlaka.pl\/sklep\/wp-json\/wp\/v2\/types\/product"}],"wp:featuredmedia":[{"embeddable":true,"href":"https:\/\/mama-niemowlaka.pl\/sklep\/wp-json\/wp\/v2\/media\/8998"}],"wp:attachment":[{"href":"https:\/\/mama-niemowlaka.pl\/sklep\/wp-json\/wp\/v2\/media?parent=20094"}],"wp:term":[{"taxonomy":"product_brand","embeddable":true,"href":"https:\/\/mama-niemowlaka.pl\/sklep\/wp-json\/wp\/v2\/product_brand?post=20094"},{"taxonomy":"product_cat","embeddable":true,"href":"https:\/\/mama-niemowlaka.pl\/sklep\/wp-json\/wp\/v2\/product_cat?post=20094"},{"taxonomy":"product_tag","embeddable":true,"href":"https:\/\/mama-niemowlaka.pl\/sklep\/wp-json\/wp\/v2\/product_tag?post=20094"}],"curies":[{"name":"wp","href":"https:\/\/api.w.org\/{rel}","templated":true}]}}