{"id":20099,"date":"2024-01-28T21:08:34","date_gmt":"2024-01-28T20:08:34","guid":{"rendered":"https:\/\/mama-niemowlaka.pl\/sklep\/?post_type=product&#038;p=20099"},"modified":"2026-01-28T21:17:57","modified_gmt":"2026-01-28T20:17:57","slug":"pajacyk-azurkowy-dla-niemowlat-bialy-mis-lotnik","status":"publish","type":"product","link":"https:\/\/mama-niemowlaka.pl\/sklep\/produkt\/ubranka-niemowlece\/pajacyki-dla-niemowlat\/pajacyk-azurkowy-dla-niemowlat-bialy-mis-lotnik\/","title":{"rendered":"Pajacyk niemowl\u0119cy a\u017curowy &#8211; bia\u0142y mi\u015b lotnik"},"content":{"rendered":"<h2 data-pm-slice=\"1 1 []\"><strong>Mi\u0119ciutki pajacyk a\u017curkowy dla niemowl\u0105t &#8211; idealny wyb\u00f3r na lato<\/strong><\/h2>\n<p data-pm-slice=\"1 1 []\">Szukasz idealnego ubranka na lato dla swojego dziecka? Nasz bia\u0142y <a href=\"https:\/\/mama-niemowlaka.pl\/sklep\/produkt\/ubranka-niemowlece\/pajacyki-dla-niemowlat\/pajacyk-azurkowy-dla-niemowlat-bialy-mis-lotnik\/\" target=\"_blank\" rel=\"noopener\"><strong>pajacyk a\u017curkowy dla niemowl\u0105t<\/strong><\/a> to doskona\u0142y wyb\u00f3r. Dzi\u0119ki zastosowaniu przewiewnej bawe\u0142nianej dzianiny, a\u017curkowy pajacyk niemowl\u0119cy zapewnia wygod\u0119 nawet podczas upalnych dni. Stylowy design sprawia, \u017ce Twoje dziecko b\u0119dzie wygl\u0105da\u0107 uroczo i modnie.<\/p>\n<h3 data-pm-slice=\"1 3 []\">Dlaczego warto wybra\u0107 nasz wygodny a\u017curkowy pajacyk niemowl\u0119cy?<\/h3>\n<ul>\n<li>Materia\u0142: Bawe\u0142niana dzianina a\u017curowa<\/li>\n<li>Idealny na lato: Przewiewny i lekki<\/li>\n<li>Dost\u0119pne rozmiary: 68 i 74<\/li>\n<li>Kolor: bia\u0142y pajacyk niemowl\u0119cy to obowi\u0105zkowy element wyprawki niemowl\u0119cej<\/li>\n<li>Komfort i ochrona: Delikatny dla sk\u00f3ry dziecka, chroni przed podra\u017cnieniami<\/li>\n<\/ul>\n<p data-pm-slice=\"1 1 []\">Wybierz nasz pajacyk a\u017curkowy dla niemowl\u0105t i zadbaj o komfort swojego maluszka tego lata!<\/p>\n<h2 data-pm-slice=\"1 1 []\"><strong>Pajacyki niemowl\u0119ce bawe\u0142niane w sklepie <\/strong><a href=\"http:\/\/mama-niemowlaka.pl\"><strong>mama-niemowlaka.pl<\/strong><\/a><strong> &#8211; doskona\u0142y wyb\u00f3r dla niemowl\u0105t <\/strong><\/h2>\n<p data-pm-slice=\"1 1 []\">Odwied\u017a nasz sklep internetowy <a href=\"https:\/\/mama-niemowlaka.pl\/sklep\/\" target=\"_blank\" rel=\"noopener\"><strong>www.mama-niemowlaka.pl<\/strong><\/a>, gdzie znajdziesz r\u00f3\u017cne rodzaje pajacyk\u00f3w niemowl\u0119cych oraz ubrania niemowl\u0119ce najwy\u017cszej jako\u015bci. Znajdziesz tu \u015bliczne <a href=\"https:\/\/mama-niemowlaka.pl\/sklep\/c\/ubranka-niemowlece\/pajacyki-dla-niemowlat\/\" target=\"_blank\" rel=\"noopener\"><strong>pajacyki niemowl\u0119ce<\/strong><\/a> zar\u00f3wno pajacyki dla ch\u0142opc\u00f3w jak i pajacyki dla dziewczynek. Sprawd\u017a r\u00f3\u017cne rodzaje pajacyk\u00f3w niemowl\u0119cych dost\u0119pne w naszym sklepie i wybierz idealny pajac niemowl\u0119cy dla swojego Malucha. W naszym sklepie kupisz <a href=\"https:\/\/mama-niemowlaka.pl\/sklep\/t\/pajacyk-do-spania\/\" target=\"_blank\" rel=\"noopener\"><strong>pajace niemowl\u0119ce do spania<\/strong><\/a>, <a href=\"https:\/\/mama-niemowlaka.pl\/sklep\/t\/pajacyki-na-zamek\/\" target=\"_blank\" rel=\"noopener\"><strong>pajacyki niemowl\u0119ce na suwak<\/strong><\/a>, pajacyki bez st\u00f3pek czy te\u017c pajace dla noworodka.<\/p>\n<p>Sprawd\u017a pozosta\u0142e <a href=\"https:\/\/mama-niemowlaka.pl\/sklep\/c\/ubranka-niemowlece\/pajacyki-dla-niemowlat\/\" target=\"_blank\" rel=\"noopener\"><strong>pajacyki niemowl\u0119ce<\/strong><\/a> i kup wygodny <a href=\"https:\/\/mama-niemowlaka.pl\/sklep\/c\/ubranka-niemowlece\/pajacyki-dla-niemowlat\/\" target=\"_blank\" rel=\"noopener\"><strong>pajac niemowl\u0119cy<\/strong><\/a> do swojej wyprawki dla noworodka. <a href=\"https:\/\/mama-niemowlaka.pl\/sklep\/t\/pajacyki-dla-noworodka\/\" target=\"_blank\" rel=\"noopener\"><strong>Pajacyki dla noworodk\u00f3w<\/strong><\/a> i niemowl\u0105t znajdziesz tutaj -&gt; <a href=\"https:\/\/mama-niemowlaka.pl\/sklep\/c\/ubranka-niemowlece\/pajacyki-dla-niemowlat\/\" target=\"_blank\" rel=\"noopener\"><strong>pajacyki dla niemowlaka<\/strong><\/a>.<\/p>\n<p>Letnie ubranka niemowl\u0119ce powinny by\u0107 delikatne i przewiewne. Sprawd\u017a nasze propozycje ubranek niemowl\u0119cych uszytych z <a href=\"https:\/\/mama-niemowlaka.pl\/sklep\/t\/dzianina-azurowa\/\" target=\"_blank\" rel=\"noopener\"><strong>a\u017curowej dzianiny bawe\u0142nianej<\/strong><\/a>. Znajdziesz zar\u00f3wno pajacyk niemowl\u0119cy delikatny a\u017curek, body a\u017curowe czy komplety ubranek niemowl\u0119cych. Sprawd\u017a nasze pozosta\u0142e propozycje <a href=\"https:\/\/mama-niemowlaka.pl\/sklep\/t\/letnie-ubranka-dla-niemowlat\/\" target=\"_blank\" rel=\"noopener\"><strong>letnich ubranek niemowl\u0119cych<\/strong><\/a>.<\/p>\n","protected":false},"excerpt":{"rendered":"<p data-pm-slice=\"1 1 []\"><a href=\"https:\/\/mama-niemowlaka.pl\/sklep\/produkt\/ubranka-niemowlece\/pajacyki-dla-niemowlat\/pajacyk-azurkowy-dla-niemowlat-bialy-mis-lotnik\/\" target=\"_blank\" rel=\"noopener\"><strong>Bawe\u0142niany pajacyk a\u017curek<\/strong><\/a> -zapewnij swojemu dziecku najwy\u017cszy komfort i ochron\u0119 dzi\u0119ki naszemu ubranku dla niemowlaka. Wykonany z mi\u0119kkiej bawe\u0142nianej dzianiny a\u017curowej, ten wygodny pajacyk niemowl\u0119cy a\u017curowy jest idealny na letnie dni. Delikatny materia\u0142 chroni sk\u00f3r\u0119 maluszka przed podra\u017cnieniami, jednocze\u015bnie dbaj\u0105c o odpowiedni\u0105 termoregulacj\u0119. Dzi\u0119ki a\u017curowej strukturze, sk\u00f3ra dziecka oddycha, co minimalizuje ryzyko przegrzania.<\/p>\n<p>A\u017curowy pajacyk dla niemowl\u0105t w kolorze bia\u0142ym dost\u0119pny jest w dw\u00f3ch rozmiarach: 68 i 74. A\u017curowy bawe\u0142niany pajacyk niemowl\u0119cy dost\u0119pny jest r\u00f3wnie\u017c w kolorze be\u017cowym: <a href=\"https:\/\/mama-niemowlaka.pl\/sklep\/produkt\/ubranka-niemowlece\/pajacyki-dla-niemowlat\/pajacyk-niemowlecy-azurowy-bezowy-lotnik\/\" target=\"_blank\" rel=\"noopener\"><strong>Pajacyk niemowl\u0119cy a\u017curowy &#8211; be\u017cowy<\/strong>.<\/a><\/p>\n<p>Sk\u0142ad: 100% bawe\u0142na<\/p>\n","protected":false},"featured_media":14233,"template":"","meta":[],"product_brand":[],"product_cat":[59,57],"product_tag":[118,145,350,162,359,355,220,180,270,281,272,273,269],"class_list":{"0":"post-20099","1":"product","2":"type-product","3":"status-publish","4":"has-post-thumbnail","6":"product_cat-pajacyki-dla-niemowlat","7":"product_cat-ubranka-niemowlece","8":"product_tag-bawelna","9":"product_tag-ubranka-dla-niemowlat-chlopca","10":"product_tag-dzianina-azurowa","11":"product_tag-lato","12":"product_tag-ubranka-dla-niemowlaka-chlopca-na-lato","13":"product_tag-letnie-ubranka-dla-niemowlat","14":"product_tag-ubranka-dla-noworodkow","15":"product_tag-nowosc","16":"product_tag-pajacyk-do-spania","17":"product_tag-pajacyk-na-lato","18":"product_tag-pajacyk-niemowlecy-62","19":"product_tag-pajacyki-68","20":"product_tag-pajacyki-niemowlece-dla-chlopca","21":"product_shipping_class-lekka","22":"pa_rozmiar-312","23":"pa_rozmiar-313","24":"pa_rozmiar-314","26":"first","27":"instock","28":"taxable","29":"shipping-taxable","30":"purchasable","31":"product-type-variable","32":"has-default-attributes","33":"wvs-archive-product-wrapper"},"_links":{"self":[{"href":"https:\/\/mama-niemowlaka.pl\/sklep\/wp-json\/wp\/v2\/product\/20099","targetHints":{"allow":["GET"]}}],"collection":[{"href":"https:\/\/mama-niemowlaka.pl\/sklep\/wp-json\/wp\/v2\/product"}],"about":[{"href":"https:\/\/mama-niemowlaka.pl\/sklep\/wp-json\/wp\/v2\/types\/product"}],"wp:featuredmedia":[{"embeddable":true,"href":"https:\/\/mama-niemowlaka.pl\/sklep\/wp-json\/wp\/v2\/media\/14233"}],"wp:attachment":[{"href":"https:\/\/mama-niemowlaka.pl\/sklep\/wp-json\/wp\/v2\/media?parent=20099"}],"wp:term":[{"taxonomy":"product_brand","embeddable":true,"href":"https:\/\/mama-niemowlaka.pl\/sklep\/wp-json\/wp\/v2\/product_brand?post=20099"},{"taxonomy":"product_cat","embeddable":true,"href":"https:\/\/mama-niemowlaka.pl\/sklep\/wp-json\/wp\/v2\/product_cat?post=20099"},{"taxonomy":"product_tag","embeddable":true,"href":"https:\/\/mama-niemowlaka.pl\/sklep\/wp-json\/wp\/v2\/product_tag?post=20099"}],"curies":[{"name":"wp","href":"https:\/\/api.w.org\/{rel}","templated":true}]}}