{"id":20142,"date":"2023-01-28T22:43:27","date_gmt":"2023-01-28T21:43:27","guid":{"rendered":"https:\/\/mama-niemowlaka.pl\/sklep\/?post_type=product&#038;p=20142"},"modified":"2026-01-28T22:47:22","modified_gmt":"2026-01-28T21:47:22","slug":"kaftanik-i-polspiochy-rozowe","status":"publish","type":"product","link":"https:\/\/mama-niemowlaka.pl\/sklep\/produkt\/ubranka-niemowlece\/komplet-niemowlecy\/kaftanik-i-polspiochy-rozowe\/","title":{"rendered":"Komplet niemowl\u0119cy kaftanik i p\u00f3\u0142\u015bpiochy &#8211; r\u00f3\u017cowy"},"content":{"rendered":"<h2 data-pm-slice=\"1 1 []\"><strong>Ubranko dla noworodka na lato<\/strong><\/h2>\n<p>Je\u015bli szukasz idealnego kompletu na lato dla swojego noworodka, kt\u00f3ry zapewni mu wygod\u0119 i komfort, to ten produkt jest w\u0142a\u015bnie dla Ciebie.<\/p>\n<p><a href=\"https:\/\/mama-niemowlaka.pl\/sklep\/produkt\/ubranka-niemowlece\/komplet-niemowlecy\/kaftanik-i-polspiochy-rozowy\/\">Komplet niemowl\u0119cy<\/a> zosta\u0142 zaprojektowany z my\u015bl\u0105 o funkcjonalno\u015bci i wygodzie. Dzi\u0119ki przewiewnej dzianinie bawe\u0142nianej, Twoje dziecko b\u0119dzie mog\u0142o cieszy\u0107 si\u0119 ruchem i swobod\u0105 w upalne dni, a jednocze\u015bnie b\u0119dzie chronione przed przegrzaniem. Komplet niemowl\u0119cy wykonany jest z najwy\u017cszej jako\u015bci a\u017curowej dzianiny bawe\u0142nianej, kt\u00f3ra jest bardzo mi\u0119kka i delikatna w dotyku, co zapewnia wyj\u0105tkowy komfort Twojemu dziecku. Materia\u0142 jest tak\u017ce bardzo \u0142atwy w utrzymaniu czysto\u015bci, co jest wa\u017cne dla ma\u0142ych dzieci, kt\u00f3re potrzebuj\u0105 cz\u0119stego prania ubranek.<\/p>\n<h2><strong>Kaftanik niemowl\u0119cy<\/strong><\/h2>\n<p>Kaftanik niemowl\u0119cy o bardzo dziewcz\u0119cym kroju ozdobiony urocz\u0105 kokardk\u0105. Prz\u00f3d rozpinany na dwie bezniklowe napy u\u0142atwiaj\u0105ce wygodne zak\u0142adanie. Trapezowy, lu\u017any fason nie ogranicza ruch\u00f3w maluszka. Kaftanik to odzie\u017c niemowl\u0119ca niezb\u0119dna w ka\u017cdej wyprawce nowo narodzonego maluszka.<\/p>\n<h2><strong>P\u00f3\u0142\u015bpiochy niemowl\u0119ce<\/strong><\/h2>\n<p>P\u00f3\u0142\u015bpiochy to r\u00f3wnie\u017c ubranko niemowl\u0119ce, kt\u00f3re jest obowi\u0105zkowym elementem wyprawki dla noworodka. P\u00f3\u0142\u015bpiochy niemowl\u0119ce uszyte s\u0105 z delikatnej mi\u0119kkiej bawe\u0142ny takiej jak kaftanik. P\u00f3\u0142\u015bpiochy posiadaj\u0105 delikatn\u0105 gumk\u0119, kt\u00f3ra nie uciska brzuszka maluszka oraz u\u0142atwia wygodne zak\u0142adanie ubranka.<\/p>\n<h2><strong>Dost\u0119pne opcje ubranka<\/strong><\/h2>\n<p>Dwucz\u0119\u015bciowy zestaw dla niemowlaka wyst\u0119puje w dw\u00f3ch kolorach: r\u00f3\u017cowym i bia\u0142ym, w dw\u00f3ch rozmiarach.<\/p>\n<p>Dzi\u0119ki naszemu kompletowi niemowl\u0119cemu, Twoje dziecko b\u0119dzie czu\u0142o si\u0119 wyj\u0105tkowo komfortowo i bezpiecznie. Wybierz nasz produkt, aby zapewni\u0107 swojemu maluszkowi najwy\u017cszy komfort i wygod\u0119.<\/p>\n<p>Sk\u0142ad: 100% bawe\u0142na<\/p>\n","protected":false},"excerpt":{"rendered":"<p data-pm-slice=\"1 1 []\"><a href=\"https:\/\/mama-niemowlaka.pl\/sklep\/produkt\/ubranka-niemowlece\/komplet-niemowlecy\/kaftanik-i-polspiochy-rozowy\/\">Dwucz\u0119\u015bciowy komplet dla niemowlaka z a\u017curowej dzianiny bawe\u0142nianej<\/a> w sk\u0142ad, kt\u00f3rego wchodzi uroczy kaftanik niemowl\u0119cy i p\u00f3\u0142\u015bpiochy w kolorze r\u00f3\u017cowym. A\u017curowa dzianina bawe\u0142niana jest bardzo przewiewna, dzi\u0119ki czemu Tw\u00f3j maluszek nie b\u0119dzie si\u0119 poci\u0142 i b\u0119dzie czu\u0142 si\u0119 komfortowo w upalne dni. Materia\u0142 jest bardzo mi\u0119kki i delikatny, co sprawia, \u017ce komplet jest bardzo wygodny dla twojego dziecka.<\/p>\n<p>Komplet niemowl\u0119cy jest dost\u0119pny w dw\u00f3ch rozmiarach: 62 i 68.<br \/>\nSk\u0142ad: 100% bawe\u0142na<br \/>\nKraj Produkcji: Turcja<\/p>\n","protected":false},"featured_media":7467,"template":"","meta":[],"product_brand":[],"product_cat":[122,57],"product_tag":[118,152,350,164,153,351,162,358,355,220,165],"class_list":{"0":"post-20142","1":"product","2":"type-product","3":"status-publish","4":"has-post-thumbnail","6":"product_cat-komplet-niemowlecy","7":"product_cat-ubranka-niemowlece","8":"product_tag-bawelna","9":"product_tag-ubranka-dla-niemowlat-dziewczynek","10":"product_tag-dzianina-azurowa","11":"product_tag-kaftaniki-niemowlece","12":"product_tag-komplet","13":"product_tag-komplety-niemowlece-dla-dziewczynki","14":"product_tag-lato","15":"product_tag-ubranka-letnie-dla-dziewczynki","16":"product_tag-letnie-ubranka-dla-niemowlat","17":"product_tag-ubranka-dla-noworodkow","18":"product_tag-polspiochy","19":"product_shipping_class-lekka","20":"pa_rozmiar-312","21":"pa_rozmiar-313","23":"first","24":"instock","25":"taxable","26":"shipping-taxable","27":"purchasable","28":"product-type-variable","29":"has-default-attributes","30":"wvs-archive-product-wrapper"},"_links":{"self":[{"href":"https:\/\/mama-niemowlaka.pl\/sklep\/wp-json\/wp\/v2\/product\/20142","targetHints":{"allow":["GET"]}}],"collection":[{"href":"https:\/\/mama-niemowlaka.pl\/sklep\/wp-json\/wp\/v2\/product"}],"about":[{"href":"https:\/\/mama-niemowlaka.pl\/sklep\/wp-json\/wp\/v2\/types\/product"}],"wp:featuredmedia":[{"embeddable":true,"href":"https:\/\/mama-niemowlaka.pl\/sklep\/wp-json\/wp\/v2\/media\/7467"}],"wp:attachment":[{"href":"https:\/\/mama-niemowlaka.pl\/sklep\/wp-json\/wp\/v2\/media?parent=20142"}],"wp:term":[{"taxonomy":"product_brand","embeddable":true,"href":"https:\/\/mama-niemowlaka.pl\/sklep\/wp-json\/wp\/v2\/product_brand?post=20142"},{"taxonomy":"product_cat","embeddable":true,"href":"https:\/\/mama-niemowlaka.pl\/sklep\/wp-json\/wp\/v2\/product_cat?post=20142"},{"taxonomy":"product_tag","embeddable":true,"href":"https:\/\/mama-niemowlaka.pl\/sklep\/wp-json\/wp\/v2\/product_tag?post=20142"}],"curies":[{"name":"wp","href":"https:\/\/api.w.org\/{rel}","templated":true}]}}