{"id":20197,"date":"2025-02-02T00:18:48","date_gmt":"2025-02-01T23:18:48","guid":{"rendered":"https:\/\/mama-niemowlaka.pl\/sklep\/?post_type=product&#038;p=20197"},"modified":"2026-02-02T00:20:59","modified_gmt":"2026-02-01T23:20:59","slug":"rampers-dla-dziewczynki-serduszka","status":"publish","type":"product","link":"https:\/\/mama-niemowlaka.pl\/sklep\/produkt\/ubranka-niemowlece\/pajacyki-dla-niemowlat\/rampers-dla-dziewczynki-serduszka\/","title":{"rendered":"Rampers dla dziewczynki z czapeczk\u0105 &#8211; serduszka"},"content":{"rendered":"<h2 data-pm-slice=\"1 1 []\">Rampers dla dziewczynki z czapeczk\u0105<\/h2>\n<p>Wygodny, bawe\u0142niany rampers dla dziewczynki idealny do wyprawki dla noworodka. Rampers niemowl\u0119cy zosta\u0142 uszyty z mi\u0119ciutkiej bawe\u0142ny, idealnej dla delikatnej sk\u00f3ry maluszka. Rampers bawe\u0142niany zapinany jest na bezniklowe napki przez ca\u0142\u0105 d\u0142ugo\u015b\u0107 ubranka. Dodatkowo zar\u00f3wno rampers dla dziewczynki jaki i czapeczka niemowl\u0119ca zosta\u0142y ozdobione uroczym sloganem &#8222;I love Mum &amp; Dad&#8221;<\/p>\n<p data-pm-slice=\"1 1 []\">Ten uroczy rampers dla dziewczynki z d\u0142ugim r\u0119kawem jest zar\u00f3wno praktyczny, jak i \u0142adny, dzi\u0119ki czemu idealnie nadaje si\u0119 jako pajacyk do spania dla niemowl\u0119cia lub do noszenia na co dzie\u0144. Nasze pajacyki niemowl\u0119ce zosta\u0142y zaprojektowane, tak aby zapewni\u0107 Twojemu dziecku ciep\u0142o i komfort, zapewnia tak\u017ce wygod\u0119 ma\u0142ym st\u00f3pkom.<\/p>\n<h2 data-pm-slice=\"1 1 []\"><strong>Szukasz rampers\u00f3w niemowl\u0119cych? Kup wygodne rampersy niemowl\u0119ce dla ch\u0142opc\u00f3w i dziewczynek w sklepie <a href=\"http:\/\/www.mama-niemowlaka.pl\">www.mama-niemowlaka.pl<\/a><\/strong><\/h2>\n<p data-pm-slice=\"1 1 []\">Odwied\u017a nasz sklep internetowy <a href=\"http:\/\/www.mama-niemowlaka.pl\"><strong>www.mama-niemowlaka.pl<\/strong><\/a>, gdzie znajdziesz szeroki wyb\u00f3r rampres\u00f3w i pajacyk\u00f3w oraz ubranek niemowl\u0119cych najwy\u017cszej jako\u015bci. Znajdziesz tu zar\u00f3wno pajacyki wysokiej jako\u015bci dla ch\u0142opc\u00f3w i dziewczynek. Sprawd\u017a r\u00f3\u017cne rodzaje pajacyk\u00f3w dla niemowl\u0105t dost\u0119pne w naszym sklepie i wybierz idealny pajac niemowl\u0119cy dla swojego Malucha. W naszym sklepie kupisz pajace do spania, odpowiednie pajacyki na ch\u0142odne dni czy te\u017c pajace ocieplane.<\/p>\n<p data-pm-slice=\"1 1 []\">Gwarantujemy wysy\u0142k\u0119 zam\u00f3wienia w ci\u0105gu 48 godzin oraz darmow\u0105 wymian\u0119 towaru lub mo\u017cliwo\u015b\u0107 zwrotu w ci\u0105gu 14 dni. Co wi\u0119cej, je\u015bli zam\u00f3wisz za minimum 249 PLN, dostawa b\u0119dzie ca\u0142kowicie darmowa.<\/p>\n<p data-pm-slice=\"1 1 []\">Sprawd\u017a pozosta\u0142e rampersy niemowl\u0119ce dla dziewczynki i kup wygodny pajac niemowl\u0119cy do swojej wyprawki dla noworodka. Rampersy i pajacyki dla noworodk\u00f3w i niemowl\u0105t znajdziesz tutaj -&gt; <a href=\"https:\/\/mama-niemowlaka.pl\/sklep\/c\/ubranka\/pajacyki-dla-niemowlat\/\" target=\"_blank\" rel=\"noopener\"><strong>pajacyki dla niemowlaka<\/strong><\/a><\/p>\n","protected":false},"excerpt":{"rendered":"<p data-pm-slice=\"1 1 []\">Bawe\u0142niany rampers dla dziewczynki w komplecie z czapeczk\u0105 w urocze serduszka. Ba\u0142y rampers dla dziewczynki jaki i czapeczka zosta\u0142y ozdobione uroczym sloganem &#8222;I love Mum &amp; Dad&#8221;<\/p>\n<p>Rampers dla dziewczynki wyst\u0119puje w trzech rozmiarach: 62, 68, 74 i 80.<\/p>\n<p>Sk\u0142ad: 100% bawe\u0142na<\/p>\n<p>Kraj produkcji : Turcja<\/p>\n","protected":false},"featured_media":16076,"template":"","meta":[],"product_brand":[],"product_cat":[59,57],"product_tag":[118,233,152,220,180,270,272,273,275,274,235,158],"class_list":{"0":"post-20197","1":"product","2":"type-product","3":"status-publish","4":"has-post-thumbnail","6":"product_cat-pajacyki-dla-niemowlat","7":"product_cat-ubranka-niemowlece","8":"product_tag-bawelna","9":"product_tag-czapka","10":"product_tag-ubranka-dla-niemowlat-dziewczynek","11":"product_tag-ubranka-dla-noworodkow","12":"product_tag-nowosc","13":"product_tag-pajacyk-do-spania","14":"product_tag-pajacyk-niemowlecy-62","15":"product_tag-pajacyki-68","16":"product_tag-pajacyki-74","17":"product_tag-pajacyki-dla-dziewczynek","18":"product_tag-rampersy","19":"product_tag-zestaw","20":"product_shipping_class-lekka","21":"pa_rozmiar-312","22":"pa_rozmiar-313","23":"pa_rozmiar-314","24":"pa_rozmiar-315","26":"first","27":"instock","28":"taxable","29":"shipping-taxable","30":"purchasable","31":"product-type-variable","32":"has-default-attributes","33":"wvs-archive-product-wrapper"},"_links":{"self":[{"href":"https:\/\/mama-niemowlaka.pl\/sklep\/wp-json\/wp\/v2\/product\/20197","targetHints":{"allow":["GET"]}}],"collection":[{"href":"https:\/\/mama-niemowlaka.pl\/sklep\/wp-json\/wp\/v2\/product"}],"about":[{"href":"https:\/\/mama-niemowlaka.pl\/sklep\/wp-json\/wp\/v2\/types\/product"}],"wp:featuredmedia":[{"embeddable":true,"href":"https:\/\/mama-niemowlaka.pl\/sklep\/wp-json\/wp\/v2\/media\/16076"}],"wp:attachment":[{"href":"https:\/\/mama-niemowlaka.pl\/sklep\/wp-json\/wp\/v2\/media?parent=20197"}],"wp:term":[{"taxonomy":"product_brand","embeddable":true,"href":"https:\/\/mama-niemowlaka.pl\/sklep\/wp-json\/wp\/v2\/product_brand?post=20197"},{"taxonomy":"product_cat","embeddable":true,"href":"https:\/\/mama-niemowlaka.pl\/sklep\/wp-json\/wp\/v2\/product_cat?post=20197"},{"taxonomy":"product_tag","embeddable":true,"href":"https:\/\/mama-niemowlaka.pl\/sklep\/wp-json\/wp\/v2\/product_tag?post=20197"}],"curies":[{"name":"wp","href":"https:\/\/api.w.org\/{rel}","templated":true}]}}