{"id":20275,"date":"2022-10-17T15:55:10","date_gmt":"2022-10-17T13:55:10","guid":{"rendered":"https:\/\/mama-niemowlaka.pl\/sklep\/?post_type=product&#038;p=20275"},"modified":"2026-03-27T14:28:23","modified_gmt":"2026-03-27T13:28:23","slug":"sukienka-dziewczeca-bawelniana-z-koronkowym-kolnierzem-bezowa","status":"publish","type":"product","link":"https:\/\/mama-niemowlaka.pl\/sklep\/produkt\/ubranka-niemowlece\/sukienki-dla-niemowlat\/sukienka-dziewczeca-bawelniana-z-koronkowym-kolnierzem-bezowa\/","title":{"rendered":"Sukienka niemowl\u0119ca bawe\u0142niana z koronkowym ko\u0142nierzem be\u017cowa"},"content":{"rendered":"<h2>Bawe\u0142niana sukieneczka niemowl\u0119ca w kolorze be\u017cowym.<\/h2>\n<p>\u015aliczna sukieneczka niemowl\u0119ca z d\u0142ugim r\u0119kawem z mi\u0119kkiej, milutkiej dzianiny. S\u0142odka sukieneczka zmieni twoj\u0105 dziewczynk\u0119 w ma\u0142\u0105 ksi\u0119\u017cniczk\u0119. Sukienka zosta\u0142a uszyta z wysokiej jako\u015bci bawe\u0142ny, dzi\u0119ki czemu jest bezpieczna i przyjemna dla niemowlaka.<\/p>\n<p>G\u00f3ra sukienki zosta\u0142a wykonana z dzianiny i przyozdobiona pi\u0119knym koronkowym ko\u0142nierzykiem, kt\u00f3ry nadaje dziewcz\u0119cego i zwiewnego charakteru temu produktowi. Sukieneczka posiada d\u0142ugi r\u0119kaw zako\u0144czony nieuciskaj\u0105cym \u015bci\u0105gaczem. Natomiast d\u00f3\u0142 sukieneczki jest rozszerzany, dzi\u0119ki czemu nic nie uciska maluszka. Dodatkowo sukienka ozdobiona jest na piersi kokardk\u0105. Ka\u017cda ma\u0142\u0105 dama b\u0119dzie w niej wygl\u0105da\u0107 uroczo.<\/p>\n<p>Dok\u0142adna jako\u015b\u0107 wykonania i najwy\u017csza jako\u015b\u0107 tego produktu s\u0105 jego najwi\u0119ksz\u0105 zalet\u0105. Do uszycia tej sukienki zastosowano szczeg\u00f3lnie mi\u0119kk\u0105 i niedrapi\u0105c\u0105 prz\u0119dz\u0119. Dzi\u0119ki temu sukienka dziewcz\u0119ca jest odpowiednia szczeg\u00f3lnie dla delikatnej sk\u00f3ry ma\u0142ego dziecka.<\/p>\n<h3>Sukieneczka niemowl\u0119ca doskonale sprawdzi si\u0119 na wielkie wyj\u015bcia, jak i specjalne okazje takie jak chrzciny. To doskona\u0142a sukienka dla dziewczynki na wesele lub sukienka \u015bwi\u0105teczna dla dziewczynki. Sukienka niemowl\u0119ca dost\u0119pna jest w czterech rozmiarach.<\/h3>\n<p>&nbsp;<\/p>\n<h3><span style=\"font-weight: 400;\">Sk\u0142ad:<\/span><\/h3>\n<p><span style=\"font-weight: 400;\">100% bawe\u0142na<\/span><\/p>\n","protected":false},"excerpt":{"rendered":"<h2>Bawe\u0142niana sukieneczka na chrzciny w kolorze be\u017cowym.<\/h2>\n<p>\u015aliczna sukieneczka niemowl\u0119ca z d\u0142ugim r\u0119kawem z mi\u0119kkiej, milutkiej dzianiny. S\u0142odka sukieneczka zmieni twoj\u0105 dziewczynk\u0119 w ma\u0142\u0105 ksi\u0119\u017cniczk\u0119. Sukienka zosta\u0142a uszyta z wysokiej jako\u015bci bawe\u0142ny, dzi\u0119ki czemu jest bezpieczna i przyjemna dla niemowlaka.<\/p>\n<p>G\u00f3ra sukienki zosta\u0142a wykonana z dzianiny i przyozdobiona pi\u0119knym koronkowym ko\u0142nierzykiem, kt\u00f3ry nadaje dziewcz\u0119cego i zwiewnego charakteru temu produktowi. Sukieneczka posiada d\u0142ugi r\u0119kaw zako\u0144czony nieuciskaj\u0105cym \u015bci\u0105gaczem. Natomiast d\u00f3\u0142 sukieneczki jest rozszerzany, dzi\u0119ki czemu nic nie uciska maluszka. Dodatkowo sukienka ozdobiona jest na piersi kokardk\u0105. Ka\u017cda ma\u0142\u0105 dama b\u0119dzie w niej wygl\u0105da\u0107 uroczo.<\/p>\n<p>Dok\u0142adna jako\u015b\u0107 wykonania i najwy\u017csza jako\u015b\u0107 tego produktu s\u0105 jego najwi\u0119ksz\u0105 zalet\u0105. Do uszycia tej sukienki zastosowano szczeg\u00f3lnie mi\u0119kk\u0105 i niedrapi\u0105c\u0105 prz\u0119dz\u0119. Dzi\u0119ki temu sukienka dziewcz\u0119ca jest odpowiednia szczeg\u00f3lnie dla delikatnej sk\u00f3ry ma\u0142ego dziecka.<\/p>\n<h3>Sukieneczka niemowl\u0119ca doskonale sprawdzi si\u0119 na wielkie wyj\u015bcia, jak i specjalne okazje takie jak chrzciny. To doskona\u0142a sukienka dla dziewczynki na wesele lub sukienka \u015bwi\u0105teczna dla dziewczynki. Sukienka niemowl\u0119ca dost\u0119pna jest w czterech rozmiarach.<\/h3>\n<p>&nbsp;<\/p>\n<h3><span style=\"font-weight: 400;\">Sk\u0142ad:<\/span><\/h3>\n<p><span style=\"font-weight: 400;\">100% bawe\u0142na<\/span><\/p>\n","protected":false},"featured_media":5239,"template":"","meta":[],"product_brand":[],"product_cat":[126,57],"product_tag":[118,238,152],"class_list":{"0":"post-20275","1":"product","2":"type-product","3":"status-publish","4":"has-post-thumbnail","6":"product_cat-sukienki-dla-niemowlat","7":"product_cat-ubranka-niemowlece","8":"product_tag-bawelna","9":"product_tag-ubranka-swiateczne-dla-niemowlaka","10":"product_tag-ubranka-dla-niemowlat-dziewczynek","11":"product_shipping_class-duza","12":"pa_rozmiar-312","13":"pa_rozmiar-313","14":"pa_rozmiar-314","15":"pa_rozmiar-315","17":"first","18":"instock","19":"taxable","20":"shipping-taxable","21":"purchasable","22":"product-type-variable","23":"has-default-attributes","24":"wvs-archive-product-wrapper"},"_links":{"self":[{"href":"https:\/\/mama-niemowlaka.pl\/sklep\/wp-json\/wp\/v2\/product\/20275","targetHints":{"allow":["GET"]}}],"collection":[{"href":"https:\/\/mama-niemowlaka.pl\/sklep\/wp-json\/wp\/v2\/product"}],"about":[{"href":"https:\/\/mama-niemowlaka.pl\/sklep\/wp-json\/wp\/v2\/types\/product"}],"wp:featuredmedia":[{"embeddable":true,"href":"https:\/\/mama-niemowlaka.pl\/sklep\/wp-json\/wp\/v2\/media\/5239"}],"wp:attachment":[{"href":"https:\/\/mama-niemowlaka.pl\/sklep\/wp-json\/wp\/v2\/media?parent=20275"}],"wp:term":[{"taxonomy":"product_brand","embeddable":true,"href":"https:\/\/mama-niemowlaka.pl\/sklep\/wp-json\/wp\/v2\/product_brand?post=20275"},{"taxonomy":"product_cat","embeddable":true,"href":"https:\/\/mama-niemowlaka.pl\/sklep\/wp-json\/wp\/v2\/product_cat?post=20275"},{"taxonomy":"product_tag","embeddable":true,"href":"https:\/\/mama-niemowlaka.pl\/sklep\/wp-json\/wp\/v2\/product_tag?post=20275"}],"curies":[{"name":"wp","href":"https:\/\/api.w.org\/{rel}","templated":true}]}}