{"id":7481,"date":"2024-03-14T20:26:30","date_gmt":"2024-03-14T19:26:30","guid":{"rendered":"https:\/\/mama-niemowlaka.pl\/sklep\/?post_type=product&#038;p=7481"},"modified":"2026-03-17T17:32:19","modified_gmt":"2026-03-17T16:32:19","slug":"wyprawka-dla-noworodka-chlopca-szara","status":"publish","type":"product","link":"https:\/\/mama-niemowlaka.pl\/sklep\/produkt\/ubranka-niemowlece\/komplet-niemowlecy\/wyprawka-dla-noworodka-chlopca-szara\/","title":{"rendered":"Komplet ubranek dla noworodka &#8211; szary"},"content":{"rendered":"<h2 data-pm-slice=\"1 1 []\"><strong>Gotowy komplet ubranek dla niemowlaka &#8211; <\/strong><a href=\"https:\/\/mama-niemowlaka.pl\/sklep\/produkt\/ubranka-niemowlece\/wyprawka-dla-noworodka\/wyprawka-dla-noworodka-chlopca-szara\/\" target=\"_blank\" rel=\"noopener\"><strong>wyprawka dla noworodka ch\u0142opca<\/strong><\/a><\/h2>\n<p data-pm-slice=\"1 1 []\">Zakup <a href=\"https:\/\/mama-niemowlaka.pl\/sklep\/c\/ubranka-niemowlece\/wyprawka-dla-noworodka\/\" target=\"_blank\" rel=\"noopener\"><strong>wyprawki dla noworodka<\/strong><\/a> to nie lada wyzwanie. <a href=\"https:\/\/mama-niemowlaka.pl\/sklep\/t\/ubranka-dla-noworodkow\/\" target=\"_blank\" rel=\"noopener\"><strong>Ubranka dla noworodka<\/strong><\/a> to element obowi\u0105zkowy, kt\u00f3ry powinna zawiera\u0107 torba do szpitala. Wybieraj\u0105c pierwsze ubranka dla noworodka do przygotowania wyprawki musimy zwr\u00f3ci\u0107 szczeg\u00f3ln\u0105 uwag\u0119 na jako\u015b\u0107 materia\u0142\u00f3w. Nasza wyprawka dla ch\u0142opca jest delikatna i przyjazna dla sk\u00f3ry dziecka. <a href=\"https:\/\/mama-niemowlaka.pl\/sklep\/t\/ubranka-dla-noworodkow\/\" target=\"_blank\" rel=\"noopener\"><strong>Ubranka dla noworodka<\/strong><\/a> zosta\u0142y uszyte z pr\u0105\u017ckowanej dzianiny bawe\u0142nianej, kt\u00f3ra jest bezpieczna dla sk\u00f3ry dziecka od pierwszych dni \u017cycia noworodka.<\/p>\n<p data-pm-slice=\"1 1 []\">Nasza wyprawka niemowl\u0119ca do szpitala to idealna <a href=\"https:\/\/mama-niemowlaka.pl\/sklep\/produkt\/ubranka-niemowlece\/wyprawka-dla-noworodka\/wyprawka-dla-noworodka-chlopca-szara\/\" target=\"_blank\" rel=\"noopener\"><strong>wyprawka dla noworodka ch\u0142opca<\/strong><\/a> na prezent na baby shower \u2013 <a href=\"https:\/\/mama-niemowlaka.pl\/sklep\/ubranka-niemowlece\/\" target=\"_blank\" rel=\"noopener\"><strong>ubranka dla niemowlaka<\/strong><\/a> mo\u017cesz zam\u00f3wi\u0107 w ozdobnym pude\u0142ku.<\/p>\n<h3 data-pm-slice=\"1 1 []\"><strong>Nasz zestaw to kompletna wyprawka dla noworodka. Sk\u0142ad wyprawki niemowl\u0119cej:<\/strong><\/h3>\n<ul data-pm-slice=\"3 3 []\">\n<li>Kaftanik niemowl\u0119cy<\/li>\n<li><a href=\"https:\/\/mama-niemowlaka.pl\/sklep\/c\/ubranka-niemowlece\/polspiochy\/\" target=\"_blank\" rel=\"noopener\"><strong>P\u00f3\u0142\u015bpiochy niemowl\u0119ce<\/strong><\/a><\/li>\n<li>Czapeczka dla noworodka<\/li>\n<li>Niedrapki<\/li>\n<\/ul>\n<p data-pm-slice=\"1 1 []\">Kaftanik niemowl\u0119cy ma d\u0142ugi r\u0119kaw i jest zapinany na bezniklowe napki. <a href=\"https:\/\/mama-niemowlaka.pl\/sklep\/c\/ubranka-niemowlece\/polspiochy\/\" target=\"_blank\" rel=\"noopener\"><strong>P\u00f3\u0142\u015bpiochy niemowl\u0119ce<\/strong><\/a> maj\u0105 zakryte st\u00f3pki, dzi\u0119ki czemu zapewniaj\u0105 odpowiedni komfort termiczny maluszkowi. W pasie maj\u0105 bezuciskow\u0105 gumk\u0119, dzi\u0119ki czemu s\u0105 wygodne. Komplet <a href=\"https:\/\/mama-niemowlaka.pl\/sklep\/ubranka-niemowlece\/\" target=\"_blank\" rel=\"noopener\"><strong>ubranek dla niemowlaka<\/strong><\/a> zawiera tak\u017ce czapeczk\u0119 niemowl\u0119c\u0105 i r\u0119kawiczki niedrapki.<\/p>\n<h2 data-pm-slice=\"1 1 []\"><strong>Ubranka dla noworodk\u00f3w oraz wyprawka do szpitala w sklepie <\/strong><a href=\"https:\/\/mama-niemowlaka.pl\"><strong>mama-niemowlaka.pl<\/strong><\/a><\/h2>\n<p data-pm-slice=\"1 1 []\">Odwied\u017a nasz sklep internetowy <a href=\"https:\/\/mama-niemowlaka.pl\"><strong>mama-niemowlaka.pl<\/strong><\/a>, gdzie znajdziesz szeroki wyb\u00f3r najwy\u017cszej jako\u015bci <a href=\"https:\/\/mama-niemowlaka.pl\/sklep\/ubranka-niemowlece\/\" target=\"_blank\" rel=\"noopener\"><strong>ubranek dla niemowlaka<\/strong><\/a>. Gwarantujemy wysy\u0142k\u0119 zam\u00f3wienia w ci\u0105gu 48 godzin oraz darmow\u0105 wymian\u0119 towaru lub mo\u017cliwo\u015b\u0107 zwrotu w ci\u0105gu 14 dni. Co wi\u0119cej, je\u015bli zam\u00f3wisz za minimum 249 PLN, dostawa b\u0119dzie ca\u0142kowicie darmowa. Skompletowanie pierwszej wyprawki dla noworodka to wyzwanie. Z nami zakup <a href=\"https:\/\/mama-niemowlaka.pl\/sklep\/c\/ubranka-niemowlece\/wyprawka-dla-noworodka\/\" target=\"_blank\" rel=\"noopener\"><strong>wyprawki niemowl\u0119cej<\/strong><\/a> b\u0119dzie niezwykle komfortowy. Przygotowuj\u0105c <a href=\"https:\/\/mama-niemowlaka.pl\/sklep\/sklep\/\" target=\"_blank\" rel=\"noopener\"><strong>wyprawk\u0119 do szpitala dla mamy i dziecka<\/strong><\/a>, warto zwr\u00f3ci\u0107 uwag\u0119 na jako\u015b\u0107 materia\u0142\u00f3w. zestawy ubranek dla noworodka jak i <a href=\"https:\/\/mama-niemowlaka.pl\/sklep\/c\/dlamamy\/koszule-do-karmienia\/\" target=\"_blank\" rel=\"noopener\"><strong>koszule do karmienia<\/strong><\/a> w naszym sklepie s\u0105 wykonane z najwy\u017cszej jako\u015bci materia\u0142\u00f3w, g\u0142\u00f3wnie bawe\u0142ny.<\/p>\n<p data-pm-slice=\"1 1 []\">Sprawd\u017a nasz pozosta\u0142e propozycje <a href=\"https:\/\/mama-niemowlaka.pl\/sklep\/t\/ubranka-dla-noworodkow\/\" target=\"_blank\" rel=\"noopener\"><strong>ubranek dla noworodka<\/strong><\/a> ch\u0142opca w kategorii <a href=\"https:\/\/mama-niemowlaka.pl\/sklep\/c\/ubranka-niemowlece\/wyprawka-dla-noworodka\/\" target=\"_blank\" rel=\"noopener\"><strong>wyprawka dla noworodka<\/strong><\/a>. Skorzystaj teraz z naszych us\u0142ug i sprawd\u017a nasz\u0105 ofert\u0119 <a href=\"https:\/\/mama-niemowlaka.pl\/sklep\/tag-produktu\/dla-chlopca\/\" target=\"_blank\" rel=\"noopener\"><strong>ubranek dla ch\u0142opc\u00f3w<\/strong><\/a> potrzebnych noworodkowi oraz akcesoria do piel\u0119gnacji niemowl\u0105t ju\u017c dzi\u015b! Wybierz wygodne dzieci\u0119ce ubrania.<\/p>\n","protected":false},"excerpt":{"rendered":"<p data-pm-slice=\"1 1 []\"><a href=\"https:\/\/mama-niemowlaka.pl\/sklep\/produkt\/ubranka-niemowlece\/wyprawka-dla-noworodka\/wyprawka-dla-noworodka-chlopca-szara\/\" target=\"_blank\" rel=\"noopener\"><strong>Wyprawka dla noworodka ch\u0142opca<\/strong><\/a> z bawe\u0142ny pr\u0105\u017ckowanej w szarym kolorze. Ubranka w wyprawce dla ch\u0142opca : kaftanik niemowl\u0119cy, p\u00f3\u0142\u015bpiochy, czapeczka i niedrapki. Zestaw idealny jako wyprawka niemowl\u0119ca do szpitala dla ch\u0142opca.<\/p>\n<p>Zestaw ubranek dla noworodka dost\u0119pny jest w dw\u00f3ch rozmiarach: 62 i 68.<\/p>\n<p>Sk\u0142ad: 100% bawe\u0142na<\/p>\n","protected":false},"featured_media":7479,"template":"","meta":[],"product_brand":[],"product_cat":[122,57,91],"product_tag":[118,145,164,153,352,162,165],"class_list":{"0":"post-7481","1":"product","2":"type-product","3":"status-publish","4":"has-post-thumbnail","6":"product_cat-komplet-niemowlecy","7":"product_cat-ubranka-niemowlece","8":"product_cat-wyprawka-dla-noworodka","9":"product_tag-bawelna","10":"product_tag-ubranka-dla-niemowlat-chlopca","11":"product_tag-kaftaniki-niemowlece","12":"product_tag-komplet","13":"product_tag-komplety-niemowlece-dla-chlopca","14":"product_tag-lato","15":"product_tag-polspiochy","16":"product_shipping_class-lekka","17":"pa_rozmiar-312","18":"pa_rozmiar-313","20":"first","21":"outofstock","22":"taxable","23":"shipping-taxable","24":"product-type-variable","25":"has-default-attributes","26":"wvs-archive-product-wrapper"},"_links":{"self":[{"href":"https:\/\/mama-niemowlaka.pl\/sklep\/wp-json\/wp\/v2\/product\/7481","targetHints":{"allow":["GET"]}}],"collection":[{"href":"https:\/\/mama-niemowlaka.pl\/sklep\/wp-json\/wp\/v2\/product"}],"about":[{"href":"https:\/\/mama-niemowlaka.pl\/sklep\/wp-json\/wp\/v2\/types\/product"}],"wp:featuredmedia":[{"embeddable":true,"href":"https:\/\/mama-niemowlaka.pl\/sklep\/wp-json\/wp\/v2\/media\/7479"}],"wp:attachment":[{"href":"https:\/\/mama-niemowlaka.pl\/sklep\/wp-json\/wp\/v2\/media?parent=7481"}],"wp:term":[{"taxonomy":"product_brand","embeddable":true,"href":"https:\/\/mama-niemowlaka.pl\/sklep\/wp-json\/wp\/v2\/product_brand?post=7481"},{"taxonomy":"product_cat","embeddable":true,"href":"https:\/\/mama-niemowlaka.pl\/sklep\/wp-json\/wp\/v2\/product_cat?post=7481"},{"taxonomy":"product_tag","embeddable":true,"href":"https:\/\/mama-niemowlaka.pl\/sklep\/wp-json\/wp\/v2\/product_tag?post=7481"}],"curies":[{"name":"wp","href":"https:\/\/api.w.org\/{rel}","templated":true}]}}