{"id":8686,"date":"2023-08-10T23:47:47","date_gmt":"2023-08-10T21:47:47","guid":{"rendered":"https:\/\/mama-niemowlaka.pl\/sklep\/?post_type=product&#038;p=8686"},"modified":"2024-05-05T15:07:53","modified_gmt":"2024-05-05T13:07:53","slug":"pajacyk-niemowlecy-dla-dziewczynki-serduszka-rozowy","status":"publish","type":"product","link":"https:\/\/mama-niemowlaka.pl\/sklep\/produkt\/ubranka-niemowlece\/pajacyki-dla-niemowlat\/pajacyk-niemowlecy-dla-dziewczynki-serduszka-rozowy\/","title":{"rendered":"Pajacyk dla dziewczynki Serduszka r\u00f3\u017cowy"},"content":{"rendered":"<h2 data-pm-slice=\"1 1 []\">Pajace niemowl\u0119ce idealne dla dziewczynek<\/h2>\n<p>Bawe\u0142niany pajacyk niemowl\u0119cy dla dziewczynki w komplecie z opask\u0105! Nasz pajacyk dla dziewczynki jest wykonany z mi\u0119kkiej bawe\u0142ny pr\u0105\u017ckowej, zapewniaj\u0105c maksymalny komfort dla Twojego dziecka. W kolorze r\u00f3\u017cowym z uroczymi malutkimi czarnymi serduszkami, ten wygodny pajac niemowl\u0119cy b\u0119dzie doskona\u0142ym dodatkiem do garderoby Twojej ma\u0142ej ksi\u0119\u017cniczki.<\/p>\n<p>Idealny na spacery lub do zabawy w domu, mi\u0119kki i delikatny bawe\u0142niany materia\u0142 pozwala Twojemu maluchowi na nieograniczony ruch. Pajacyk dla niemowlaka bardzo cz\u0119sto u\u017cywany jest jako pi\u017camka dla niemowlaka.<\/p>\n<p>Nasz zestaw zawiera r\u00f3wnie\u017c opask\u0119 na g\u0142ow\u0119 wykonan\u0105 z tego samego materia\u0142u. Dzi\u0119ki temu Twoje dziecko b\u0119dzie wygl\u0105da\u0107 jeszcze uroczej i stylowo. Pajacyk jest zapinany na cztery guziki, co u\u0142atwia zak\u0142adanie i zdejmowanie go.<\/p>\n<p>Pajacyk dla dziewczynki Serduszka dost\u0119pny jest w rozmiarach od 68 do 86, dzi\u0119ki czemu idealnie dopasuje si\u0119 do rozwoju Twojego dziecka.<\/p>\n<h2>Pajacyki dla dziewczynki w sklepie mama-niemowlaka.pl<\/h2>\n<p>Sklep <a href=\"https:\/\/mama-niemowlaka.pl\/sklep\/sklep\/\" target=\"_blank\" rel=\"noopener\">mama-niemowlaka.pl<\/a> gwarantuje wysy\u0142k\u0119 produkt\u00f3w w ci\u0105gu 24 godzin oraz bezp\u0142atn\u0105 wymian\u0119 towaru. Masz a\u017c 14 dni na zwrot, je\u015bli nie jeste\u015b w pe\u0142ni usatysfakcjonowany naszym produktem.<\/p>\n<p>Wybierz wyj\u0105tkowe ubranka oraz wysok\u0105 jako\u015b\u0107 dla swojego dziecka i zam\u00f3w bawe\u0142niany pajacyk dla dziewczynki ju\u017c dzi\u015b!<\/p>\n","protected":false},"excerpt":{"rendered":"<p>Bawe\u0142niany pajacyk niemowl\u0119cy dla dziewczynki w komplecie z opask\u0105. Pajacyk dla dziewczynki w kolorze r\u00f3\u017cowy z wzorem w ma\u0142e czarne serduszka. Wykonany z bawe\u0142ny pr\u0105\u017cek ozdobiony jest falbankami na ramionach. Nasz dziewcz\u0119cy pajacyk ma wygodny fason oraz jest delikatny i przyjemny w dotyku. Zapinany na cztery guziki, jest \u0142atwy do za\u0142o\u017cenia i zdejmowania. W zestawie znajduje si\u0119 r\u00f3wnie\u017c przepi\u0119kna opaska na g\u0142ow\u0119 wykonana z tego samego materia\u0142u. Pajace dla niemowl\u0105t dziewczynek s\u0105 dost\u0119pne w rozmiarach od 68 do 86, aby idealnie dopasowa\u0107 si\u0119 do rosn\u0105cego niemowl\u0119cia i zapewni\u0107 dziecku komfort.<\/p>\n<p>sk\u0142ad: 100% bawe\u0142na<\/p>\n","protected":false},"featured_media":10443,"template":"","meta":[],"product_brand":[],"product_cat":[59,57],"product_tag":[118,214,152,277,279,270,272,273,275,276,274,182,235],"class_list":{"0":"post-8686","1":"product","2":"type-product","3":"status-publish","4":"has-post-thumbnail","6":"product_cat-pajacyki-dla-niemowlat","7":"product_cat-ubranka-niemowlece","8":"product_tag-bawelna","9":"product_tag-bestseller","10":"product_tag-ubranka-dla-niemowlat-dziewczynek","11":"product_tag-pajacyk-80","12":"product_tag-pajacyk-86","13":"product_tag-pajacyk-do-spania","14":"product_tag-pajacyk-niemowlecy-62","15":"product_tag-pajacyki-68","16":"product_tag-pajacyki-74","17":"product_tag-pajacyki-bez-stopek","18":"product_tag-pajacyki-dla-dziewczynek","19":"product_tag-prazek","20":"product_tag-rampersy","21":"product_shipping_class-lekka","22":"pa_rozmiar-312","23":"pa_rozmiar-313","24":"pa_rozmiar-314","25":"pa_rozmiar-315","26":"pa_rozmiar-316","28":"first","29":"outofstock","30":"taxable","31":"shipping-taxable","32":"product-type-variable","33":"has-default-attributes","34":"wvs-archive-product-wrapper"},"_links":{"self":[{"href":"https:\/\/mama-niemowlaka.pl\/sklep\/wp-json\/wp\/v2\/product\/8686","targetHints":{"allow":["GET"]}}],"collection":[{"href":"https:\/\/mama-niemowlaka.pl\/sklep\/wp-json\/wp\/v2\/product"}],"about":[{"href":"https:\/\/mama-niemowlaka.pl\/sklep\/wp-json\/wp\/v2\/types\/product"}],"wp:featuredmedia":[{"embeddable":true,"href":"https:\/\/mama-niemowlaka.pl\/sklep\/wp-json\/wp\/v2\/media\/10443"}],"wp:attachment":[{"href":"https:\/\/mama-niemowlaka.pl\/sklep\/wp-json\/wp\/v2\/media?parent=8686"}],"wp:term":[{"taxonomy":"product_brand","embeddable":true,"href":"https:\/\/mama-niemowlaka.pl\/sklep\/wp-json\/wp\/v2\/product_brand?post=8686"},{"taxonomy":"product_cat","embeddable":true,"href":"https:\/\/mama-niemowlaka.pl\/sklep\/wp-json\/wp\/v2\/product_cat?post=8686"},{"taxonomy":"product_tag","embeddable":true,"href":"https:\/\/mama-niemowlaka.pl\/sklep\/wp-json\/wp\/v2\/product_tag?post=8686"}],"curies":[{"name":"wp","href":"https:\/\/api.w.org\/{rel}","templated":true}]}}