{"id":8984,"date":"2023-08-08T13:48:12","date_gmt":"2023-08-08T11:48:12","guid":{"rendered":"https:\/\/mama-niemowlaka.pl\/sklep\/?post_type=product&#038;p=8984"},"modified":"2025-08-14T12:27:58","modified_gmt":"2025-08-14T10:27:58","slug":"pizama-do-karmienia-krotki-rekaw-szara","status":"publish","type":"product","link":"https:\/\/mama-niemowlaka.pl\/sklep\/produkt\/dlamamy\/pizama-do-karmienia\/pizama-do-karmienia-krotki-rekaw-szara\/","title":{"rendered":"Pi\u017cama do karmienia kr\u00f3tki r\u0119kaw szara"},"content":{"rendered":"<h2 data-pm-slice=\"1 1 []\"><strong>Komfortowa pi\u017cama do karmienia z kr\u00f3tkim r\u0119kawem szara<\/strong><\/h2>\n<p data-pm-slice=\"1 1 []\">Nasza <a href=\"https:\/\/mama-niemowlaka.pl\/sklep\/produkt\/dlamamy\/pizama-do-karmienia\/pizama-do-karmienia-krotki-rekaw-szara\/\" target=\"_blank\" rel=\"noopener\"><strong>pi\u017cama do karmienia kr\u00f3tki r\u0119kaw<\/strong><\/a> to doskona\u0142a alternatywa dla <a href=\"https:\/\/mama-niemowlaka.pl\/sklep\/c\/dlamamy\/koszule-do-karmienia\/\" target=\"_blank\" rel=\"noopener\"><strong>koszul do karmienia<\/strong><\/a>. Nie ka\u017cda mama czuje si\u0119 komfortowo w koszuli do karmienia, dlatego nasza pi\u017cama jest idealnym rozwi\u0105zaniem. Sk\u0142ada si\u0119 ona z spodni z d\u0142ugimi nogawkami oraz bluzki z kr\u00f3tkim r\u0119kawem umo\u017cliwiaj\u0105cej dyskretne karmienie piersi\u0105. Spodnie posiadaj\u0105 specjaln\u0105 wk\u0142adk\u0119 i regulowany pas, dzi\u0119ki czemu dopasowuj\u0105 si\u0119 do rosn\u0105cego brzuszka w czasie ci\u0105\u017cy. Bluzka z kr\u00f3tkim r\u0119kawem umo\u017cliwia wygodne karmienie maluszka dzi\u0119ki guzikom po obu stronach piersi. Nasza pi\u017cama do karmienia piersi\u0105 b\u0119dzie s\u0142u\u017cy\u0107 Ci zar\u00f3wno podczas ci\u0105\u017cy, jak i podczas nocnych karmie\u0144.<\/p>\n<p data-pm-slice=\"1 1 []\"><a href=\"https:\/\/mama-niemowlaka.pl\/sklep\/produkt\/dlamamy\/pizama-do-karmienia\/pizama-do-karmienia-krotki-rekaw-szara\/\" target=\"_blank\" rel=\"noopener\"><strong>Pi\u017cama do karmienia kr\u00f3tki r\u0119kaw<\/strong><\/a> to wygodne rozwi\u0105zanie dla mamy karmi\u0105cej zar\u00f3wno na lato jak i ch\u0142odniejsze dni. Zadbaj o sw\u00f3j komfort i wybierz wygodn\u0105 pi\u017cam\u0119 do karmienia dost\u0119pn\u0105 w naszym sklepie.<\/p>\n<h2 data-pm-slice=\"1 1 []\">Urocza pi\u017cama ci\u0105\u017cowa czy wygodna koszula ci\u0105\u017cowa umo\u017cliwiaj\u0105ca wygodne karmienie?<\/h2>\n<p data-pm-slice=\"1 1 []\"><a href=\"https:\/\/mama-niemowlaka.pl\/sklep\/c\/dlamamy\/koszule-do-karmienia\/\" target=\"_blank\" rel=\"noopener\"><strong>Koszula nocna do karmienia<\/strong><\/a> nie zawsze jest dla nas wygodna. Warto wtedy wybra\u0107 alternatyw\u0119 jak\u0105 jest <a href=\"https:\/\/mama-niemowlaka.pl\/sklep\/c\/dlamamy\/pizamy-do-karmienia\/\" target=\"_blank\" rel=\"noopener\"><strong>pi\u017cama do karmienia<\/strong><\/a>. Dzi\u0119ki temu zapewniamy komfort i wygod\u0119 przysz\u0142ych mam oraz zapewniamy dyskrecj\u0119 od pierwszych dni karmienia piersi\u0105.<\/p>\n<p data-pm-slice=\"1 1 []\">Kupuj\u0105c <a href=\"https:\/\/mama-niemowlaka.pl\/sklep\/c\/dlamamy\/pizamy-do-karmienia\/\" target=\"_blank\" rel=\"noopener\"><strong>pi\u017cam\u0119 do karmienia<\/strong><\/a> lub <a href=\"https:\/\/mama-niemowlaka.pl\/sklep\/c\/dlamamy\/koszule-do-karmienia\/\" target=\"_blank\" rel=\"noopener\"><strong>koszul\u0119 nocn\u0105 do karmienia<\/strong><\/a> pami\u0119taj o wygodnym <a href=\"https:\/\/mama-niemowlaka.pl\/sklep\/t\/biustonosz-do-karmienia\/\" target=\"_blank\" rel=\"noopener\"><strong>biustonoszu do karmienia<\/strong><\/a> oraz <a href=\"https:\/\/mama-niemowlaka.pl\/sklep\/t\/majtki-poporodowe\/\" target=\"_blank\" rel=\"noopener\"><strong>majtkach poporodowych<\/strong><\/a>. Wybierz <a href=\"https:\/\/mama-niemowlaka.pl\/sklep\/c\/dlamamy\/pizamy-do-karmienia\/\" target=\"_blank\" rel=\"noopener\"><strong>pi\u017cam\u0119 do karmienia piersi\u0105<\/strong><\/a> oraz <a href=\"https:\/\/mama-niemowlaka.pl\/sklep\/c\/dlamamy\/bielizna-poporodowa\/\" target=\"_blank\" rel=\"noopener\"><strong>bielizn\u0119 ci\u0105\u017cow\u0105<\/strong><\/a> w sklepie <a href=\"https:\/\/mama-niemowlaka.pl\/sklep\/\" rel=\" \"><strong>mama-niemowlaka.pl<\/strong><\/a><\/p>\n<h2><strong>Bielizna do karmienia w sklepie <a href=\"https:\/\/mama-niemowlaka.pl\/sklep\/\" rel=\" \">mama-niemowlaka.pl<\/a><\/strong><\/h2>\n<p data-pm-slice=\"1 1 []\">Ta <a href=\"https:\/\/mama-niemowlaka.pl\/sklep\/c\/dlamamy\/pizamy-do-karmienia\/\" target=\"_blank\" rel=\"noopener\"><strong>pi\u017cama ci\u0105\u017cowa<\/strong><\/a> pos\u0142u\u017cy Ci zar\u00f3wno w okresie ci\u0105\u017cy jak i w okresie karmienia piersi\u0105. Bielizna dla mam karmi\u0105cych to nie tylko <a href=\"https:\/\/mama-niemowlaka.pl\/sklep\/c\/dlamamy\/pizamy-do-karmienia\/\" target=\"_blank\" rel=\"noopener\"><strong>pi\u017camy do karmienia<\/strong><\/a> czy <a href=\"https:\/\/mama-niemowlaka.pl\/sklep\/t\/eleganckie-koszule-ciazowe\/\" target=\"_blank\" rel=\"noopener\"><strong>eleganckie koszule ci\u0105\u017cowe<\/strong><\/a>. To tak\u017ce <a href=\"https:\/\/mama-niemowlaka.pl\/sklep\/t\/biustonosz-do-karmienia\/\" target=\"_blank\" rel=\"noopener\"><strong>biustonosze ci\u0105\u017cowe<\/strong><\/a> czy <a href=\"https:\/\/mama-niemowlaka.pl\/sklep\/t\/majtki-poporodowe\/\" target=\"_blank\" rel=\"noopener\"><strong>majtki poporodowe<\/strong><\/a>. Sprawd\u017a ofert\u0119 naszego sklepu <a href=\"https:\/\/mama-niemowlaka.pl\/sklep\/\" target=\"_blank\" rel=\"noopener\"><strong>www.mama-niemowlaka.pl<\/strong><\/a> i kup wysokiej jako\u015bci koszule do karmienia, wygodne <a href=\"https:\/\/mama-niemowlaka.pl\/sklep\/t\/majtki-poporodowe\/\" target=\"_blank\" rel=\"noopener\"><strong>majtki ci\u0105\u017cowe<\/strong><\/a> oraz odpowiedni biustonosz ci\u0105\u017cowy. Ofert\u0119 <a href=\"https:\/\/mama-niemowlaka.pl\/sklep\/c\/dlamamy\/bielizna-poporodowa\/\" target=\"_blank\" rel=\"noopener\"><strong>bielizny ci\u0105\u017cowej<\/strong><\/a> w naszym sklepie znajdziesz <a href=\"https:\/\/mama-niemowlaka.pl\/sklep\/c\/dlamamy\/bielizna-poporodowa\/\" target=\"_blank\" rel=\"noopener\"><strong>tutaj<\/strong><\/a>. Sprawd\u017a r\u00f3wnie\u017c nasz\u0105 propozycj\u0119 wyprawki do szpitala dla mamy &#8211; <a href=\"https:\/\/mama-niemowlaka.pl\/sklep\/t\/dla-mamy\/\" target=\"_blank\" rel=\"noopener\"><strong>torba do szpitala dla mamy<\/strong><\/a>. A pozosta\u0142e bawe\u0142niane wygodne pi\u017camy ci\u0105\u017cowe znajdziesz w kategorii <a href=\"https:\/\/mama-niemowlaka.pl\/sklep\/c\/dlamamy\/pizamy-do-karmienia\/\" target=\"_blank\" rel=\"noopener\"><strong>pi\u017cama do karmienia<\/strong><\/a>.<\/p>\n<h3>Kup ju\u017c dzi\u015b t\u0105 wygodn\u0105 pi\u017cam\u0119 ci\u0105\u017cow\u0105 i zapewnij sobie komfort podczas ci\u0105\u017cy i podczas karmienia maluszka. Pi\u017cama ci\u0105\u017cowa zast\u0119puje doskonale koszul\u0119 nocn\u0105 ci\u0105\u017cow\u0105 i do karmienia umo\u017cliwiaj\u0105c bezproblemowe karmienie dziecka.<\/h3>\n","protected":false},"excerpt":{"rendered":"<p data-pm-slice=\"1 1 []\"><a href=\"https:\/\/mama-niemowlaka.pl\/sklep\/produkt\/dlamamy\/pizama-do-karmienia\/pizama-do-karmienia-krotki-rekaw-szara\/\" target=\"_blank\" rel=\"noopener\"><strong>Pi\u017cama do karmienia kr\u00f3tki r\u0119kaw<\/strong><\/a> szara to wygodny i elegancki wyb\u00f3r dla przysz\u0142ych mam oraz mam karmi\u0105cych piersi\u0105. Ten dwucz\u0119\u015bciowy komplet s\u0142u\u017cy zar\u00f3wno jako <a href=\"https:\/\/mama-niemowlaka.pl\/sklep\/c\/dlamamy\/pizamy-do-karmienia\/\" target=\"_blank\" rel=\"noopener\"><strong>pi\u017cama ci\u0105\u017cowa<\/strong><\/a>, jak i wygodna pi\u017cama do karmienia. Wygodne spodnie ci\u0105\u017cowe s\u0105 wykonane w 100% z bawe\u0142ny i maj\u0105 specjaln\u0105 wk\u0142adk\u0119 oraz regulowany pas, kt\u00f3ry dopasowuje si\u0119 do rosn\u0105cego brzuszka w czasie ci\u0105\u017cy. G\u00f3r\u0119 pi\u017camy stanowi koszulka z kr\u00f3tkimi r\u0119kawami, zapinana na guziki po obu stronach klatki piersiowej, u\u0142atwiaj\u0105ce wygodne karmienie dziecka.<\/p>\n<p><a href=\"https:\/\/mama-niemowlaka.pl\/sklep\/produkt\/dlamamy\/pizama-do-karmienia\/pizama-do-karmienia-krotki-rekaw-szara\/\" target=\"_blank\" rel=\"noopener\"><strong>Pi\u017cama do karmienia z kr\u00f3tkim r\u0119kawem<\/strong><\/a> jest dost\u0119pna w czterech rozmiarach, dzi\u0119ki czemu idealnie dopasuje si\u0119 do ka\u017cdej mamy.<\/p>\n<p>Sk\u0142ad: 100% bawe\u0142na<\/p>\n","protected":false},"featured_media":9020,"template":"","meta":[],"product_brand":[],"product_cat":[192,64],"product_tag":[118,608,119,193],"class_list":{"0":"post-8984","1":"product","2":"type-product","3":"status-publish","4":"has-post-thumbnail","6":"product_cat-pizama-do-karmienia","7":"product_cat-dlamamy","8":"product_tag-bawelna","9":"product_tag-bestsellery-dla-mamy","10":"product_tag-dla-mamy","11":"product_tag-pizama-do-karmienia","12":"product_shipping_class-lekka","13":"pa_rozmiar-l","14":"pa_rozmiar-m","15":"pa_rozmiar-s","16":"pa_rozmiar-xl","18":"first","19":"instock","20":"taxable","21":"shipping-taxable","22":"purchasable","23":"product-type-variable","24":"has-default-attributes","25":"wvs-archive-product-wrapper"},"_links":{"self":[{"href":"https:\/\/mama-niemowlaka.pl\/sklep\/wp-json\/wp\/v2\/product\/8984","targetHints":{"allow":["GET"]}}],"collection":[{"href":"https:\/\/mama-niemowlaka.pl\/sklep\/wp-json\/wp\/v2\/product"}],"about":[{"href":"https:\/\/mama-niemowlaka.pl\/sklep\/wp-json\/wp\/v2\/types\/product"}],"wp:featuredmedia":[{"embeddable":true,"href":"https:\/\/mama-niemowlaka.pl\/sklep\/wp-json\/wp\/v2\/media\/9020"}],"wp:attachment":[{"href":"https:\/\/mama-niemowlaka.pl\/sklep\/wp-json\/wp\/v2\/media?parent=8984"}],"wp:term":[{"taxonomy":"product_brand","embeddable":true,"href":"https:\/\/mama-niemowlaka.pl\/sklep\/wp-json\/wp\/v2\/product_brand?post=8984"},{"taxonomy":"product_cat","embeddable":true,"href":"https:\/\/mama-niemowlaka.pl\/sklep\/wp-json\/wp\/v2\/product_cat?post=8984"},{"taxonomy":"product_tag","embeddable":true,"href":"https:\/\/mama-niemowlaka.pl\/sklep\/wp-json\/wp\/v2\/product_tag?post=8984"}],"curies":[{"name":"wp","href":"https:\/\/api.w.org\/{rel}","templated":true}]}}