{"id":9425,"date":"2023-10-11T21:21:20","date_gmt":"2023-10-11T19:21:20","guid":{"rendered":"https:\/\/mama-niemowlaka.pl\/sklep\/?post_type=product&#038;p=9425"},"modified":"2025-07-25T11:43:00","modified_gmt":"2025-07-25T09:43:00","slug":"cieply-kombinezon-dla-niemowlaka-niebieski-1","status":"publish","type":"product","link":"https:\/\/mama-niemowlaka.pl\/sklep\/produkt\/ubranka-niemowlece\/kombinezony-dla-niemowlat\/cieply-kombinezon-dla-niemowlaka-niebieski-1\/","title":{"rendered":"Kombinezon zimowy dla niemowl\u0105t &#8211; niebieski"},"content":{"rendered":"<h2 data-pm-slice=\"1 1 []\">Kombinezony ocieplane dla niemowl\u0105t &#8211; kombinezon zimowy dla niemowlaka<\/h2>\n<p>Niebieski, ciep\u0142y kombinezon dla niemowlaka jest idealnym wyborem na jesie\u0144, zim\u0119 i wiosn\u0119. Ocieplane kombinezony idealne sprawdzaj\u0105 si\u0119 w zimne dni.<\/p>\n<p>Kombinezon dzieci\u0119cy zapinany jest na dwa suwaki, dzi\u0119ki temu spokojnie i bez niepotrzebnego przeciskania ubierzesz swojego malucha. Zamek ko\u0144czy si\u0119 pod szyjk\u0105 klapk\u0105 zabezpieczaj\u0105c\u0105 maluszka przed bezpo\u015brednim kontaktem. Warstwa wewn\u0119trzna kombinezonu niemowl\u0119cego wykonana jest z bardzo wysokiej jako\u015bci mi\u0119ciutkiego i przyjemnego w dotyku pluszu. Warstwa zewn\u0119trzna chroni od wody i wiatru. Pomi\u0119dzy warstw\u0105 wewn\u0119trzn\u0105 i zewn\u0119trzn\u0105 tego ciep\u0142ego kombinezony dla niemowlaka znajduje si\u0119 dodatkowe ciep\u0142e wype\u0142nienie. Niezwykle mi\u0119kki i wygodny w zak\u0142adaniu kombinezon zimowy dla dzieci jest bardzo wygodny do fotelik\u00f3w samochodowych.<\/p>\n<p>Nasz ciep\u0142y kombinezon dla niemowlaka to doskona\u0142y pomys\u0142 na prezent. Kombinezon wyst\u0119puje w rozmiarze 62 dzi\u0119ki czemu to doskona\u0142y kombinezon zimowy dla noworodka.<\/p>\n<p>Ten ciep\u0142y kombinezon dla niemowlaka to idealny kombinezon niemowl\u0119cy dla Twojego ch\u0142opca!<\/p>\n<h2>Gdzie kupi\u0107 kombinezony dla niemowl\u0105t?<\/h2>\n<h2>Kombinezony dla niemowlaka w sklepie <a href=\"https:\/\/mama-niemowlaka.pl\">mama-niemowlaka.pl<\/a><\/h2>\n<p>Je\u015bli szukasz ubranek dla swojego niemowlaka, to <a href=\"https:\/\/mama-niemowlaka.pl\">mama-niemowlaka.pl<\/a> jest idealnym miejscem dla Ciebie. Oferujemy szeroki wyb\u00f3r ubranek dla niemowl\u0105t. Nasze produkty s\u0105 starannie wyselekcjonowane, aby zapewni\u0107 maksymalny komfort i bezpiecze\u0144stwo Twojemu dziecku. W naszym sklepie mo\u017cesz znale\u017a\u0107 urocze kombinezony dzieci\u0119ce zar\u00f3wno ciep\u0142y kombinezon dla noworodka jak i kombinezony przej\u015bciowe czy kombinezony na mro\u017ane spacery.<\/p>\n<p>Dodatkowo, oferujemy szybk\u0105 dostaw\u0119 (w ci\u0105gu 48 godzin), darmow\u0105 wymian\u0119 oraz mo\u017cliwo\u015b\u0107 zwrotu w ci\u0105gu 14 dni. A je\u015bli Tw\u00f3j zakup przekroczy 249 PLN, masz darmow\u0105 dostaw\u0119!<\/p>\n<p>Nie tra\u0107 ju\u017c wi\u0119cej czasu na przeszukiwanie innych sklep\u00f3w \u2013 <a href=\"https:\/\/mama-niemowlaka.pl\">mama-niemowlaka.pl<\/a> ma wszystko, czego potrzebujesz! Wybierz <a href=\"https:\/\/mama-niemowlaka.pl\">mama-niemowlaka.pl<\/a> i sprawd\u017a kombinezon niemowl\u0119cy ju\u017c dzi\u015b!<\/p>\n","protected":false},"excerpt":{"rendered":"<p data-pm-slice=\"1 1 []\">Ciep\u0142y kombinezon dla niemowlaka w kolorze niebieskim to idealne rozwi\u0105zanie na ch\u0142odniejsze dni. Kombinezon ocieplany niemowl\u0119cy posiada zar\u00f3wno kaptur jak i st\u00f3pki dzi\u0119ki czemu nie musimy martwi\u0107 si\u0119 o dodatkowe obuwie.<\/p>\n<p data-pm-slice=\"1 1 []\">Ubranko to wygodny kombinezon poniewa\u017c jest zapinany na dwa suwaki, kt\u00f3re ci\u0105gn\u0105 si\u0119 od szyjki a\u017c po same st\u00f3pki dzi\u0119ki temu mo\u017cemy bez stresowo ubra\u0107 dziecko. Kombinezon zimowy dla niemowl\u0105t wykonany jest z niebieskiego, pikowanego materia\u0142u i podszyty jest bia\u0142ym misiem. Kombinezon niemowl\u0119cy zimowy dla ch\u0142opca pikowany z nieprzepuszczalnej tkaniny kurtkowej posiada ciep\u0142e wype\u0142nienie. Niebieski kombinezon ocieplany niemowl\u0119cy doskonale sprawdzi si\u0119 na jesie\u0144 i wiosn\u0119 a tak\u017ce lekk\u0105 zim\u0119 i zapewni dziecku komfort. Ten idealny kombinezon zimowy dla niemowlaka doskonale chroni dziecko przed deszczem czy \u015bniegiem.<\/p>\n<p>Ciep\u0142y kombinezon dla niemowlaka w kolorze niebieskim dost\u0119pny jest w rozmiarze 62,68 i 74. Ten kombinezon zimowy dla niemowlaka wyst\u0119puje r\u00f3wnie\u017c w wersji dla dziewczynki, w kolorze r\u00f3\u017cowym i dost\u0119pny jest <a href=\"https:\/\/mama-niemowlaka.pl\/sklep\/produkt\/ubranka\/kombinezony\/kombinezon-niemowlecy-zimowy-dla-dziewczynki-rozowy\/\" rel=\" \"><strong>tutaj<\/strong><\/a>.<\/p>\n<p>Sk\u0142ad: 100% poliester<\/p>\n","protected":false},"featured_media":11382,"template":"","meta":[],"product_brand":[],"product_cat":[78,217,57],"product_tag":[145,211,339,229,232],"class_list":{"0":"post-9425","1":"product","2":"type-product","3":"status-publish","4":"has-post-thumbnail","6":"product_cat-kombinezony-dla-niemowlat","7":"product_cat-okrycia-wierzchnie","8":"product_cat-ubranka-niemowlece","9":"product_tag-ubranka-dla-niemowlat-chlopca","10":"product_tag-kombinezon","11":"product_tag-kombinezon-dla-noworodka","12":"product_tag-kombinezon-niemowlecy-zimowy","13":"product_tag-kombinezon-zimowy-dla-chlopca","14":"product_shipping_class-duza","15":"pa_rozmiar-312","16":"pa_rozmiar-313","17":"pa_rozmiar-314","19":"first","20":"instock","21":"taxable","22":"shipping-taxable","23":"purchasable","24":"product-type-variable","25":"has-default-attributes","26":"wvs-archive-product-wrapper"},"_links":{"self":[{"href":"https:\/\/mama-niemowlaka.pl\/sklep\/wp-json\/wp\/v2\/product\/9425","targetHints":{"allow":["GET"]}}],"collection":[{"href":"https:\/\/mama-niemowlaka.pl\/sklep\/wp-json\/wp\/v2\/product"}],"about":[{"href":"https:\/\/mama-niemowlaka.pl\/sklep\/wp-json\/wp\/v2\/types\/product"}],"wp:featuredmedia":[{"embeddable":true,"href":"https:\/\/mama-niemowlaka.pl\/sklep\/wp-json\/wp\/v2\/media\/11382"}],"wp:attachment":[{"href":"https:\/\/mama-niemowlaka.pl\/sklep\/wp-json\/wp\/v2\/media?parent=9425"}],"wp:term":[{"taxonomy":"product_brand","embeddable":true,"href":"https:\/\/mama-niemowlaka.pl\/sklep\/wp-json\/wp\/v2\/product_brand?post=9425"},{"taxonomy":"product_cat","embeddable":true,"href":"https:\/\/mama-niemowlaka.pl\/sklep\/wp-json\/wp\/v2\/product_cat?post=9425"},{"taxonomy":"product_tag","embeddable":true,"href":"https:\/\/mama-niemowlaka.pl\/sklep\/wp-json\/wp\/v2\/product_tag?post=9425"}],"curies":[{"name":"wp","href":"https:\/\/api.w.org\/{rel}","templated":true}]}}