{"id":9474,"date":"2023-12-29T22:18:24","date_gmt":"2023-12-29T21:18:24","guid":{"rendered":"https:\/\/mama-niemowlaka.pl\/sklep\/?post_type=product&#038;p=9474"},"modified":"2026-05-10T13:30:12","modified_gmt":"2026-05-10T11:30:12","slug":"ubranka-50-dla-dziewczynki-rozowe","status":"publish","type":"product","link":"https:\/\/mama-niemowlaka.pl\/sklep\/produkt\/ubranka-niemowlece\/ubranka-dla-wczesniakow\/ubranka-50-dla-dziewczynki-rozowe\/","title":{"rendered":"Komplet ubranek dla wcze\u015bniaka &#8211; r\u00f3\u017cowy"},"content":{"rendered":"<h2 data-pm-slice=\"1 1 []\"><strong>Ubranka dla wcze\u015bniak\u00f3w rozmiar 50 &#8211; ubranka dla noworodka dziewczynki<\/strong><\/h2>\n<p data-pm-slice=\"1 1 []\">Wcze\u015bniaki to najm\u0142odsze dzieci, kt\u00f3re urodzi\u0142y si\u0119 o wiele za wcze\u015bnie przed spodziewanym terminem porodu, czyli przed 37 tygodniem ci\u0105\u017cy. Wi\u0105\u017c\u0105 si\u0119 z tym r\u00f3\u017cne konsekwencje, g\u0142\u00f3wnie zdrowotne, ale nie tylko. Taki dzieci wymagaj\u0105 szczeg\u00f3lnej opieki i delikatno\u015bci. Wyb\u00f3r ubranek dla noworodk\u00f3w urodzonych przedwcze\u015bnie w sklepie <a href=\"https:\/\/mama-niemowlaka.pl\"><strong>mama-niemowlaka.pl<\/strong><\/a> to \u015bwietny wyb\u00f3r.<\/p>\n<p data-pm-slice=\"1 1 []\">W sk\u0142ad ubranek 50 dla dziewczynki wchodz\u0105: kaftanik z d\u0142ugim r\u0119kawem, p\u00f3\u0142\u015bpiochy i czapeczka. ubranka niemowl\u0119ce rozmiar 50 zosta\u0142y uszyte z mi\u0119kkiej bawe\u0142ny pr\u0105\u017ckowanej, kt\u00f3ra jest odpowiednia dla delikatnej sk\u00f3ry wcze\u015bniaka.<\/p>\n<p data-pm-slice=\"1 1 []\">R\u00f3\u017cowy komplet ubranek dla dziewczynki w rozmiarze 50 to r\u00f3wnie\u017c ubranko idealne na prezent.<\/p>\n<h2 data-pm-slice=\"1 1 []\"><strong>Komplety dla wcze\u015bniak\u00f3w w sklepie <a href=\"https:\/\/mama-niemowlaka.pl\">mama-niemowlaka.pl<\/a><\/strong><\/h2>\n<p data-pm-slice=\"1 1 []\">Odwied\u017a nasz sklep internetowy <a href=\"https:\/\/mama-niemowlaka.pl\"><strong>mama-niemowlaka.pl<\/strong><\/a>, gdzie znajdziesz szeroki wyb\u00f3r najwy\u017cszej jako\u015bci ubranek niemowl\u0119cych. Gwarantujemy wysy\u0142k\u0119 zam\u00f3wienia w ci\u0105gu 48 godzin oraz darmow\u0105 wymian\u0119 towaru lub mo\u017cliwo\u015b\u0107 zwrotu w ci\u0105gu 14 dni. Co wi\u0119cej, je\u015bli zam\u00f3wisz za minimum 249 PLN, dostawa b\u0119dzie ca\u0142kowicie darmowa.<\/p>\n<p data-pm-slice=\"1 1 []\">Pozosta\u0142e ubranka 50 dla dziewczynki znajdziesz w kategorii <a href=\"https:\/\/mama-niemowlaka.pl\/sklep\/c\/ubranka-niemowlece\/ubranka-dla-wczesniakow\/\" target=\"_blank\" rel=\"noopener\"><strong>ubranka dla wcze\u015bniak\u00f3w<\/strong><\/a>. Natomiast ubranka noworodkowe tj. ubranka dla noworodk\u00f3w w rozmiarze 56 znajdziesz w kategorii <a href=\"https:\/\/mama-niemowlaka.pl\/sklep\/t\/ubranka-dla-noworodkow\/\" target=\"_blank\" rel=\"noopener\"><strong>noworodek<\/strong><\/a>. W naszym sklepie znajdziesz zar\u00f3wno ubranka dla dziewczynki jak i ch\u0142opca.<\/p>\n<p data-pm-slice=\"1 1 []\">Dbamy o wygod\u0119 i bezpiecze\u0144stwo Twojego dziecka, dlatego nasze produkty s\u0105 starannie wyselekcjonowane. Nie tra\u0107 wi\u0119cej czasu na przeszukiwanie innych sklep\u00f3w \u2013 <a href=\"https:\/\/mama-niemowlaka.pl\"><strong>mama-niemowlaka.pl<\/strong><\/a> ma wszystko, czego potrzebujesz!<\/p>\n<p data-pm-slice=\"1 1 []\">Skorzystaj teraz z naszych us\u0142ug i sprawd\u017a nasz\u0105 ofert\u0119 ju\u017c dzi\u015b! Kup ju\u017c dzi\u015b nasze praktyczne ubranka dla niemowl\u0105t. Wybierz ubranka 50 dla dziewczynki i zapewnij delikatne ubranka niemowl\u0119ce dla swojego dziecka.<\/p>\n","protected":false},"excerpt":{"rendered":"<p data-pm-slice=\"1 1 []\">3-cz\u0119\u015bciowy komplet ubranek 50 dla dziewczynki w z bawe\u0142ny pr\u0105\u017ckowanej w kolorze r\u00f3\u017cowym. W sk\u0142ad kompletu wchodz\u0105 p\u00f3\u0142\u015bpiochy niemowl\u0119ce rozmiar 50, kaftanik niemowl\u0119cy rozmiar 50 oraz czapeczka niemowl\u0119ca.<\/p>\n<p>Komplet ubranek dla dziewczynki w kolorze r\u00f3\u017cowym wyst\u0119puje w rozmiarze 50.<\/p>\n<p>Sk\u0142ad: 100% bawe\u0142na<\/p>\n","protected":false},"featured_media":9472,"template":"","meta":[],"product_brand":[],"product_cat":[225,57],"product_tag":[118,164,153,220,165,226],"class_list":{"0":"post-9474","1":"product","2":"type-product","3":"status-publish","4":"has-post-thumbnail","6":"product_cat-ubranka-dla-wczesniakow","7":"product_cat-ubranka-niemowlece","8":"product_tag-bawelna","9":"product_tag-kaftaniki-niemowlece","10":"product_tag-komplet","11":"product_tag-ubranka-dla-noworodkow","12":"product_tag-polspiochy","13":"product_tag-wczesniak","14":"product_shipping_class-lekka","16":"first","17":"outofstock","18":"taxable","19":"shipping-taxable","20":"purchasable","21":"product-type-simple"},"_links":{"self":[{"href":"https:\/\/mama-niemowlaka.pl\/sklep\/wp-json\/wp\/v2\/product\/9474","targetHints":{"allow":["GET"]}}],"collection":[{"href":"https:\/\/mama-niemowlaka.pl\/sklep\/wp-json\/wp\/v2\/product"}],"about":[{"href":"https:\/\/mama-niemowlaka.pl\/sklep\/wp-json\/wp\/v2\/types\/product"}],"wp:featuredmedia":[{"embeddable":true,"href":"https:\/\/mama-niemowlaka.pl\/sklep\/wp-json\/wp\/v2\/media\/9472"}],"wp:attachment":[{"href":"https:\/\/mama-niemowlaka.pl\/sklep\/wp-json\/wp\/v2\/media?parent=9474"}],"wp:term":[{"taxonomy":"product_brand","embeddable":true,"href":"https:\/\/mama-niemowlaka.pl\/sklep\/wp-json\/wp\/v2\/product_brand?post=9474"},{"taxonomy":"product_cat","embeddable":true,"href":"https:\/\/mama-niemowlaka.pl\/sklep\/wp-json\/wp\/v2\/product_cat?post=9474"},{"taxonomy":"product_tag","embeddable":true,"href":"https:\/\/mama-niemowlaka.pl\/sklep\/wp-json\/wp\/v2\/product_tag?post=9474"}],"curies":[{"name":"wp","href":"https:\/\/api.w.org\/{rel}","templated":true}]}}