{"id":9675,"date":"2023-12-29T19:39:10","date_gmt":"2023-12-29T18:39:10","guid":{"rendered":"https:\/\/mama-niemowlaka.pl\/sklep\/?post_type=product&#038;p=9675"},"modified":"2025-03-04T19:43:32","modified_gmt":"2025-03-04T18:43:32","slug":"skarpety-antyposlizgowe-dla-niemowlaka","status":"publish","type":"product","link":"https:\/\/mama-niemowlaka.pl\/sklep\/produkt\/ubranka-niemowlece\/bielizna-dla-niemowlaka\/skarpety-antyposlizgowe-dla-niemowlaka\/","title":{"rendered":"Skarpetki antypo\u015blizgowe dla niemowl\u0105t ch\u0142opc\u00f3w 2 pary."},"content":{"rendered":"<h2 data-pm-slice=\"1 1 []\"><strong>Skarpetki niemowl\u0119ce antypo\u015blizgowe dla ch\u0142opca<\/strong><\/h2>\n<p data-pm-slice=\"1 1 []\">Skarpetki dla niemowlaka powinny jednocze\u015bnie w\u0142a\u015bciwie utrzymywa\u0107 si\u0119 na miejscu i nie pozostawia\u0107 na sk\u00f3rze dziecka widocznych odcisk\u00f3w. Wybieraj\u0105c skarpetki dla niemowlaka wybierz mi\u0119kkie skarpetki dla niemowl\u0105t.<\/p>\n<p data-pm-slice=\"1 1 []\">Nasze skarpety antypo\u015blizgowe dla niemowlaka posiadaj\u0105 bezuciskowy \u015bci\u0105gacz, kt\u00f3ry stabilnie trzyma si\u0119 na stopie dziecka, zapewniaj\u0105c mu pe\u0142n\u0105 swobod\u0119 ruch\u00f3w. Skarpety antypo\u015blizgowe dla niemowlaka nie zsuwaj\u0105 si\u0119 z n\u00f3g. Te skarpetki antypo\u015blizgowe dla niemowl\u0105t wykonano z wysokiej jako\u015bci materia\u0142\u00f3w i zaprojektowano w trosce o bezpiecze\u0144stwo Twojego malucha. Nasze skarpetki bezuciskowe dla niemowl\u0105t zosta\u0142y uszyte z bawe\u0142ny z domieszk\u0105 elastycznych materia\u0142\u00f3w.<\/p>\n<p data-pm-slice=\"1 1 []\">Rozmiar skarpetek niemowlaka idealnie pasuje dla niemowl\u0105t w wieku 9-12 miesi\u0119cy. Skarpetki dla dzieci to niezb\u0119dny element ka\u017cdego malucha. Kup ju\u017c dzi\u015b skarpety antypo\u015blizgowe dla niemowlaka dla swojego malucha.<\/p>\n<h2 data-pm-slice=\"1 1 []\"><strong>Bielizna dla niemowl\u0105t w sklepie <a href=\"https:\/\/mama-niemowlaka.pl\">mama-niemowlaka.pl<\/a>. Wyb\u00f3r skarpetek niemowl\u0119cych i nie tylko<\/strong><\/h2>\n<p data-pm-slice=\"1 1 []\">W sklepie <a href=\"https:\/\/mama-niemowlaka.pl\"><strong>mama-niemowlaka.pl<\/strong><\/a> znajdziesz komfortowe skarpetki antypo\u015blizgowe niemowl\u0119ce ale tak\u017ce pozosta\u0142e elementy bielizny dla niemowlaka. Sprawd\u017a nasze pozosta\u0142e produkty m.in. skarpetki dzieci\u0119ce, bloomersy niemowl\u0119ce w kategorii <a href=\"https:\/\/mama-niemowlaka.pl\/sklep\/c\/ubranka-niemowlece\/bielizna-dla-niemowlaka\/\" target=\"_blank\" rel=\"noopener\"><strong>Bielizna dla niemowlaka<\/strong><\/a>.<\/p>\n<p data-pm-slice=\"1 1 []\">Odwied\u017a nasz sklep internetowy <a href=\"http:\/\/www.mama-niemowlaka.pl\"><strong>mama-niemowlaka.pl<\/strong><\/a>, gdzie znajdziesz szeroki wyb\u00f3r najwy\u017cszej jako\u015bci ubranek niemowl\u0119cych. Gwarantujemy wysy\u0142k\u0119 zam\u00f3wienia w ci\u0105gu 48 godzin oraz darmow\u0105 wymian\u0119 towaru lub mo\u017cliwo\u015b\u0107 zwrotu w ci\u0105gu 14 dni. Co wi\u0119cej, je\u015bli zam\u00f3wisz za minimum 249 PLN, dostawa b\u0119dzie ca\u0142kowicie darmowa.<\/p>\n<p data-pm-slice=\"1 1 []\">Skorzystaj teraz z naszych us\u0142ug i sprawd\u017a nasz\u0105 ofert\u0119 ubranek dla niemowlaka ju\u017c dzi\u015b! Wybierz wygodne dzieci\u0119ce ubrania.<\/p>\n","protected":false},"excerpt":{"rendered":"<p data-pm-slice=\"1 1 []\">Komplet skarpetek antypo\u015blizgowych niemowl\u0119cych w 3 wariantach kolorystycznych oferowany po 2 pary.<\/p>\n<p>Skarpetki antypo\u015blizgowe dla niemowl\u0105t s\u0105 odpowiednie dla dzieci w wieku ok 1 roku.<\/p>\n<p>Wariant <strong>A<\/strong>: be\u017cowo-szaro-\u017c\u00f3\u0142te + granatowe z pieskiem<br \/>\nWariant <strong>B<\/strong>: szaro-niebieskie + szare w paski granatowe<br \/>\nWariant <strong>C<\/strong>: szaro-\u017c\u00f3\u0142te + be\u017cowo-niebieskie z pieskiem<\/p>\n<p>Rozmiar: <strong>17\/19<\/strong><br \/>\nD\u0142ugo\u015b\u0107 stopy : 10,5-11,7cm<\/p>\n<p>Sk\u0142ad: 80% bawe\u0142na, 15% poliamid, 5% elastan.<\/p>\n<p>Produkt Polski<\/p>\n","protected":false},"featured_media":16203,"template":"","meta":[],"product_brand":[],"product_cat":[190,57],"product_tag":[362,145,220,341,361],"class_list":{"0":"post-9675","1":"product","2":"type-product","3":"status-publish","4":"has-post-thumbnail","6":"product_cat-bielizna-dla-niemowlaka","7":"product_cat-ubranka-niemowlece","8":"product_tag-abs","9":"product_tag-ubranka-dla-niemowlat-chlopca","10":"product_tag-ubranka-dla-noworodkow","11":"product_tag-skarpetki-niemowlece","12":"product_tag-stopki","14":"first","15":"instock","16":"taxable","17":"shipping-taxable","18":"purchasable","19":"product-type-variable","20":"has-default-attributes","21":"wvs-archive-product-wrapper"},"_links":{"self":[{"href":"https:\/\/mama-niemowlaka.pl\/sklep\/wp-json\/wp\/v2\/product\/9675","targetHints":{"allow":["GET"]}}],"collection":[{"href":"https:\/\/mama-niemowlaka.pl\/sklep\/wp-json\/wp\/v2\/product"}],"about":[{"href":"https:\/\/mama-niemowlaka.pl\/sklep\/wp-json\/wp\/v2\/types\/product"}],"wp:featuredmedia":[{"embeddable":true,"href":"https:\/\/mama-niemowlaka.pl\/sklep\/wp-json\/wp\/v2\/media\/16203"}],"wp:attachment":[{"href":"https:\/\/mama-niemowlaka.pl\/sklep\/wp-json\/wp\/v2\/media?parent=9675"}],"wp:term":[{"taxonomy":"product_brand","embeddable":true,"href":"https:\/\/mama-niemowlaka.pl\/sklep\/wp-json\/wp\/v2\/product_brand?post=9675"},{"taxonomy":"product_cat","embeddable":true,"href":"https:\/\/mama-niemowlaka.pl\/sklep\/wp-json\/wp\/v2\/product_cat?post=9675"},{"taxonomy":"product_tag","embeddable":true,"href":"https:\/\/mama-niemowlaka.pl\/sklep\/wp-json\/wp\/v2\/product_tag?post=9675"}],"curies":[{"name":"wp","href":"https:\/\/api.w.org\/{rel}","templated":true}]}}